265
CDUS43 KGRR 280522
CLIGRR


CLIMATE REPORT
NATIONAL WEATHER SERVICE GRAND RAPIDS, MI
1222 AM EST MON NOV 28 2016


...................................

...THE GRAND RAPIDS MI CLIMATE SUMMARY FOR NOVEMBER 27 2016...

CLIMATE NORMAL PERIOD 1981 TO 2010
CLIMATE RECORD PERIOD 1892 TO 2016


WEATHER ITEM   OBSERVED TIME   RECORD YEAR NORMAL DEPARTURE LAST
                VALUE   (LST)  VALUE       VALUE  FROM      YEAR
                                                  NORMAL
..................................................................
TEMPERATURE (F)
 YESTERDAY
  MAXIMUM         41    446 PM  65    1990  42     -1       60
                                      1909
  MINIMUM         34   1138 PM   5    1977  29      5       34
  AVERAGE         38                        36      2       47

PRECIPITATION (IN)
  YESTERDAY        0.00          2.94 1990   0.11  -0.11     0.60
  MONTH TO DATE    2.64                      3.19  -0.55     2.61
  SINCE SEP 1     11.19                     10.73   0.46     8.14
  SINCE JAN 1     42.73                     35.45   7.28    29.78

SNOWFALL (IN)
  YESTERDAY        0.0           3.8  1952   0.4   -0.4       T
  MONTH TO DATE    0.8                       5.6   -4.8      3.5
  SINCE SEP 1      0.8                       6.1   -5.3      3.5
  SINCE JUL 1      0.8                       6.1   -5.3      3.5
  SNOW DEPTH       0

DEGREE DAYS
 HEATING
  YESTERDAY       27                        29     -2       18
  MONTH TO DATE  525                       654   -129      478
  SINCE SEP 1    893                      1226   -333      930
  SINCE JUL 1    893                      1246   -353      959

 COOLING
  YESTERDAY        0                         0      0        0
  MONTH TO DATE    0                         0      0        0
  SINCE SEP 1    105                        74     31      135
  SINCE JAN 1    936                       699    237      642
..................................................................


WIND (MPH)
  RESULTANT WIND SPEED   8   RESULTANT WIND DIRECTION   S (170)
  HIGHEST WIND SPEED    14   HIGHEST WIND DIRECTION     S (160)
  HIGHEST GUST SPEED    18   HIGHEST GUST DIRECTION     S (160)
  AVERAGE WIND SPEED     9.0


SKY COVER
  POSSIBLE SUNSHINE   0 PERCENT
  AVERAGE SKY COVER 0.9


WEATHER CONDITIONS
 THE FOLLOWING WEATHER WAS RECORDED YESTERDAY.
  FOG
  HAZE


RELATIVE HUMIDITY (PERCENT)
 HIGHEST    92           600 AM
 LOWEST     79          1200 PM
 AVERAGE    86

..........................................................


THE GRAND RAPIDS MI CLIMATE NORMALS FOR TODAY
                         NORMAL    RECORD    YEAR
 MAXIMUM TEMPERATURE (F)   41        67      1905
 MINIMUM TEMPERATURE (F)   29         5      1969


SUNRISE AND SUNSET
NOVEMBER 28 2016......SUNRISE   750 AM EST   SUNSET   510 PM EST
NOVEMBER 29 2016......SUNRISE   752 AM EST   SUNSET   509 PM EST


-  INDICATES NEGATIVE NUMBERS.
R  INDICATES RECORD WAS SET OR TIED.
MM INDICATES DATA IS MISSING.
T  INDICATES TRACE AMOUNT.




$$
