000
CDUS43 KGRR 122126
CLIGRR


CLIMATE REPORT
NATIONAL WEATHER SERVICE GRAND RAPIDS, MI
526 PM EDT TUE AUG 12 2014


...................................

...THE GRAND RAPIDS MI CLIMATE SUMMARY FOR AUGUST 12 2014...
VALID TODAY AS OF 0500 PM LOCAL TIME.

CLIMATE NORMAL PERIOD 1981 TO 2010
CLIMATE RECORD PERIOD 1892 TO 2014


WEATHER ITEM   OBSERVED TIME   RECORD YEAR NORMAL DEPARTURE LAST
                VALUE   (LST)  VALUE       VALUE  FROM      YEAR
                                                  NORMAL
..................................................................
TEMPERATURE (F)
 TODAY
  MAXIMUM         68   1005 AM  95    1988  81    -13       75
  MINIMUM         62    346 PM  45    1954  62      0       64
  AVERAGE         65                        72     -7

PRECIPITATION (IN)
  TODAY            0.87          1.27 1963   0.12   0.75     0.69
  MONTH TO DATE    0.88                      1.39  -0.51     0.90
  SINCE JUN 1     10.45                      8.94   1.51     8.63
  SINCE JAN 1     23.72                     22.52   1.20    31.32

SNOWFALL (IN)
  TODAY            0.0           0.0    MM   0.0    0.0
  MONTH TO DATE    0.0                       0.0    0.0
  SINCE JUN 1      0.0                       0.0    0.0
  SINCE JUL 1      0.0                       0.0    0.0
  SNOW DEPTH       0

DEGREE DAYS
 HEATING
  TODAY            0                         0      0        0
  MONTH TO DATE    0                         0      0        4
  SINCE JUN 1     22                        51    -29       55
  SINCE JUL 1      9                         6      3       15

 COOLING
  TODAY            0                         7     -7        5
  MONTH TO DATE   84                        84      0       49
  SINCE JUN 1    387                       468    -81      456
  SINCE JAN 1    440                       515    -75      538
..................................................................


WIND (MPH)
  RESULTANT WIND SPEED   7   RESULTANT WIND DIRECTION   W (280)
  HIGHEST WIND SPEED    18   HIGHEST WIND DIRECTION    NW (320)
  HIGHEST GUST SPEED    25   HIGHEST GUST DIRECTION    NW (320)
  AVERAGE WIND SPEED     8.2


SKY COVER
  AVERAGE SKY COVER 0.9


WEATHER CONDITIONS
 THE FOLLOWING WEATHER WAS RECORDED TODAY.
  HEAVY RAIN
  RAIN
  LIGHT RAIN
  FOG
  HAZE


RELATIVE HUMIDITY (PERCENT)
 HIGHEST   100           200 PM
 LOWEST     87           700 AM
 AVERAGE    94

..........................................................


THE GRAND RAPIDS MI CLIMATE NORMALS FOR TOMORROW
                         NORMAL    RECORD    YEAR
 MAXIMUM TEMPERATURE (F)   81        97      1918
 MINIMUM TEMPERATURE (F)   62        44      1941


SUNRISE AND SUNSET
AUGUST 12 2014........SUNRISE   645 AM EDT   SUNSET   848 PM EDT
AUGUST 13 2014........SUNRISE   646 AM EDT   SUNSET   847 PM EDT


-  INDICATES NEGATIVE NUMBERS.
R  INDICATES RECORD WAS SET OR TIED.
MM INDICATES DATA IS MISSING.
T  INDICATES TRACE AMOUNT.




$$
