000
CDUS43 KGRR 210530
CLIGRR


CLIMATE REPORT
NATIONAL WEATHER SERVICE GRAND RAPIDS, MI
127 AM EDT THU APR 21 2016


...................................

...THE GRAND RAPIDS MI CLIMATE SUMMARY FOR APRIL 20 2016...

CLIMATE NORMAL PERIOD 1981 TO 2010
CLIMATE RECORD PERIOD 1892 TO 2016


WEATHER ITEM   OBSERVED TIME   RECORD YEAR NORMAL DEPARTURE LAST
                VALUE   (LST)  VALUE       VALUE  FROM      YEAR
                                                  NORMAL
..................................................................
TEMPERATURE (F)
 YESTERDAY
  MAXIMUM         69    410 PM  83    1987  60      9       56
  MINIMUM         48    634 AM  13    1897  39      9       41
  AVERAGE         59                        50      9       49

PRECIPITATION (IN)
  YESTERDAY        T             2.45 2000   0.11  -0.11     0.35
  MONTH TO DATE    2.26                      2.23   0.03     4.05
  SINCE MAR 1      7.20                      4.60   2.60     5.10
  SINCE JAN 1     12.13                      8.48   3.65     8.14

SNOWFALL (IN)
  YESTERDAY        0.0           0.4  1943   0.1   -0.1      0.0
  MONTH TO DATE    9.4                       1.7    7.7       T
  SINCE MAR 1     19.5                      10.0    9.5      3.2
  SINCE JUL 1     61.1                      74.8  -13.7     78.0
  SNOW DEPTH       0

DEGREE DAYS
 HEATING
  YESTERDAY        6                        16    -10       16
  MONTH TO DATE  426                       383     43      321
  SINCE MAR 1   1175                      1293   -118     1325
  SINCE JUL 1   5252                      6070   -818     6627

 COOLING
  YESTERDAY        0                         0      0        0
  MONTH TO DATE    0                         0      0        0
  SINCE MAR 1      0                         1     -1        0
  SINCE JAN 1      0                         1     -1        0
..................................................................


WIND (MPH)
  RESULTANT WIND SPEED  12   RESULTANT WIND DIRECTION   E (110)
  HIGHEST WIND SPEED    23   HIGHEST WIND DIRECTION    SE (130)
  HIGHEST GUST SPEED    28   HIGHEST GUST DIRECTION    SE (130)
  AVERAGE WIND SPEED    12.3


SKY COVER
  POSSIBLE SUNSHINE  62 PERCENT
  AVERAGE SKY COVER 1.0


WEATHER CONDITIONS
 THE FOLLOWING WEATHER WAS RECORDED YESTERDAY.
  LIGHT RAIN


RELATIVE HUMIDITY (PERCENT)
 HIGHEST    56           600 AM
 LOWEST     24           600 PM
 AVERAGE    40

..........................................................


THE GRAND RAPIDS MI CLIMATE NORMALS FOR TODAY
                         NORMAL    RECORD    YEAR
 MAXIMUM TEMPERATURE (F)   61        84      1985
 MINIMUM TEMPERATURE (F)   40        22      1953


SUNRISE AND SUNSET
APRIL 21 2016.........SUNRISE   650 AM EDT   SUNSET   832 PM EDT
APRIL 22 2016.........SUNRISE   649 AM EDT   SUNSET   833 PM EDT


-  INDICATES NEGATIVE NUMBERS.
R  INDICATES RECORD WAS SET OR TIED.
MM INDICATES DATA IS MISSING.
T  INDICATES TRACE AMOUNT.




$$
