000
CDUS43 KGRR 260607
CLIGRR


CLIMATE REPORT
NATIONAL WEATHER SERVICE GRAND RAPIDS, MI
107 AM EST SUN NOV 26 2017


...................................

...THE GRAND RAPIDS MI CLIMATE SUMMARY FOR NOVEMBER 25 2017...

CLIMATE NORMAL PERIOD 1981 TO 2010
CLIMATE RECORD PERIOD 1892 TO 2017


WEATHER ITEM   OBSERVED TIME   RECORD YEAR NORMAL DEPARTURE LAST
                VALUE   (LST)  VALUE       VALUE  FROM      YEAR
                                                  NORMAL
..................................................................
TEMPERATURE (F)
 YESTERDAY
  MAXIMUM         53   1248 AM  65    1908  43     10       40
  MINIMUM         31   1159 PM -10    1950  30      1       37
  AVERAGE         42                        36      6       39

PRECIPITATION (IN)
  YESTERDAY        0.01          1.39 1979   0.11  -0.10     0.15
  MONTH TO DATE    2.76                      2.98  -0.22     2.64
  SINCE SEP 1     13.11                     10.52   2.59    11.19
  SINCE JAN 1     37.43                     35.24   2.19    42.73

SNOWFALL (IN)
  YESTERDAY        0.0           3.5  2005   0.4   -0.4      0.0
  MONTH TO DATE    0.2                       4.9   -4.7      0.8
  SINCE SEP 1      0.6                       5.4   -4.8      0.8
  SINCE JUL 1      0.6                       5.4   -4.8      0.8
  SNOW DEPTH       0

DEGREE DAYS
 HEATING
  YESTERDAY       23                        29     -6       26
  MONTH TO DATE  663                       596     67      473
  SINCE SEP 1   1054                      1168   -114      841
  SINCE JUL 1   1070                      1188   -118      841

 COOLING
  YESTERDAY        0                         0      0        0
  MONTH TO DATE    0                         0      0        0
  SINCE SEP 1    147                        74     73      105
  SINCE JAN 1    719                       699     20      936
..................................................................


WIND (MPH)
  RESULTANT WIND SPEED  13   RESULTANT WIND DIRECTION   W (290)
  HIGHEST WIND SPEED    23   HIGHEST WIND DIRECTION     W (290)
  HIGHEST GUST SPEED    29   HIGHEST GUST DIRECTION    NW (310)
  AVERAGE WIND SPEED    13.6


SKY COVER
  POSSIBLE SUNSHINE   8 PERCENT
  AVERAGE SKY COVER 0.8


WEATHER CONDITIONS
 THE FOLLOWING WEATHER WAS RECORDED YESTERDAY.
  LIGHT RAIN


RELATIVE HUMIDITY (PERCENT)
 HIGHEST    93           300 AM
 LOWEST     54          1200 AM
 AVERAGE    74

..........................................................


THE GRAND RAPIDS MI CLIMATE NORMALS FOR TODAY
                         NORMAL    RECORD    YEAR
 MAXIMUM TEMPERATURE (F)   42        65      1896
 MINIMUM TEMPERATURE (F)   30         3      1949


SUNRISE AND SUNSET
NOVEMBER 26 2017......SUNRISE   748 AM EST   SUNSET   511 PM EST
NOVEMBER 27 2017......SUNRISE   749 AM EST   SUNSET   510 PM EST


-  INDICATES NEGATIVE NUMBERS.
R  INDICATES RECORD WAS SET OR TIED.
MM INDICATES DATA IS MISSING.
T  INDICATES TRACE AMOUNT.




$$
