000
CDUS43 KGRR 212132
CLIGRR


CLIMATE REPORT
NATIONAL WEATHER SERVICE GRAND RAPIDS, MI
530 PM EDT SUN JUN 21 2015


...................................

...THE GRAND RAPIDS MI CLIMATE SUMMARY FOR JUNE 21 2015...
VALID TODAY AS OF 0500 PM LOCAL TIME.

CLIMATE NORMAL PERIOD 1981 TO 2010
CLIMATE RECORD PERIOD 1892 TO 2015


WEATHER ITEM   OBSERVED TIME   RECORD YEAR NORMAL DEPARTURE LAST
                VALUE   (LST)  VALUE       VALUE  FROM      YEAR
                                                  NORMAL
..................................................................
TEMPERATURE (F)
 TODAY
  MAXIMUM         82    345 PM  98    1988  81      1       79
  MINIMUM         67    630 AM  40    1969  60      7       60
  AVERAGE         75                        70      5       70

PRECIPITATION (IN)
  TODAY            0.00          3.36 1914   0.12  -0.12     0.40
  MONTH TO DATE    2.59                      2.67  -0.08     3.86
  SINCE JUN 1      2.59                      2.67  -0.08     3.86
  SINCE JAN 1     14.22                     16.25  -2.03    17.13

SNOWFALL (IN)
  TODAY            0.0           0.0  2007   0.0    0.0      0.0
                                      2006
                                      2005
  MONTH TO DATE    0.0                       0.0    0.0      0.0
  SINCE JUN 1      0.0                       0.0    0.0      0.0
  SINCE JUL 1     78.1                      74.9    3.2    116.0
  SNOW DEPTH       0

DEGREE DAYS
 HEATING
  TODAY            0                         1     -1        0
  MONTH TO DATE   30                        40    -10       13
  SINCE JUN 1     30                        40    -10       13
  SINCE JUL 1   7019                      6480    539     7213

 COOLING
  TODAY           10                         6      4        5
  MONTH TO DATE   63                        87    -24       90
  SINCE JUN 1     63                        87    -24       90
  SINCE JAN 1    115                       134    -19      143
..................................................................


WIND (MPH)
  RESULTANT WIND SPEED   8   RESULTANT WIND DIRECTION   W (270)
  HIGHEST WIND SPEED    17   HIGHEST WIND DIRECTION     W (260)
  HIGHEST GUST SPEED    25   HIGHEST GUST DIRECTION     W (260)
  AVERAGE WIND SPEED     8.1


SKY COVER
  AVERAGE SKY COVER 0.8


WEATHER CONDITIONS
 THE FOLLOWING WEATHER WAS RECORDED TODAY.
  NO SIGNIFICANT WEATHER WAS OBSERVED.


RELATIVE HUMIDITY (PERCENT)
 HIGHEST    87           400 AM
 LOWEST     54           200 PM
 AVERAGE    71

..........................................................


THE GRAND RAPIDS MI CLIMATE NORMALS FOR TOMORROW
                         NORMAL    RECORD    YEAR
 MAXIMUM TEMPERATURE (F)   81        97      1923
                                             1894
 MINIMUM TEMPERATURE (F)   60        39      1992


SUNRISE AND SUNSET
JUNE 21 2015..........SUNRISE   603 AM EDT   SUNSET   924 PM EDT
JUNE 22 2015..........SUNRISE   604 AM EDT   SUNSET   924 PM EDT


-  INDICATES NEGATIVE NUMBERS.
R  INDICATES RECORD WAS SET OR TIED.
MM INDICATES DATA IS MISSING.
T  INDICATES TRACE AMOUNT.




$$

63
