000
CDUS43 KGRR 220515
CLIGRR


CLIMATE REPORT
NATIONAL WEATHER SERVICE GRAND RAPIDS, MI
115 AM EDT SUN MAR 22 2015


...................................

...THE GRAND RAPIDS MI CLIMATE SUMMARY FOR MARCH 21 2015...

CLIMATE NORMAL PERIOD 1981 TO 2010
CLIMATE RECORD PERIOD 1892 TO 2015


WEATHER ITEM   OBSERVED TIME   RECORD YEAR NORMAL DEPARTURE LAST
                VALUE   (LST)  VALUE       VALUE  FROM      YEAR
                                                  NORMAL
..................................................................
TEMPERATURE (F)
 YESTERDAY
  MAXIMUM         49    145 PM  87    2012  47      2       43
  MINIMUM         30   1159 PM   9    1965  28      2       21
  AVERAGE         40                        37      3       32

PRECIPITATION (IN)
  YESTERDAY        T             0.79 2007   0.08  -0.08     0.26
  MONTH TO DATE    0.44                      1.53  -1.09     0.99
  SINCE MAR 1      0.44                      1.53  -1.09     0.99
  SINCE JAN 1      3.48                      5.41  -1.93     6.79

SNOWFALL (IN)
  YESTERDAY        0.0           6.6  2008   0.2   -0.2      0.0
  MONTH TO DATE    3.1                       6.7   -3.6      5.1
  SINCE MAR 1      3.1                       6.7   -3.6      5.1
  SINCE JUL 1     77.9                      71.5    6.4    112.9
  SNOW DEPTH       0

DEGREE DAYS
 HEATING
  YESTERDAY       25                        28     -3       33
  MONTH TO DATE  679                       657     22      845
  SINCE MAR 1    679                       657     22      845
  SINCE JUL 1   5981                      5434    547     6126

 COOLING
  YESTERDAY        0                         0      0        0
  MONTH TO DATE    0                         0      0        0
  SINCE MAR 1      0                         0      0        0
  SINCE JAN 1      0                         0      0        0
..................................................................


WIND (MPH)
  RESULTANT WIND SPEED  10   RESULTANT WIND DIRECTION   W (290)
  HIGHEST WIND SPEED    22   HIGHEST WIND DIRECTION    NW (320)
  HIGHEST GUST SPEED    27   HIGHEST GUST DIRECTION    NW (300)
  AVERAGE WIND SPEED    12.0


SKY COVER
  POSSIBLE SUNSHINE  72 PERCENT
  AVERAGE SKY COVER 0.6


WEATHER CONDITIONS
 THE FOLLOWING WEATHER WAS RECORDED YESTERDAY.
  FOG
  HAZE


RELATIVE HUMIDITY (PERCENT)
 HIGHEST    92           400 AM
 LOWEST     31           300 PM
 AVERAGE    62

..........................................................


THE GRAND RAPIDS MI CLIMATE NORMALS FOR TODAY
                         NORMAL    RECORD    YEAR
 MAXIMUM TEMPERATURE (F)   47        85      2012
 MINIMUM TEMPERATURE (F)   29         6      1906


SUNRISE AND SUNSET
MARCH 22 2015.........SUNRISE   742 AM EDT   SUNSET   756 PM EDT
MARCH 23 2015.........SUNRISE   740 AM EDT   SUNSET   758 PM EDT


-  INDICATES NEGATIVE NUMBERS.
R  INDICATES RECORD WAS SET OR TIED.
MM INDICATES DATA IS MISSING.
T  INDICATES TRACE AMOUNT.




$$
