000
CDUS43 KGRR 190520
CLIGRR


CLIMATE REPORT
NATIONAL WEATHER SERVICE GRAND RAPIDS, MI
119 AM EDT SUN JUL 19 2015


...................................

...THE GRAND RAPIDS MI CLIMATE SUMMARY FOR JULY 18 2015...

CLIMATE NORMAL PERIOD 1981 TO 2010
CLIMATE RECORD PERIOD 1892 TO 2015


WEATHER ITEM   OBSERVED TIME   RECORD YEAR NORMAL DEPARTURE LAST
                VALUE   (LST)  VALUE       VALUE  FROM      YEAR
                                                  NORMAL
..................................................................
TEMPERATURE (F)
 YESTERDAY
  MAXIMUM         86    344 PM 101    1894  83      3       78
  MINIMUM         67    442 AM  47    1924  62      5       52
  AVERAGE         77                        73      4       65

PRECIPITATION (IN)
  YESTERDAY        0.45          2.15 1969   0.13   0.32     0.00
  MONTH TO DATE    2.23                      2.18   0.05     4.32
  SINCE JUN 1      6.26                      5.95   0.31     9.47
  SINCE JAN 1     17.89                     19.53  -1.64    22.74

SNOWFALL (IN)
  YESTERDAY        0.0           0.0  2006   0.0    0.0      0.0
                                      2005
                                      2004
  MONTH TO DATE    0.0                       0.0    0.0      0.0
  SINCE JUN 1      0.0                       0.0    0.0      0.0
  SINCE JUL 1      0.0                       0.0    0.0      0.0
  SNOW DEPTH       0

DEGREE DAYS
 HEATING
  YESTERDAY        0                         0      0        0
  MONTH TO DATE   13                         0     13        7
  SINCE JUN 1     43                        45     -2       20
  SINCE JUL 1     13                         0     13        7

 COOLING
  YESTERDAY       12                         8      4        0
  MONTH TO DATE   78                       141    -63       65
  SINCE JUN 1    167                       286   -119      244
  SINCE JAN 1    219                       333   -114      297
..................................................................


WIND (MPH)
  RESULTANT WIND SPEED   8   RESULTANT WIND DIRECTION   S (180)
  HIGHEST WIND SPEED    28   HIGHEST WIND DIRECTION    NW (330)
  HIGHEST GUST SPEED    39   HIGHEST GUST DIRECTION     W (290)
  AVERAGE WIND SPEED     9.6


SKY COVER
  POSSIBLE SUNSHINE  57 PERCENT
  AVERAGE SKY COVER 0.6


WEATHER CONDITIONS
 THE FOLLOWING WEATHER WAS RECORDED YESTERDAY.
  THUNDERSTORM
  HEAVY RAIN
  RAIN
  LIGHT RAIN
  FOG


RELATIVE HUMIDITY (PERCENT)
 HIGHEST    93           100 AM
 LOWEST     61           300 PM
 AVERAGE    77

..........................................................


THE GRAND RAPIDS MI CLIMATE NORMALS FOR TODAY
                         NORMAL    RECORD    YEAR
 MAXIMUM TEMPERATURE (F)   83        96      2013
                                             1935
 MINIMUM TEMPERATURE (F)   62        47      1979


SUNRISE AND SUNSET
JULY 19 2015..........SUNRISE   620 AM EDT   SUNSET   916 PM EDT
JULY 20 2015..........SUNRISE   621 AM EDT   SUNSET   915 PM EDT


-  INDICATES NEGATIVE NUMBERS.
R  INDICATES RECORD WAS SET OR TIED.
MM INDICATES DATA IS MISSING.
T  INDICATES TRACE AMOUNT.




$$
