000
CDUS43 KGRR 101334
CLIGRR


CLIMATE REPORT
NATIONAL WEATHER SERVICE GRAND RAPIDS, MI
932 AM EDT WED AUG 10 2016


...................................

...THE GRAND RAPIDS MI CLIMATE SUMMARY FOR AUGUST 10 2016...
VALID AS OF 0900 AM LOCAL TIME.

CLIMATE NORMAL PERIOD 1981 TO 2010
CLIMATE RECORD PERIOD 1892 TO 2016


WEATHER ITEM   OBSERVED TIME   RECORD YEAR NORMAL DEPARTURE LAST
                VALUE   (LST)  VALUE       VALUE  FROM      YEAR
                                                  NORMAL
..................................................................
TEMPERATURE (F)
 TODAY
  MAXIMUM         74    759 AM  98    1944  81     -7       80
  MINIMUM         64    611 AM  45    1972  62      2       68
  AVERAGE         69                        72     -3       74

PRECIPITATION (IN)
  TODAY            0.00          1.80 2012   0.12  -0.12     1.22
  MONTH TO DATE    0.00                      1.15  -1.15     2.09
  SINCE JUN 1      6.77                      8.70  -1.93     8.35
  SINCE JAN 1     23.57                     22.28   1.29    19.98

SNOWFALL (IN)
  TODAY            0.0           0.0    MM   0.0    0.0      0.0
  MONTH TO DATE    0.0                       0.0    0.0      0.0
  SINCE JUN 1      0.0                       0.0    0.0      0.0
  SINCE JUL 1      0.0                       0.0    0.0      0.0
  SNOW DEPTH       0

DEGREE DAYS
 HEATING
  TODAY            0                         0      0        0
  MONTH TO DATE    0                         0      0        0
  SINCE JUN 1     21                        51    -30       43
  SINCE JUL 1      0                         6     -6       13

 COOLING
  TODAY            4                         7     -3        9
  MONTH TO DATE   87                        70     17       61
  SINCE JUN 1    573                       454    119      348
  SINCE JAN 1    644                       501    143      400
..................................................................


WIND (MPH)
  RESULTANT WIND SPEED   3   RESULTANT WIND DIRECTION   S (160)
  HIGHEST WIND SPEED     6   HIGHEST WIND DIRECTION     S (160)
  HIGHEST GUST SPEED     7   HIGHEST GUST DIRECTION    SE (120)
  AVERAGE WIND SPEED     2.7


SKY COVER
  AVERAGE SKY COVER 0.1


WEATHER CONDITIONS
 THE FOLLOWING WEATHER WAS RECORDED TODAY.
  NO SIGNIFICANT WEATHER WAS OBSERVED.


RELATIVE HUMIDITY (PERCENT)
 HIGHEST    87           300 AM
 LOWEST     73           800 AM
 AVERAGE    80

..........................................................


THE GRAND RAPIDS MI CLIMATE NORMALS FOR TOMORROW
                         NORMAL    RECORD    YEAR
 MAXIMUM TEMPERATURE (F)   81        96      1947
 MINIMUM TEMPERATURE (F)   62        43      1967


SUNRISE AND SUNSET
AUGUST 10 2016........SUNRISE   643 AM EDT   SUNSET   851 PM EDT
AUGUST 11 2016........SUNRISE   644 AM EDT   SUNSET   849 PM EDT


-  INDICATES NEGATIVE NUMBERS.
R  INDICATES RECORD WAS SET OR TIED.
MM INDICATES DATA IS MISSING.
T  INDICATES TRACE AMOUNT.




$$
