000
CDUS43 KGRR 132150
CLIGRR


CLIMATE REPORT
NATIONAL WEATHER SERVICE GRAND RAPIDS, MI
548 PM EDT WED APR 13 2016


...................................

...THE GRAND RAPIDS MI CLIMATE SUMMARY FOR APRIL 13 2016...
VALID TODAY AS OF 0500 PM LOCAL TIME.

CLIMATE NORMAL PERIOD 1981 TO 2010
CLIMATE RECORD PERIOD 1892 TO 2016


WEATHER ITEM   OBSERVED TIME   RECORD YEAR NORMAL DEPARTURE LAST
                VALUE   (LST)  VALUE       VALUE  FROM      YEAR
                                                  NORMAL
..................................................................
TEMPERATURE (F)
 TODAY
  MAXIMUM         53    328 PM  80    1941  57     -4       62
  MINIMUM         32    238 AM  16    1957  37     -5       40
  AVERAGE         43                        47     -4       51

PRECIPITATION (IN)
  TODAY            0.00          1.09 1983   0.12  -0.12     0.17
  MONTH TO DATE    2.26                      1.42   0.84     3.18
  SINCE MAR 1      7.20                      3.79   3.41     4.23
  SINCE JAN 1     12.13                      7.67   4.46     7.27

SNOWFALL (IN)
  TODAY            0.0           2.8  1962   0.1   -0.1      0.0
  MONTH TO DATE    9.4                       1.3    8.1       T
  SINCE MAR 1     19.5                       9.6    9.9      3.2
  SINCE JUL 1     61.1                      74.4  -13.3     78.0
  SNOW DEPTH       0

DEGREE DAYS
 HEATING
  TODAY           22                        18      4       14
  MONTH TO DATE  374                       266    108      244
  SINCE MAR 1   1123                      1176    -53     1248
  SINCE JUL 1   5200                      5953   -753     6550

 COOLING
  TODAY            0                         0      0        0
  MONTH TO DATE    0                         0      0        0
  SINCE MAR 1      0                         1     -1        0
  SINCE JAN 1      0                         1     -1        0
..................................................................


WIND (MPH)
  RESULTANT WIND SPEED   2   RESULTANT WIND DIRECTION   S (180)
  HIGHEST WIND SPEED    10   HIGHEST WIND DIRECTION     S (200)
  HIGHEST GUST SPEED    13   HIGHEST GUST DIRECTION     S (200)
  AVERAGE WIND SPEED     3.3


SKY COVER
  AVERAGE SKY COVER 0.8


WEATHER CONDITIONS
 THE FOLLOWING WEATHER WAS RECORDED TODAY.
  NO SIGNIFICANT WEATHER WAS OBSERVED.


RELATIVE HUMIDITY (PERCENT)
 HIGHEST    82           500 AM
 LOWEST     38           200 PM
 AVERAGE    60

..........................................................


THE GRAND RAPIDS MI CLIMATE NORMALS FOR TOMORROW
                         NORMAL    RECORD    YEAR
 MAXIMUM TEMPERATURE (F)   58        80      2006
                                             1941
 MINIMUM TEMPERATURE (F)   37        21      1953
                                             1943


SUNRISE AND SUNSET
APRIL 13 2016.........SUNRISE   703 AM EDT   SUNSET   823 PM EDT
APRIL 14 2016.........SUNRISE   701 AM EDT   SUNSET   824 PM EDT


-  INDICATES NEGATIVE NUMBERS.
R  INDICATES RECORD WAS SET OR TIED.
MM INDICATES DATA IS MISSING.
T  INDICATES TRACE AMOUNT.




$$

63
