000
CDUS43 KGRR 120516
CLIGRR


CLIMATE REPORT
NATIONAL WEATHER SERVICE GRAND RAPIDS, MI
116 AM EDT WED APR 12 2017


...................................

...THE GRAND RAPIDS MI CLIMATE SUMMARY FOR APRIL 11 2017...

CLIMATE NORMAL PERIOD 1981 TO 2010
CLIMATE RECORD PERIOD 1892 TO 2017


WEATHER ITEM   OBSERVED TIME   RECORD YEAR NORMAL DEPARTURE LAST
                VALUE   (LST)  VALUE       VALUE  FROM      YEAR
                                                  NORMAL
..................................................................
TEMPERATURE (F)
 YESTERDAY
  MAXIMUM         56   1240 AM  82    1977  56      0       49
  MINIMUM         43   1159 PM  14    1973  36      7       35
  AVERAGE         50                        46      4       42

PRECIPITATION (IN)
  YESTERDAY        T             1.51 2013   0.11  -0.11     0.04
  MONTH TO DATE    3.02                      1.18   1.84     2.26
  SINCE MAR 1      6.29                      3.55   2.74     7.20
  SINCE JAN 1     11.85                      7.43   4.42    12.13

SNOWFALL (IN)
  YESTERDAY        0.0           4.6  2007   0.1   -0.1      0.0
  MONTH TO DATE    0.4                       1.2   -0.8      9.4
  SINCE MAR 1      5.1                       9.5   -4.4     19.5
  SINCE JUL 1     60.1                      74.3  -14.2     61.1
  SNOW DEPTH       0

DEGREE DAYS
 HEATING
  YESTERDAY       15                        19     -4       23
  MONTH TO DATE  191                       230    -39      326
  SINCE MAR 1   1112                      1140    -28     1075
  SINCE JUL 1   5166                      5917   -751     5152

 COOLING
  YESTERDAY        0                         0      0        0
  MONTH TO DATE    0                         0      0        0
  SINCE MAR 1      0                         1     -1        0
  SINCE JAN 1      0                         1     -1        0
..................................................................


WIND (MPH)
  RESULTANT WIND SPEED  11   RESULTANT WIND DIRECTION   W (270)
  HIGHEST WIND SPEED    21   HIGHEST WIND DIRECTION     W (290)
  HIGHEST GUST SPEED    27   HIGHEST GUST DIRECTION     W (270)
  AVERAGE WIND SPEED    11.3


SKY COVER
  POSSIBLE SUNSHINE   0 PERCENT
  AVERAGE SKY COVER 1.0


WEATHER CONDITIONS
 THE FOLLOWING WEATHER WAS RECORDED YESTERDAY.
  LIGHT RAIN
  FOG
  FOG W/VISIBILITY <= 1/4 MILE


RELATIVE HUMIDITY (PERCENT)
 HIGHEST   100          1200 AM
 LOWEST     70           700 PM
 AVERAGE    85

..........................................................


THE GRAND RAPIDS MI CLIMATE NORMALS FOR TODAY
                         NORMAL    RECORD    YEAR
 MAXIMUM TEMPERATURE (F)   57        82      1977
 MINIMUM TEMPERATURE (F)   37        19      1950
                                             1939


SUNRISE AND SUNSET
APRIL 12 2017.........SUNRISE   705 AM EDT   SUNSET   821 PM EDT
APRIL 13 2017.........SUNRISE   703 AM EDT   SUNSET   822 PM EDT


-  INDICATES NEGATIVE NUMBERS.
R  INDICATES RECORD WAS SET OR TIED.
MM INDICATES DATA IS MISSING.
T  INDICATES TRACE AMOUNT.




$$
