562
CDUS43 KGRR 240531 CCA
CLIGRR

CLIMATE REPORT
NATIONAL WEATHER SERVICE GRAND RAPIDS, MI
1216 AM EST SAT FEB 24 2018


...................................

...THE GRAND RAPIDS MI CLIMATE SUMMARY FOR FEBRUARY 23 2018...

CLIMATE NORMAL PERIOD 1981 TO 2010
CLIMATE RECORD PERIOD 1892 TO 2018


WEATHER ITEM   OBSERVED TIME   RECORD YEAR NORMAL DEPARTURE LAST
                VALUE   (LST)  VALUE       VALUE  FROM      YEAR
                                                  NORMAL
..................................................................
TEMPERATURE (F)
 YESTERDAY
  MAXIMUM         44    141 PM  63    2000  36      8       58
                                      1984
  MINIMUM         33    150 AM -10    2015  21     12       40
  AVERAGE         39                        29     10       49

PRECIPITATION (IN)
  YESTERDAY        0.11          1.48 1985   0.08   0.03     0.04
  MONTH TO DATE    4.84                      1.42   3.42     0.78
  SINCE DEC 1      8.92                      6.01   2.91     7.25
  SINCE JAN 1      6.96                      3.51   3.45     4.29

SNOWFALL (IN)
  YESTERDAY        0.0           5.9  1994   0.5   -0.5      0.0
  MONTH TO DATE   20.7                      12.5    8.2      1.9
  SINCE DEC 1     66.2                      55.2   11.0     53.7
  SINCE JUL 1     66.8                      62.5    4.3     54.5
  SNOW DEPTH       0

DEGREE DAYS
 HEATING
  YESTERDAY       26                        36    -10       16
  MONTH TO DATE  871                       890    -19      706
  SINCE DEC 1   3358                      3259     99     2970
  SINCE JUL 1   4549                      4597    -48     3918

 COOLING
  YESTERDAY        0                         0      0        0
  MONTH TO DATE    0                         0      0        0
  SINCE DEC 1      0                         0      0        0
  SINCE JAN 1      0                         0      0        0
..................................................................


WIND (MPH)
  RESULTANT WIND SPEED   3   RESULTANT WIND DIRECTION  SW (210)
  HIGHEST WIND SPEED    23   HIGHEST WIND DIRECTION     W (270)
  HIGHEST GUST SPEED    30   HIGHEST GUST DIRECTION     W (270)
  AVERAGE WIND SPEED    12.1


SKY COVER
  POSSIBLE SUNSHINE   0 PERCENT
  AVERAGE SKY COVER 1.0


WEATHER CONDITIONS
 THE FOLLOWING WEATHER WAS RECORDED YESTERDAY.
  LIGHT RAIN
  FOG
  HAZE


RELATIVE HUMIDITY (PERCENT)
 HIGHEST   100           900 AM
 LOWEST     75          1200 AM
 AVERAGE    88

..........................................................


THE GRAND RAPIDS MI CLIMATE NORMALS FOR TODAY
                         NORMAL    RECORD    YEAR
 MAXIMUM TEMPERATURE (F)   36        57      1976
                                             1930
 MINIMUM TEMPERATURE (F)   22        -9      1989


SUNRISE AND SUNSET
FEBRUARY 24 2018......SUNRISE   726 AM EST   SUNSET   625 PM EST
FEBRUARY 25 2018......SUNRISE   724 AM EST   SUNSET   626 PM EST


-  INDICATES NEGATIVE NUMBERS.
R  INDICATES RECORD WAS SET OR TIED.
MM INDICATES DATA IS MISSING.
T  INDICATES TRACE AMOUNT.




$$
