000
CDUS43 KGRR 212132
CLIGRR


CLIMATE REPORT
NATIONAL WEATHER SERVICE GRAND RAPIDS, MI
530 PM EDT MON APR 21 2014


...................................

...THE GRAND RAPIDS MI CLIMATE SUMMARY FOR APRIL 21 2014...
VALID TODAY AS OF 0500 PM LOCAL TIME.

CLIMATE NORMAL PERIOD 1981 TO 2010
CLIMATE RECORD PERIOD 1892 TO 2014


WEATHER ITEM   OBSERVED TIME   RECORD YEAR NORMAL DEPARTURE LAST
                VALUE   (LST)  VALUE       VALUE  FROM      YEAR
                                                  NORMAL
..................................................................
TEMPERATURE (F)
 TODAY
  MAXIMUM         78    118 PM  84    1985  61     17       52
  MINIMUM         56    428 AM  22    1953  40     16       24
  AVERAGE         67                        50     17

PRECIPITATION (IN)
  TODAY            T             1.71 1967   0.11  -0.11     0.00
  MONTH TO DATE    1.62                      2.34  -0.72     9.84
  SINCE MAR 1      3.16                      4.71  -1.55    10.78
  SINCE JAN 1      8.96                      8.59   0.37    17.84

SNOWFALL (IN)
  TODAY            0.0           2.0  1924   0.0    0.0
  MONTH TO DATE    1.8                       1.7    0.1
  SINCE MAR 1      8.2                      10.0   -1.8
  SINCE JUL 1    116.0                      74.8   41.2
  SNOW DEPTH       0

DEGREE DAYS
 HEATING
  TODAY            0                        15    -15       27
  MONTH TO DATE  386                       398    -12      499
  SINCE MAR 1   1569                      1308    261     1527
  SINCE JUL 1   6850                      6085    765     6012

 COOLING
  TODAY            2                         0      2        0
  MONTH TO DATE    2                         0      2        0
  SINCE MAR 1      2                         1      1        0
  SINCE JAN 1      2                         1      1        0
..................................................................


WIND (MPH)
  RESULTANT WIND SPEED   8   RESULTANT WIND DIRECTION  SW (220)
  HIGHEST WIND SPEED    17   HIGHEST WIND DIRECTION     W (280)
  HIGHEST GUST SPEED    21   HIGHEST GUST DIRECTION     W (270)
  AVERAGE WIND SPEED     9.4


SKY COVER
  AVERAGE SKY COVER 0.7


WEATHER CONDITIONS
 THE FOLLOWING WEATHER WAS RECORDED TODAY.
  LIGHT RAIN


RELATIVE HUMIDITY (PERCENT)
 HIGHEST    43           100 AM
 LOWEST     31          1200 PM
 AVERAGE    37

..........................................................


THE GRAND RAPIDS MI CLIMATE NORMALS FOR TOMORROW
                         NORMAL    RECORD    YEAR
 MAXIMUM TEMPERATURE (F)   61        86      1980
 MINIMUM TEMPERATURE (F)   40        24      1986
                                             1950


SUNRISE AND SUNSET
APRIL 21 2014.........SUNRISE   651 AM EDT   SUNSET   831 PM EDT
APRIL 22 2014.........SUNRISE   649 AM EDT   SUNSET   832 PM EDT


-  INDICATES NEGATIVE NUMBERS.
R  INDICATES RECORD WAS SET OR TIED.
MM INDICATES DATA IS MISSING.
T  INDICATES TRACE AMOUNT.




$$

63
