000
CDUS43 KGRR 020523
CLIGRR


CLIMATE REPORT
NATIONAL WEATHER SERVICE GRAND RAPIDS, MI
123 AM EDT TUE JUN 2 2015


...................................

...THE GRAND RAPIDS MI CLIMATE SUMMARY FOR JUNE 1 2015...

CLIMATE NORMAL PERIOD 1981 TO 2010
CLIMATE RECORD PERIOD 1892 TO 2015


WEATHER ITEM   OBSERVED TIME   RECORD YEAR NORMAL DEPARTURE LAST
                VALUE   (LST)  VALUE       VALUE  FROM      YEAR
                                                  NORMAL
..................................................................
TEMPERATURE (F)
 YESTERDAY
  MAXIMUM         67    408 PM 102    1934  75     -8       88
  MINIMUM         40    343 AM  36    1993  53    -13       57
  AVERAGE         54                        64    -10       73

PRECIPITATION (IN)
  YESTERDAY        0.00          2.65 1970   0.13  -0.13      T
  MONTH TO DATE    0.00                      0.13  -0.13      T
  SINCE JUN 1      0.00                      0.13  -0.13      T
  SINCE JAN 1     11.63                     13.71  -2.08    13.27

SNOWFALL (IN)
  YESTERDAY        0.0           0.0  2007   0.0    0.0      0.0
                                      2006
                                      2005
  MONTH TO DATE    0.0                       0.0    0.0      0.0
  SINCE JUN 1      0.0                       0.0    0.0      0.0
  SINCE JUL 1     78.1                      74.9    3.2    116.0
  SNOW DEPTH       0

DEGREE DAYS
 HEATING
  YESTERDAY       11                         4      7        0
  MONTH TO DATE   11                         4      7        0
  SINCE JUN 1     11                         4      7        0
  SINCE JUL 1   7000                      6444    556     7200

 COOLING
  YESTERDAY        0                         3     -3        8
  MONTH TO DATE    0                         3     -3        8
  SINCE JUN 1      0                         3     -3        8
  SINCE JAN 1     52                        50      2       61
..................................................................


WIND (MPH)
  RESULTANT WIND SPEED   8   RESULTANT WIND DIRECTION   E (70)
  HIGHEST WIND SPEED    18   HIGHEST WIND DIRECTION     E (80)
  HIGHEST GUST SPEED    25   HIGHEST GUST DIRECTION     E (70)
  AVERAGE WIND SPEED     8.5


SKY COVER
  POSSIBLE SUNSHINE  98 PERCENT
  AVERAGE SKY COVER 0.4


WEATHER CONDITIONS
 THE FOLLOWING WEATHER WAS RECORDED YESTERDAY.
  NO SIGNIFICANT WEATHER WAS OBSERVED.


RELATIVE HUMIDITY (PERCENT)
 HIGHEST    86           100 AM
 LOWEST     34           500 PM
 AVERAGE    60

..........................................................


THE GRAND RAPIDS MI CLIMATE NORMALS FOR TODAY
                         NORMAL    RECORD    YEAR
 MAXIMUM TEMPERATURE (F)   75        95      1934
 MINIMUM TEMPERATURE (F)   54        35      1956


SUNRISE AND SUNSET
JUNE  2 2015..........SUNRISE   606 AM EDT   SUNSET   915 PM EDT
JUNE  3 2015..........SUNRISE   605 AM EDT   SUNSET   915 PM EDT


-  INDICATES NEGATIVE NUMBERS.
R  INDICATES RECORD WAS SET OR TIED.
MM INDICATES DATA IS MISSING.
T  INDICATES TRACE AMOUNT.




$$
