000
CDUS43 KGRR 311342
CLIGRR


CLIMATE REPORT
NATIONAL WEATHER SERVICE GRAND RAPIDS, MI
939 AM EDT MON MAR 31 2014


...................................

...THE GRAND RAPIDS MI CLIMATE SUMMARY FOR MARCH 31 2014...
VALID AS OF 0900 AM LOCAL TIME.

CLIMATE NORMAL PERIOD 1981 TO 2010
CLIMATE RECORD PERIOD 1892 TO 2014


WEATHER ITEM   OBSERVED TIME   RECORD YEAR NORMAL DEPARTURE LAST
                VALUE   (LST)  VALUE       VALUE  FROM      YEAR
                                                  NORMAL
..................................................................
TEMPERATURE (F)
 TODAY
  MAXIMUM         40    759 AM  78    2010  51    -11       49
                                      1986
  MINIMUM         31    548 AM   6    1923  32     -1       33
  AVERAGE         36                        42     -6       41

PRECIPITATION (IN)
  TODAY            0.00          1.17 1967   0.09  -0.09     0.04
  MONTH TO DATE    1.54                      2.37  -0.83     0.94
  SINCE MAR 1      1.54                      2.37  -0.83     0.94
  SINCE JAN 1      7.34                      6.25   1.09     8.00

SNOWFALL (IN)
  TODAY            0.0           3.7  1951   0.1   -0.1      0.1
  MONTH TO DATE    6.4                       8.3   -1.9      7.7
  SINCE MAR 1      6.4                       8.3   -1.9      7.7
  SINCE JUL 1    114.2                      73.1   41.1     65.3
  SNOW DEPTH       T

DEGREE DAYS
 HEATING
  TODAY           29                        23      6       24
  MONTH TO DATE 1194                       910    284     1028
  SINCE MAR 1   1194                       910    284     1028
  SINCE JUL 1   6475                      5687    788     5513

 COOLING
  TODAY            0                         0      0        0
  MONTH TO DATE    0                         1     -1        0
  SINCE MAR 1      0                         1     -1        0
  SINCE JAN 1      0                         1     -1        0
..................................................................


WIND (MPH)
  RESULTANT WIND SPEED   4   RESULTANT WIND DIRECTION  SE (140)
  HIGHEST WIND SPEED     8   HIGHEST WIND DIRECTION     S (160)
  HIGHEST GUST SPEED     9   HIGHEST GUST DIRECTION     S (160)
  AVERAGE WIND SPEED     4.1



WEATHER CONDITIONS
 THE FOLLOWING WEATHER WAS RECORDED TODAY.
  NO SIGNIFICANT WEATHER WAS OBSERVED.


..........................................................




SUNRISE AND SUNSET
MARCH 31 2014.........SUNRISE   726 AM EDT   SUNSET   807 PM EDT
APRIL  1 2014.........SUNRISE   724 AM EDT   SUNSET   808 PM EDT


-  INDICATES NEGATIVE NUMBERS.
R  INDICATES RECORD WAS SET OR TIED.
MM INDICATES DATA IS MISSING.
T  INDICATES TRACE AMOUNT.




$$

63
