000
CDUS43 KGRR 081338
CLIGRR


CLIMATE REPORT
NATIONAL WEATHER SERVICE GRAND RAPIDS, MI
938 AM EDT MON AUG 8 2016


...................................

...THE GRAND RAPIDS MI CLIMATE SUMMARY FOR AUGUST 8 2016...
VALID AS OF 0900 AM LOCAL TIME.

CLIMATE NORMAL PERIOD 1981 TO 2010
CLIMATE RECORD PERIOD 1892 TO 2016


WEATHER ITEM   OBSERVED TIME   RECORD YEAR NORMAL DEPARTURE LAST
                VALUE   (LST)  VALUE       VALUE  FROM      YEAR
                                                  NORMAL
..................................................................
TEMPERATURE (F)
 TODAY
  MAXIMUM         66    759 AM  96    1894  81    -15       74
  MINIMUM         57    437 AM  43    1989  62     -5       65
  AVERAGE         62                        72    -10       70

PRECIPITATION (IN)
  TODAY            0.00          1.57 1991   0.12  -0.12     0.02
  MONTH TO DATE    0.00                      0.92  -0.92     0.87
  SINCE JUN 1      6.77                      8.47  -1.70     7.13
  SINCE JAN 1     23.57                     22.05   1.52    18.76

SNOWFALL (IN)
  TODAY            0.0           0.0    MM   0.0    0.0      0.0
  MONTH TO DATE    0.0                       0.0    0.0      0.0
  SINCE JUN 1      0.0                       0.0    0.0      0.0
  SINCE JUL 1      0.0                       0.0    0.0      0.0
  SNOW DEPTH       0

DEGREE DAYS
 HEATING
  TODAY            3                         0      3        0
  MONTH TO DATE    3                         0      3        0
  SINCE JUN 1     24                        51    -27       43
  SINCE JUL 1      3                         6     -3       13

 COOLING
  TODAY            0                         7     -7        5
  MONTH TO DATE   69                        56     13       44
  SINCE JUN 1    555                       440    115      331
  SINCE JAN 1    626                       487    139      383
..................................................................


WIND (MPH)
  RESULTANT WIND SPEED   2   RESULTANT WIND DIRECTION   E (70)
  HIGHEST WIND SPEED     7   HIGHEST WIND DIRECTION     S (160)
  HIGHEST GUST SPEED     7   HIGHEST GUST DIRECTION     S (160)
  AVERAGE WIND SPEED     2.0


SKY COVER
  AVERAGE SKY COVER 0.1


WEATHER CONDITIONS
 THE FOLLOWING WEATHER WAS RECORDED TODAY.
  NO SIGNIFICANT WEATHER WAS OBSERVED.


RELATIVE HUMIDITY (PERCENT)
 HIGHEST    93           400 AM
 LOWEST     84          1200 AM
 AVERAGE    89

..........................................................


THE GRAND RAPIDS MI CLIMATE NORMALS FOR TOMORROW
                         NORMAL    RECORD    YEAR
 MAXIMUM TEMPERATURE (F)   81        97      1934
 MINIMUM TEMPERATURE (F)   62        43      1964


SUNRISE AND SUNSET
AUGUST  8 2016........SUNRISE   641 AM EDT   SUNSET   853 PM EDT
AUGUST  9 2016........SUNRISE   642 AM EDT   SUNSET   852 PM EDT


-  INDICATES NEGATIVE NUMBERS.
R  INDICATES RECORD WAS SET OR TIED.
MM INDICATES DATA IS MISSING.
T  INDICATES TRACE AMOUNT.




$$
