000
CDUS43 KGRR 261425
CLIGRR


CLIMATE REPORT
NATIONAL WEATHER SERVICE GRAND RAPIDS, MI
925 AM EST SUN NOV 26 2017


...................................

...THE GRAND RAPIDS MI CLIMATE SUMMARY FOR NOVEMBER 26 2017...
VALID AS OF 0900 AM LOCAL TIME.

CLIMATE NORMAL PERIOD 1981 TO 2010
CLIMATE RECORD PERIOD 1892 TO 2017


WEATHER ITEM   OBSERVED TIME   RECORD YEAR NORMAL DEPARTURE LAST
                VALUE   (LST)  VALUE       VALUE  FROM      YEAR
                                                  NORMAL
..................................................................
TEMPERATURE (F)
 TODAY
  MAXIMUM         32   1234 AM  65    1896  42    -10       43
  MINIMUM         21    744 AM   3    1949  30     -9       36
  AVERAGE         27                        36     -9       40

PRECIPITATION (IN)
  TODAY            0.00          1.16 1965   0.10  -0.10      T
  MONTH TO DATE    2.76                      3.08  -0.32     2.64
  SINCE SEP 1     13.11                     10.62   2.49    11.19
  SINCE JAN 1     37.43                     35.34   2.09    42.73

SNOWFALL (IN)
  TODAY            0.0           5.7  1972   0.3   -0.3      0.0
  MONTH TO DATE    0.2                       5.2   -5.0      0.8
  SINCE SEP 1      0.6                       5.7   -5.1      0.8
  SINCE JUL 1      0.6                       5.7   -5.1      0.8
  SNOW DEPTH       0

DEGREE DAYS
 HEATING
  TODAY           38                        29      9       25
  MONTH TO DATE  701                       625     76      498
  SINCE SEP 1   1092                      1197   -105      866
  SINCE JUL 1   1108                      1217   -109      866

 COOLING
  TODAY            0                         0      0        0
  MONTH TO DATE    0                         0      0        0
  SINCE SEP 1    147                        74     73      105
  SINCE JAN 1    719                       699     20      936
..................................................................


WIND (MPH)
  RESULTANT WIND SPEED   3   RESULTANT WIND DIRECTION   W (270)
  HIGHEST WIND SPEED     7   HIGHEST WIND DIRECTION     S (190)
  HIGHEST GUST SPEED     9   HIGHEST GUST DIRECTION     S (200)
  AVERAGE WIND SPEED     4.7


SKY COVER
  AVERAGE SKY COVER 0.1


WEATHER CONDITIONS
 THE FOLLOWING WEATHER WAS RECORDED TODAY.
  NO SIGNIFICANT WEATHER WAS OBSERVED.


RELATIVE HUMIDITY (PERCENT)
 HIGHEST   100           700 AM
 LOWEST     78          1200 AM
 AVERAGE    89

..........................................................


THE GRAND RAPIDS MI CLIMATE NORMALS FOR TOMORROW
                         NORMAL    RECORD    YEAR
 MAXIMUM TEMPERATURE (F)   42        65      1990
                                             1909
 MINIMUM TEMPERATURE (F)   29         5      1977


SUNRISE AND SUNSET
NOVEMBER 26 2017......SUNRISE   748 AM EST   SUNSET   511 PM EST
NOVEMBER 27 2017......SUNRISE   749 AM EST   SUNSET   510 PM EST


-  INDICATES NEGATIVE NUMBERS.
R  INDICATES RECORD WAS SET OR TIED.
MM INDICATES DATA IS MISSING.
T  INDICATES TRACE AMOUNT.




$$
