000
CDUS43 KGRR 020519
CLIGRR


CLIMATE REPORT
NATIONAL WEATHER SERVICE GRAND RAPIDS, MI
118 AM EDT MON MAY 2 2016


...................................

...THE GRAND RAPIDS MI CLIMATE SUMMARY FOR MAY 1 2016...

CLIMATE NORMAL PERIOD 1981 TO 2010
CLIMATE RECORD PERIOD 1892 TO 2016


WEATHER ITEM   OBSERVED TIME   RECORD YEAR NORMAL DEPARTURE LAST
                VALUE   (LST)  VALUE       VALUE  FROM      YEAR
                                                  NORMAL
..................................................................
TEMPERATURE (F)
 YESTERDAY
  MAXIMUM         52    504 PM  88    1942  65    -13       74
  MINIMUM         45   1159 PM  21    1903  43      2       42
  AVERAGE         49                        54     -5       58

PRECIPITATION (IN)
  YESTERDAY        0.08          2.02 2003   0.12  -0.04     0.00
  MONTH TO DATE    0.08                      0.12  -0.04     0.00
  SINCE MAR 1      8.94                      5.84   3.10     5.12
  SINCE JAN 1     13.87                      9.72   4.15     8.16

SNOWFALL (IN)
  YESTERDAY        0.0           0.3  1909   0.0    0.0      0.0
  MONTH TO DATE    0.0                       0.0    0.0      0.0
  SINCE MAR 1     19.5                      10.1    9.4      3.3
  SINCE JUL 1     61.1                      74.9  -13.8     78.1
  SNOW DEPTH       0

DEGREE DAYS
 HEATING
  YESTERDAY       16                        12      4        7
  MONTH TO DATE   16                        12      4        7
  SINCE MAR 1   1329                      1440   -111     1522
  SINCE JUL 1   5406                      6217   -811     6824

 COOLING
  YESTERDAY        0                         0      0        0
  MONTH TO DATE    0                         0      0        0
  SINCE MAR 1      0                         8     -8        0
  SINCE JAN 1      0                         8     -8        0
..................................................................


WIND (MPH)
  RESULTANT WIND SPEED  13   RESULTANT WIND DIRECTION  NE (60)
  HIGHEST WIND SPEED    24   HIGHEST WIND DIRECTION    NE (60)
  HIGHEST GUST SPEED    31   HIGHEST GUST DIRECTION    NE (60)
  AVERAGE WIND SPEED    12.6


SKY COVER
  POSSIBLE SUNSHINE   0 PERCENT
  AVERAGE SKY COVER 1.0


WEATHER CONDITIONS
 THE FOLLOWING WEATHER WAS RECORDED YESTERDAY.
  LIGHT RAIN
  FOG


RELATIVE HUMIDITY (PERCENT)
 HIGHEST    93           100 AM
 LOWEST     66           800 PM
 AVERAGE    80

..........................................................


THE GRAND RAPIDS MI CLIMATE NORMALS FOR TODAY
                         NORMAL    RECORD    YEAR
 MAXIMUM TEMPERATURE (F)   65        86      1959
 MINIMUM TEMPERATURE (F)   43        22      1903


SUNRISE AND SUNSET
MAY  2 2016...........SUNRISE   634 AM EDT   SUNSET   845 PM EDT
MAY  3 2016...........SUNRISE   633 AM EDT   SUNSET   846 PM EDT


-  INDICATES NEGATIVE NUMBERS.
R  INDICATES RECORD WAS SET OR TIED.
MM INDICATES DATA IS MISSING.
T  INDICATES TRACE AMOUNT.




$$
