598
CDUS43 KGRR 230523
CLIGRR


CLIMATE REPORT
NATIONAL WEATHER SERVICE GRAND RAPIDS, MI
1222 AM EST THU NOV 23 2017


...................................

...THE GRAND RAPIDS MI CLIMATE SUMMARY FOR NOVEMBER 22 2017...

CLIMATE NORMAL PERIOD 1981 TO 2010
CLIMATE RECORD PERIOD 1892 TO 2017


WEATHER ITEM   OBSERVED TIME   RECORD YEAR NORMAL DEPARTURE LAST
                VALUE   (LST)  VALUE       VALUE  FROM      YEAR
                                                  NORMAL
..................................................................
TEMPERATURE (F)
 YESTERDAY
  MAXIMUM         35    105 PM  66    1913  44     -9       39
  MINIMUM         29    820 PM  13    1929  31     -2       21
  AVERAGE         32                        38     -6       30

PRECIPITATION (IN)
  YESTERDAY        T             1.38 2010   0.12  -0.12     0.00
  MONTH TO DATE    2.75                      2.64   0.11     1.83
  SINCE SEP 1     13.10                     10.18   2.92    10.38
  SINCE JAN 1     37.42                     34.90   2.52    41.92

SNOWFALL (IN)
  YESTERDAY        T             7.0  1898   0.3   -0.3      0.0
  MONTH TO DATE    0.2                       3.9   -3.7      0.8
  SINCE SEP 1      0.6                       4.4   -3.8      0.8
  SINCE JUL 1      0.6                       4.4   -3.8      0.8
  SNOW DEPTH       0

DEGREE DAYS
 HEATING
  YESTERDAY       33                        27      6       35
  MONTH TO DATE  593                       511     82      393
  SINCE SEP 1    984                      1083    -99      761
  SINCE JUL 1   1000                      1103   -103      761

 COOLING
  YESTERDAY        0                         0      0        0
  MONTH TO DATE    0                         0      0        0
  SINCE SEP 1    147                        74     73      105
  SINCE JAN 1    719                       699     20      936
..................................................................


WIND (MPH)
  RESULTANT WIND SPEED   5   RESULTANT WIND DIRECTION   W (290)
  HIGHEST WIND SPEED    20   HIGHEST WIND DIRECTION    NW (320)
  HIGHEST GUST SPEED    23   HIGHEST GUST DIRECTION    NW (320)
  AVERAGE WIND SPEED     7.6


SKY COVER
  POSSIBLE SUNSHINE  16 PERCENT
  AVERAGE SKY COVER 0.9


WEATHER CONDITIONS
 THE FOLLOWING WEATHER WAS RECORDED YESTERDAY.
  LIGHT SNOW


RELATIVE HUMIDITY (PERCENT)
 HIGHEST    78          1000 PM
 LOWEST     51           100 PM
 AVERAGE    65

..........................................................


THE GRAND RAPIDS MI CLIMATE NORMALS FOR TODAY
                         NORMAL    RECORD    YEAR
 MAXIMUM TEMPERATURE (F)   44        70      1931
 MINIMUM TEMPERATURE (F)   31         2      1956


SUNRISE AND SUNSET
NOVEMBER 23 2017......SUNRISE   744 AM EST   SUNSET   512 PM EST
NOVEMBER 24 2017......SUNRISE   746 AM EST   SUNSET   512 PM EST


-  INDICATES NEGATIVE NUMBERS.
R  INDICATES RECORD WAS SET OR TIED.
MM INDICATES DATA IS MISSING.
T  INDICATES TRACE AMOUNT.




$$
