000
CDUS43 KGRR 250545
CLIGRR


CLIMATE REPORT
NATIONAL WEATHER SERVICE GRAND RAPIDS, MI
1244 AM EST SUN FEB 25 2018


...................................

...THE GRAND RAPIDS MI CLIMATE SUMMARY FOR FEBRUARY 24 2018...

CLIMATE NORMAL PERIOD 1981 TO 2010
CLIMATE RECORD PERIOD 1892 TO 2018


WEATHER ITEM   OBSERVED TIME   RECORD YEAR NORMAL DEPARTURE LAST
                VALUE   (LST)  VALUE       VALUE  FROM      YEAR
                                                  NORMAL
..................................................................
TEMPERATURE (F)
 YESTERDAY
  MAXIMUM         43    353 PM  57    1976  36      7       48
                                      1930
  MINIMUM         32    805 AM  -9    1989  22     10       35
  AVERAGE         38                        29      9       42

PRECIPITATION (IN)
  YESTERDAY        T             1.09 2001   0.07  -0.07     0.55
  MONTH TO DATE    4.84                      1.49   3.35     1.33
  SINCE DEC 1      8.92                      6.08   2.84     7.80
  SINCE JAN 1      6.96                      3.58   3.38     4.84

SNOWFALL (IN)
  YESTERDAY        0.0           7.3  2016   0.5   -0.5      0.0
  MONTH TO DATE   20.7                      13.0    7.7      1.9
  SINCE DEC 1     66.2                      55.7   10.5     53.7
  SINCE JUL 1     66.8                      63.0    3.8     54.5
  SNOW DEPTH       0

DEGREE DAYS
 HEATING
  YESTERDAY       27                        36     -9       23
  MONTH TO DATE  898                       926    -28      729
  SINCE DEC 1   3385                      3295     90     2993
  SINCE JUL 1   4576                      4633    -57     3941

 COOLING
  YESTERDAY        0                         0      0        0
  MONTH TO DATE    0                         0      0        0
  SINCE DEC 1      0                         0      0        0
  SINCE JAN 1      0                         0      0        0
..................................................................


WIND (MPH)
  RESULTANT WIND SPEED  10   RESULTANT WIND DIRECTION   E (90)
  HIGHEST WIND SPEED    26   HIGHEST WIND DIRECTION     E (110)
  HIGHEST GUST SPEED    36   HIGHEST GUST DIRECTION     E (100)
  AVERAGE WIND SPEED    13.3


SKY COVER
  POSSIBLE SUNSHINE  11 PERCENT
  AVERAGE SKY COVER 1.0


WEATHER CONDITIONS
 THE FOLLOWING WEATHER WAS RECORDED YESTERDAY.
  LIGHT RAIN


RELATIVE HUMIDITY (PERCENT)
 HIGHEST    85          1000 PM
 LOWEST     70           100 PM
 AVERAGE    78

..........................................................


THE GRAND RAPIDS MI CLIMATE NORMALS FOR TODAY
                         NORMAL    RECORD    YEAR
 MAXIMUM TEMPERATURE (F)   37        61      1976
 MINIMUM TEMPERATURE (F)   22       -14      1950


SUNRISE AND SUNSET
FEBRUARY 25 2018......SUNRISE   724 AM EST   SUNSET   626 PM EST
FEBRUARY 26 2018......SUNRISE   723 AM EST   SUNSET   628 PM EST


-  INDICATES NEGATIVE NUMBERS.
R  INDICATES RECORD WAS SET OR TIED.
MM INDICATES DATA IS MISSING.
T  INDICATES TRACE AMOUNT.




$$
