000
CDUS43 KGRR 260517
CLIGRR


CLIMATE REPORT
NATIONAL WEATHER SERVICE GRAND RAPIDS, MI
117 AM EDT FRI MAY 26 2017


...................................

...THE GRAND RAPIDS MI CLIMATE SUMMARY FOR MAY 25 2017...

CLIMATE NORMAL PERIOD 1981 TO 2010
CLIMATE RECORD PERIOD 1892 TO 2017


WEATHER ITEM   OBSERVED TIME   RECORD YEAR NORMAL DEPARTURE LAST
                VALUE   (LST)  VALUE       VALUE  FROM      YEAR
                                                  NORMAL
..................................................................
TEMPERATURE (F)
 YESTERDAY
  MAXIMUM         69    348 PM  91    1977  72     -3       88
  MINIMUM         56    755 AM  31    1992  51      5       64
  AVERAGE         63                        62      1       76

PRECIPITATION (IN)
  YESTERDAY        0.10          1.27 1970   0.14  -0.04     0.17
  MONTH TO DATE    1.34                      3.23  -1.89     2.68
  SINCE MAR 1     10.88                      8.95   1.93    11.54
  SINCE JAN 1     16.44                     12.83   3.61    16.47

SNOWFALL (IN)
  YESTERDAY        0.0           T    1924   0.0    0.0      0.0
  MONTH TO DATE    0.0                       0.0    0.0       T
  SINCE MAR 1      5.1                      10.1   -5.0     19.5
  SINCE JUL 1     60.1                      74.9  -14.8     61.1
  SNOW DEPTH       0

DEGREE DAYS
 HEATING
  YESTERDAY        2                         5     -3        0
  MONTH TO DATE  230                       208     22      206
  SINCE MAR 1   1542                      1636    -94     1519
  SINCE JUL 1   5596                      6413   -817     5596

 COOLING
  YESTERDAY        0                         2     -2       11
  MONTH TO DATE   21                        25     -4       18
  SINCE MAR 1     26                        33     -7       18
  SINCE JAN 1     26                        33     -7       18
..................................................................


WIND (MPH)
  RESULTANT WIND SPEED   8   RESULTANT WIND DIRECTION   N (10)
  HIGHEST WIND SPEED    17   HIGHEST WIND DIRECTION    NE (40)
  HIGHEST GUST SPEED    21   HIGHEST GUST DIRECTION    NE (40)
  AVERAGE WIND SPEED     9.5


SKY COVER
  POSSIBLE SUNSHINE  11 PERCENT
  AVERAGE SKY COVER 0.8


WEATHER CONDITIONS
 THE FOLLOWING WEATHER WAS RECORDED YESTERDAY.
  RAIN
  FOG


RELATIVE HUMIDITY (PERCENT)
 HIGHEST   100           300 AM
 LOWEST     67           800 PM
 AVERAGE    84

..........................................................


THE GRAND RAPIDS MI CLIMATE NORMALS FOR TODAY
                         NORMAL    RECORD    YEAR
 MAXIMUM TEMPERATURE (F)   73        90      2010
 MINIMUM TEMPERATURE (F)   51        34      1974
                                             1897


SUNRISE AND SUNSET
MAY 26 2017...........SUNRISE   609 AM EDT   SUNSET   909 PM EDT
MAY 27 2017...........SUNRISE   609 AM EDT   SUNSET   910 PM EDT


-  INDICATES NEGATIVE NUMBERS.
R  INDICATES RECORD WAS SET OR TIED.
MM INDICATES DATA IS MISSING.
T  INDICATES TRACE AMOUNT.




$$
