043
CXUS53 KGRR 011905
CLMGRR

CLIMATE REPORT
NATIONAL WEATHER SERVICE GRAND RAPIDS, MI
712 AM EDT FRI JUL 1 2016

...................................

...THE GRAND RAPIDS MI (ASOS) CLIMATE SUMMARY FOR THE MONTH OF JUNE 2016...

CLIMATE NORMAL PERIOD 1981 TO 2010
CLIMATE RECORD PERIOD 1892 TO 2016

WEATHER         OBSERVED          NORMAL  DEPART  LAST YEAR`S
                 VALUE   DATE(S)  VALUE   FROM    VALUE  DATE(S)
                                          NORMAL
................................................................
TEMPERATURE (F)
RECORD
 HIGH             102   06/20/1953
                        06/01/1934
 LOW               32   06/04/1945
HIGHEST            93   06/18        91       2       83  06/22
LOWEST             45   06/09        41       4       40  06/01
AVG. MAXIMUM     82.3              79.0     3.3     76.6
AVG. MINIMUM     58.4              57.7     0.7     56.8
MEAN             70.3              68.4     1.9     66.7
DAYS MAX >= 90      6               2.0     4.0        0
DAYS MAX <= 32      0               0.0     0.0        0
DAYS MIN <= 32      0               0.0     0.0        0
DAYS MIN <= 0       0               0.0     0.0        0

PRECIPITATION (INCHES)
RECORD
 MAXIMUM        13.22   1892
 MINIMUM         0.25   1988
TOTALS           1.15              3.77   -2.62     4.03
DAILY AVG.       0.04              0.13   -0.09     0.13
DAYS >= .01         8              10.1    -2.1       14
DAYS >= .10         4               6.0    -2.0        6
DAYS >= .50         0               2.5    -2.5        3
DAYS >= 1.00        0               1.1    -1.1        2
GREATEST
 24 HR. TOTAL    0.43   06/04 TO 06/05

SNOWFALL (INCHES)
RECORDS
 TOTAL              T   2002
 24 HR TOTAL        T   MM
 SNOW DEPTH        MM   MM
TOTALS            0.0               0.0     0.0      0.0
SINCE 7/1        61.1              74.9   -13.8     78.1
SNOWDEPTH AVG.      0                MM      MM        0
DAYS >= TRACE       0               0.0     0.0        0
DAYS >= 1.0         0               0.0     0.0        0
GREATEST
 SNOW DEPTH         0   MM                             0  MM
 24 HR TOTAL      0.0   06/30 TO 06/30

DEGREE_DAYS
HEATING TOTAL      21                45     -24       30
 SINCE 7/1       5617              6485    -868     7019
COOLING TOTAL     190               145      45       89
 SINCE 1/1        261               192      69      141

FREEZE DATES
RECORD
 EARLIEST     09/03/1946
 LATEST       06/04/1945
EARLIEST      03/01             10/13
LATEST        04/13             05/02
.................................................................

WIND (MPH)
AVERAGE WIND SPEED              8.3
RESULTANT WIND SPEED/DIRECTION   2/260
HIGHEST WIND SPEED/DIRECTION    29/240    DATE  06/20
HIGHEST GUST SPEED/DIRECTION    39/310    DATE  06/10

SKY COVER
POSSIBLE SUNSHINE (PERCENT)   73
AVERAGE SKY COVER           0.50
NUMBER OF DAYS FAIR            9
NUMBER OF DAYS PC             16
NUMBER OF DAYS CLOUDY          5

AVERAGE RH (PERCENT)     59

WEATHER CONDITIONS. NUMBER OF DAYS WITH
THUNDERSTORM              3     MIXED PRECIP               0
HEAVY RAIN                1     RAIN                       4
LIGHT RAIN               13     FREEZING RAIN              0
LT FREEZING RAIN          0     HAIL                       0
HEAVY SNOW                0     SNOW                       0
LIGHT SNOW                0     SLEET                      0
FOG                       8     FOG W/VIS <= 1/4 MILE      0
HAZE                      5

-  INDICATES NEGATIVE NUMBERS.
R  INDICATES RECORD WAS SET OR TIED.
MM INDICATES DATA IS MISSING.
T  INDICATES TRACE AMOUNT.

&&

JUNE 2016 ENDED SLIGHTLY WARMER THAN NORMAL FOR SOUTHERN LOWER MICHIGAN...WHILE
THE REMAINDER OF THE LOWER PENINSULA HOVERED NEAR NORMAL. THE MAIN HEADLINE
TURNED OUT TO BE THE DRY PATTERN...WHICH PLACED MUCH OF THE SOUTHEASTERN CORNER
OF THE SATE IN ABNORMALLY DRY STATUS AS THE MONTH DREW TO A CLOSE.

A MAJORITY OF THE MONTH RESULTED IN DAILY TEMPERATURES THAT WERE FAIRLY
COMFORTABLE BY LATE-SPRING AND EARLY-SUMMER STANDARDS. NEAR 90 DEGREE
TEMPERATURES WERE OFTEN OFFSET BY DAYS WHEN TEMPERATURES WERE NEAR OR BELOW 80
DEGREES. EVEN IN INSTANCES WHEN TEMPERATURES REACHED OR EXCEEDED THE 90 DEGREE
BENCHMARK...IT WAS HARD TO COME BY HIGH MOISTURE LEVELS. THIS LIMITED THE
NUMBER OF MUGGY DAYS...WHILE ALSO ALLOWING COOLER NIGHTS TO SETTLE IN FROM TIME
TO TIME. ON A FEW OCCASIONS...TEMPERATURES FELL WELL INTO THE 40S WITH
OUTLYING RURAL AREAS FALLING INTO THE UPPER 30S.

AS MENTIONED...THE LACK OF MOISTURE SLOWLY RAISED CONCERNS AS JUNE PROGRESSED.
FEW INSTANCES INCLUDED HIGHER RAINFALL TOTALS. WHEN HIGHER RAINFALL AMOUNTS DID
FALL...THE EVENTS WERE RATHER QUICK...LOCALIZED AND LARGELY CONFINED TO THE
FIRST HALF OF THE MONTH. BEYOND JUNE 15TH...MEASURABLE PRECIPITATION WAS
EXTREMELY SPARSE...ESPECIALLY ACROSS CENTRAL AND SOUTHEASTERN LOWER MICHIGAN. A
LARGE NUMBER OF COMMUNITIES BEGAN TO PROHIBIT BURNING...AS SOILS DRIED AND
VEGETATION BEGAN TO SHOW SIGNS OF THE ONSET OF DROUGHT. AT THE END OF THE
MONTH...SOME PLACES DID NOT EVEN REACH ONE-QUARTER OF THEIR NORMAL MONTHLY
PRECIPITATION.

DRY WEATHER WOULD PROVE TO BE WORTHY ENOUGH TO RANK 2016 AS THE 3RD DRIEST JUNE
ON RECORD FOR LANSING AND 10TH DRIEST JUNE ON RECORD FOR GRAND RAPIDS. MUSKEGON
WAS THE LONE CLIMATE SITE TO RECEIVE NEAR NORMAL RAINFALL WITH A DEFICIT OF
ONLY 0.21 OF AN INCH. ABOUT ONE-THIRD OF THE PRECIPITATION CAME IN ONE EVEN ON
JUNE 15TH. THE EVENT ALSO RESULTED IN SEVERE THUNDERSTORM WIND GUSTS THAT
BROUGHT DOWN SEVERAL TREES AND POWER LINE IN AREAS SURROUNDING MUSKEGON. SOME
RESIDENTS WENT A FEW DAYS BEFORE POWER WAS RESTORED. OTHERWISE...SEVERE WEATHER
WAS FAIRLY TAME AND SCATTERED THROUGH THE MONTH.

$$

JAM
