000
CXUS53 KGRR 031628 CCA
CLMGRR

CLIMATE REPORT
NATIONAL WEATHER SERVICE GRAND RAPIDS, MI
658 AM EDT MON AUG 1 2016

...................................

...THE GRAND RAPIDS MI (ASOS) CLIMATE SUMMARY FOR THE MONTH OF JULY 2016...

CLIMATE NORMAL PERIOD 1981 TO 2010
CLIMATE RECORD PERIOD 1892 TO 2016

WEATHER         OBSERVED          NORMAL  DEPART  LAST YEAR`S
                 VALUE   DATE(S)  VALUE   FROM    VALUE  DATE(S)
                                          NORMAL
................................................................
TEMPERATURE (F)
RECORD
 HIGH             108   07/13/1936
 LOW               41   07/06/1983
HIGHEST            92   07/23        93      -1       90  07/28
                        07/08
LOWEST             52   07/03        48       4       50  07/08
                        07/02                             07/03
AVG. MAXIMUM     84.9              82.8     2.1     81.4
AVG. MINIMUM     63.6              62.2     1.4     60.2
MEAN             74.3              72.5     1.8     70.8
DAYS MAX >= 90      8               3.5     4.5        1
DAYS MAX <= 32      0               0.0     0.0        0
DAYS MIN <= 32      0               0.0     0.0        0
DAYS MIN <= 0       0               0.0     0.0        0

PRECIPITATION (INCHES)
RECORD
 MAXIMUM         8.83   1992
 MINIMUM         0.25   1894
TOTALS           5.62              3.78    1.84     2.23
DAILY AVG.       0.18              0.12    0.06     0.07
DAYS >= .01        12               9.7     2.3        7
DAYS >= .10         8               6.1     1.9        5
DAYS >= .50         4               2.5     1.5        2
DAYS >= 1.00        2               1.0     1.0        0
GREATEST
 24 HR. TOTAL    1.58   07/29 TO 07/30

SNOWFALL (INCHES)
RECORDS
 TOTAL              T   1990
 24 HR TOTAL        T   MM
 SNOW DEPTH         T   MM
TOTALS            0.0               0.0     0.0      0.0
SINCE 7/1         0.0               0.0     0.0      0.0
SNOWDEPTH AVG.      0                MM      MM        0
DAYS >= TRACE       0               0.0     0.0        0
DAYS >= 1.0         0               0.0     0.0        0
GREATEST
 SNOW DEPTH         0   MM                             0  MM
 24 HR TOTAL      0.0   07/31 TO 07/31

DEGREE_DAYS
HEATING TOTAL       0                 6      -6       13
 SINCE 7/1          0                 6      -6       13
COOLING TOTAL     296               239      57      198
 SINCE 1/1        557               431     126      339

FREEZE DATES
RECORD
 EARLIEST     09/03/1946
 LATEST       06/04/1945
EARLIEST                        10/13
LATEST                          05/02
.................................................................

WIND (MPH)
AVERAGE WIND SPEED              7.7
RESULTANT WIND SPEED/DIRECTION   3/256
HIGHEST WIND SPEED/DIRECTION    32/270    DATE  07/21
HIGHEST GUST SPEED/DIRECTION    40/280    DATE  07/21

SKY COVER
POSSIBLE SUNSHINE (PERCENT)   74
AVERAGE SKY COVER           0.60
NUMBER OF DAYS FAIR            4
NUMBER OF DAYS PC             24
NUMBER OF DAYS CLOUDY          2

AVERAGE RH (PERCENT)     68

WEATHER CONDITIONS. NUMBER OF DAYS WITH
THUNDERSTORM              8     MIXED PRECIP               0
HEAVY RAIN                4     RAIN                       8
LIGHT RAIN               15     FREEZING RAIN              0
LT FREEZING RAIN          0     HAIL                       0
HEAVY SNOW                0     SNOW                       0
LIGHT SNOW                0     SLEET                      0
FOG                      13     FOG W/VIS <= 1/4 MILE      1
HAZE                      5

-  INDICATES NEGATIVE NUMBERS.
R  INDICATES RECORD WAS SET OR TIED.
MM INDICATES DATA IS MISSING.
T  INDICATES TRACE AMOUNT.

&&

JULY 2016 CAME TO A CLOSE WITH TEMPERATURES THAT AVERAGED SLIGHTLY ABOVE NORMAL
THROUGH MOST OF CENTRAL LOWER MICHIGAN AND NEAR NORMAL IN FAR SOUTHWEST LOWER
MICHIGAN. AREA-WIDE PRECIPITATION TOTALS AVERAGED ABOVE NORMAL WITH SPORADIC
LOCATIONS WELL ABOVE OR BELOW NORMAL.

IT WAS A MILD MONTH OVERALL. LESS THAN ONE-THIRD OF THE DAYS RESULTED IN
TEMPERATURES THAT WOULD BE CONSIDERED BELOW NORMAL. ABOUT HALF OF THE BELOW
NORMAL DAILY AVERAGES WERE CONFINED TO THE FIRST WEEK. MUCH OF THE TIME...HIGH
TEMPERATURES AT EACH CLIMATE SITE WERE SOLIDLY IN THE 80S WITH FEW 90S
INTERSPERSED THROUGHOUT JULY. NO RECORD HIGH TEMPERATURES WERE SET...BUT
RELATIVELY WARM NIGHTS WERE COMMON. LANSING TIED A RECORD WARM LOW TEMPERATURE
OF 73 DEGREES ON JULY 22ND...PREVIOUSLY SET IN 1972. ELEVATED HUMIDITY LEVELS
PERIODICALLY MADE THEIR WAY INTO THE LOWER PENINSULA. THE COMBINATION OF WARM
TEMPERATURES AND MOISTURE LED TO A FEW SULTRY SUMMER DAYS.

PRECIPITATION...WHILE NOT AT ALL VOID...WAS HIT-OR-MISS. THE CONVECTIVE
ENVIRONMENT PROVIDED FOR LOCALIZED HEAVY RAINFALL. A BULK OF THE MONTHS
MOISTURE WAS RECEIVED IN LARGE...SINGLE EVENTS. AS HIGH PRESSURE STRENGTHENED
AND MEANDERED THROUGH THE MIDWEST...THE ACTIVE STORM TRACK SET UP OVER THE
GREAT LAKES REGION FROM TIME TO TIME. ON JULY 7TH...LOCALIZED HEAVY RAIN
DEVELOPED OVER JACKSON MICHIGAN...LEADING TO URBAN FLOODING THAT AFFECTED THE
GROUND FLOOR OF THE HENRY FORD ALLEGIANCE HEALTH HOSPITAL. ON JULY 24TH AND
JULY 29TH...THE MUSKEGON AND GRAND RAPIDS AREAS RECEIVED THEIR FAIR SHARE OF
RAINFALL. BOTH SITES BROKE DAILY RAINFALL RECORDS ON JULY 24TH...WITH 2.93
INCHES OF RAIN RECORDED IN MUSKEGON AND 1.53 INCHES RECORDED IN GRAND RAPIDS.
MUSKEGONS MONTHLY RAINFALL RANKED 5TH WETTEST ON RECORD.

SEVERE WEATHER WAS FAIRLY TAME WITH A LIMITED NUMBER OF LOCAL STORM REPORTS.
ONLY MARGINAL STORM DAMAGE WAS PERIODICALLY NOTED IN JULY. DAMAGE THAT DID
OCCUR WAS LARGELY RELATED TO GUSTY WINDS AND CONSISTED OF FEW DOWNED
TREES...LIMBS AND POWERLINES ON A LOCAL SCALE. NO WIDESPREAD SEVERE WEATHER
DEVELOPED THROUGHOUT THE MONTH.

$$

JAM
