000
CXUS53 KGRR 011244
CLMGRR

CLIMATE REPORT
NATIONAL WEATHER SERVICE GRAND RAPIDS, MI
744 AM EST MON FEB 1 2016

...................................

...THE GRAND RAPIDS MI CLIMATE SUMMARY FOR THE MONTH OF JANUARY 2016...

CLIMATE NORMAL PERIOD 1981 TO 2010
CLIMATE RECORD PERIOD 1892 TO 2016

WEATHER         OBSERVED          NORMAL  DEPART  LAST YEAR`S
                 VALUE   DATE(S)  VALUE   FROM    VALUE  DATE(S)
                                          NORMAL
................................................................
TEMPERATURE (F)
RECORD
 HIGH              68   01/22/1894
 LOW              -22   01/19/1994
                        01/30/1951
HIGHEST            47   01/31        48      -1       43  01/17
LOWEST              2   01/19        -6       8      -13  01/14
AVG. MAXIMUM     31.8              30.7     1.1     27.8
AVG. MINIMUM     20.2              18.1     2.1     14.5
MEAN             26.0              24.4     1.6     21.2
DAYS MAX >= 90      0               0.0     0.0        0
DAYS MAX <= 32     16              17.0    -1.0       20
DAYS MIN <= 32     28              27.7     0.3       31
DAYS MIN <= 0       0               2.2    -2.2        3

PRECIPITATION (INCHES)
RECORD
 MAXIMUM         4.88   1897
 MINIMUM         0.29   1956
TOTALS           2.15              2.09    0.06     1.87
DAILY AVG.       0.07              0.07    0.00     0.06
DAYS >= .01        19              16.0     3.0       16
DAYS >= .10         9               6.1     2.9        6
DAYS >= .50         0               0.8    -0.8        0
DAYS >= 1.00        0               0.1    -0.1        0
GREATEST
 24 HR. TOTAL    0.54   01/09 TO 01/10

SNOWFALL (INCHES)
RECORDS
 TOTAL           46.8   1999
 24 HR TOTAL     16.1   01/26/1978 TO 01/26/1978
 SNOW DEPTH        27   01/27/1978
TOTALS           20.8              20.8     0.0     23.2
SINCE 7/1        26.8              50.0   -23.2     55.2
SNOWDEPTH AVG.      2                 5      -3        4
DAYS >= TRACE      21              14.9     6.1       23
DAYS >= 1.0         7               6.9     0.1        8
GREATEST
 SNOW DEPTH         6   01/12                         10  01/11
                                                          01/10
                                                          01/09
 24 HR TOTAL      4.7   01/12

DEGREE_DAYS
HEATING TOTAL    1200              1258     -58     1348
 SINCE 7/1       3055              3707    -652     3863
COOLING TOTAL       0                 0       0        0
 SINCE 1/1          0                 0       0        0

FREEZE DATES
RECORD
 EARLIEST     09/03/1946
 LATEST       06/04/1945
EARLIEST                        10/13
LATEST                          05/02
.........................................................

WIND (MPH)
AVERAGE WIND SPEED              10.4
RESULTANT WIND SPEED/DIRECTION   5/243
HIGHEST WIND SPEED/DIRECTION    30/240    DATE  01/26
HIGHEST GUST SPEED/DIRECTION    37/230    DATE  01/26

SKY COVER
POSSIBLE SUNSHINE (PERCENT)   17
AVERAGE SKY COVER           0.80
NUMBER OF DAYS FAIR            2
NUMBER OF DAYS PC              5
NUMBER OF DAYS CLOUDY         24

AVERAGE RH (PERCENT)     77

WEATHER CONDITIONS. NUMBER OF DAYS WITH
THUNDERSTORM              0     MIXED PRECIP               2
HEAVY RAIN                0     RAIN                       3
LIGHT RAIN                8     FREEZING RAIN              0
LT FREEZING RAIN          1     HAIL                       0
HEAVY SNOW                2     SNOW                       7
LIGHT SNOW               20     SLEET                      0
FOG                      24     FOG W/VIS <= 1/4 MILE      3
HAZE                     13

-  INDICATES NEGATIVE NUMBERS.
R  INDICATES RECORD WAS SET OR TIED.
MM INDICATES DATA IS MISSING.
T  INDICATES TRACE AMOUNT.

&&

JANUARY 2016 TEMPERATURES IN THE SOUTHWEST QUARTER OF LOWER MICHIGAN AVERAGED 1
TO 2 DEGREES ABOVE NORMAL. SNOWFALL AND PRECIPITATION WERE ABOVE NORMAL IN
MUSKEGON... NEAR NORMAL IN GRAND RAPIDS... AND BELOW NORMAL IN LANSING.

THERE WERE SEVERAL TEMPERATURE SWINGS BETWEEN COLD AND MILD DURING THE MONTH...
BUT OVERALL THERE WERE VERY FEW EXTREMES. LANSING SET A RECORD WARM LOW
TEMPERATURE ON THE 9TH. A FEW DAYS FEATURED TEMPERATURES DIPPING BELOW 10
DEGREES AND HIGHS REMAINING IN THE TEENS. THE END OF THE MONTH WAS QUITE MILD
WITH TEMPERATURES IN THE 40S TO AROUND 50.

FOLLOWING A RECORD WARM DECEMBER... LAKE MICHIGAN WATER TEMPERATURES IN THE LOW
40S IN EARLY TO MID JANUARY AFFORDED THE ATMOSPHERE OPPORTUNITIES TO PRODUCE
SIGNIFICANT LAKE EFFECT SNOW WHEN POLAR AIR MASSES MOVED IN FROM THE NORTHWEST.
HEAVY LAKE EFFECT SNOW DID INDEED OCCUR ON A COUPLE OCCASIONS AND MAINLY
FAVORED THE NORTHWEST AND SOUTHWEST WIND SNOW BELTS. MUSKEGON RECEIVED OVER 20
INCHES OF SNOW BETWEEN THE 9TH AND 13TH FROM BOTH LAKE EFFECT AND LAKE ENHANCED
LOW PRESSURE SYSTEMS. ANOTHER FOOT OF SNOW FELL BETWEEN THE 17TH AND 20TH.
VARIOUS LOW PRESSURE SYSTEMS PRODUCED RAIN AND OCCASIONAL ACCUMULATIONS OF SNOW
FOR ALL AREAS... THOUGH NO MEMORABLE WINTER STORM OCCURRED.


$$

CAS/EBW
