000
CXUS53 KGRR 011727 CCA
CLMGRR

CLIMATE REPORT...CORRECTED
NATIONAL WEATHER SERVICE GRAND RAPIDS, MI
1208 PM EST SAT MAR 1 2014

...................................

...THE GRAND RAPIDS MI CLIMATE SUMMARY FOR THE MONTH OF FEBRUARY 2014...

CLIMATE NORMAL PERIOD 1981 TO 2010
CLIMATE RECORD PERIOD 1892 TO 2014

WEATHER         OBSERVED          NORMAL  DEPART  LAST YEAR`S
                 VALUE   DATE(S)  VALUE   FROM    VALUE  DATE(S)
                                          NORMAL
................................................................
TEMPERATURE (F)
RECORD
 HIGH              69   02/11/1999
 LOW              -24   02/14/1899
                        02/13/1899
HIGHEST            44   02/18        50      -6       45  02/18
                                                          02/11
LOWEST            -12   02/28        -3      -9        1  02/09
AVG. MAXIMUM     25.1              33.7    -8.6     32.3
AVG. MINIMUM     10.3              19.9    -9.6     17.3
MEAN             17.7              26.8    -9.1     24.8
DAYS MAX >= 90      0               0.0     0.0        0
DAYS MAX <= 32     24              12.5    11.5       13
DAYS MIN <= 32     28              24.7     3.3       27
DAYS MIN <= 0       4               1.0     3.0        0

PRECIPITATION (INCHES)
RECORD
 MAXIMUM         5.77   1898
 MINIMUM         0.21   1907
TOTALS           2.35              1.79    0.56     3.05
DAILY AVG.       0.08              0.06    0.02     0.11
DAYS >= .01        18              12.2     5.8       19
DAYS >= .10         4               4.8    -0.8       11
DAYS >= .50         1               0.8     0.2        2
DAYS >= 1.00        0               0.2    -0.2        0
GREATEST
 24 HR. TOTAL    0.65   02/20 TO 02/20

SNOWFALL (INCHES)
RECORDS
 TOTAL           41.6   2008
 24 HR TOTAL     11.3   02/03/2007 TO 02/03/2007
 SNOW DEPTH        21   02/16/1985
                        02/15/1985
                        02/14/1985
TOTALS           29.0              14.8    14.2     33.1
SINCE 7/1       107.8              64.8    43.0     57.6
SNOWDEPTH AVG.     20                 5      15        4
DAYS >= TRACE      23              10.7    12.3       22
DAYS >= 1.0        10               4.6     5.4       12
GREATEST
 SNOW DEPTH        24R  02/18                         10  02/08
 24 HR TOTAL      5.6   02/17 TO 02/17           02/08 TO 02/08
                                                          02/08 TO 02/08
                                                          02/08 TO 02/08

DEGREE_DAYS
HEATING TOTAL    1316              1070     246     1119
 SINCE 7/1       5281              4777     504     4485
COOLING TOTAL       0                 0       0        0
 SINCE 1/1          0                 0       0        0

FREEZE DATES
RECORD
 EARLIEST     09/03/1946
 LATEST       06/04/1945
EARLIEST                        10/13
LATEST                          05/02
.........................................................

WIND (MPH)
AVERAGE WIND SPEED              10.7
RESULTANT WIND SPEED/DIRECTION   5/246
HIGHEST WIND SPEED/DIRECTION    44/230    DATE  02/21
HIGHEST GUST SPEED/DIRECTION    60/240    DATE  02/21

SKY COVER
POSSIBLE SUNSHINE (PERCENT)   29
AVERAGE SKY COVER           0.70

AVERAGE RH (PERCENT)     70

WEATHER CONDITIONS. NUMBER OF DAYS WITH
THUNDERSTORM              1     MIXED PRECIP               0
HEAVY RAIN                1     RAIN                       1
LIGHT RAIN                1     FREEZING RAIN              0
LT FREEZING RAIN          0     HAIL                       0
HEAVY SNOW                5     SNOW                       9
LIGHT SNOW               22     SLEET                      0
FOG                      19     FOG W/VIS <= 1/4 MILE      3
HAZE                     17

-  INDICATES NEGATIVE NUMBERS.
R  INDICATES RECORD WAS SET OR TIED.
MM INDICATES DATA IS MISSING.
T  INDICATES TRACE AMOUNT.

&&

RECORD... THIS FEBRUARY HAD THE 8TH MOST SNOW FOR ALL FEBRUARYS ON
RECORD WITH 29.0 INCHES.

&&

THE UNUSUALLY COLD AND SNOWY JANUARY WEATHER CARRIED RIGHT OVER INTO
FEBRUARY. FEBRUARY 2014 WAS MUCH COLDER AND SNOWIER THAN NORMAL
ACROSS SOUTHWEST LOWER MICHIGAN. IN FACT... THE DEEPEST SNOW DEPTH
IN FEBRUARY ON RECORD FOR GRAND RAPIDS WAS MEASURED THIS YEAR.

AVERAGE TEMPERATURES IN FEBRUARY WERE IN THE MID TO UPPER TEENS...
AROUND 9 DEGREES COLDER THAN NORMAL FOR THE MONTH. AN AVERAGE
DEPARTURE OF 9 DEGREES FOR AN ENTIRE MONTH IS VERY SIGNIFICANT.
POLAR AIR FREQUENTLY STREAMED IN FROM CANADA AND RESULTED IN THE
11TH COLDEST FEBRUARY ON RECORD IN GRAND RAPIDS AND MUSKEGON. ONLY 4
DAYS IN FEBRUARY SAW TEMPERATURES RISE ABOVE FREEZING. THIS STRETCH
OF WARMER WEATHER OCCURRED FEBRUARY 18TH THROUGH THE 21ST...WHEN
HIGH TEMPERATURES SOARED INTO THE 40S. HOWEVER... BITTERLY COLD AIR
RETURNED DURING THE LAST FEW DAYS OF THE MONTH. RECORD LOW
TEMPERATURES WERE OBSERVED ON THE 28TH IN GRAND RAPIDS AND MUSKEGON.
GRAND RAPIDS DROPPED TO -12 AND MUSKEGON DROPPED TO -7. MANY
LOCATIONS ACROSS WEST MICHIGAN DROPPED TO 10 TO 20 DEGREES BELOW
ZERO ON THE MORNING OF THE 28TH.

FEBRUARY 2014 WAS ALSO MUCH SNOWIER THAN NORMAL. SOUTHWEST LOWER
MICHIGAN RECEIVED 3 TO 6 INCHES OF SNOW ON THE 4TH AND 5TH OF
FEBRUARY FROM A STORM THAT PASSED TO THE SOUTH OF MICHIGAN. THE SNOW
CAUSED NUMEROUS ACCIDENTS AND RESULTED IN SOME HIGHWAYS BEING
CLOSED... INCLUDING I-94 AND US-131. UNFORTUNATELY... THESE WERE
JUST TWO OF SEVERAL DAYS IN FEBRUARY FEATURING HAZARDOUS DRIVING
CONDITIONS. ON FEBRUARY 17TH...AN AREA OF LOW PRESSURE TRACKED
THROUGH NORTHERN INDIANA AND RESULTED IN A LARGE SWATH OF 4 TO 7
INCHES OF SNOW ACROSS SOUTHWEST LOWER MICHIGAN... WITH LOCALLY
HIGHER AMOUNTS IN CENTRAL LOWER MICHIGAN. THIS WINTER SYSTEM PUSHED
THE SNOW DEPTH IN GRAND RAPIDS UP TO 24 INCHES... A NEW RECORD DEPTH
FOR THE MONTH OF FEBRUARY. THIS IS THE 2ND DEEPEST SNOW DEPTH ALL
TIME FOR GRAND RAPIDS... SECOND ONLY TO 27 INCHES IN JANUARY 1978
AFTER THE BLIZZARD OF 1978.

ONE OF THE MORE SIGNIFICANT EVENTS DURING FEBRUARY OCCURRED DURING
THE BRIEF WARMUP. ON THE 20TH AND 21ST... MULTIPLE HAZARDS IMPACTED
SOUTHWEST LOWER MICHIGAN. THE 20TH FEATURED MIXED PRECIPITATION
ALONG WITH HEAVIER RAINFALL IN THE AFTERNOON TOWARD JACKSON...
RESULTING IN LOCALIZED URBAN FLOODING. THUNDERSNOW WAS ALSO REPORTED
IN SOUTHERN LOWER MICHIGAN. BIGGER IMPACTS WERE REALIZED ON THE
21ST. MODERATE TO HEAVY SNOWFALL AND WINDS GUSTING TO 45-60 MPH
CREATED BLIZZARD LIKE CONDITIONS IN SOME AREAS. SIGNIFICANTLY
REDUCED VISIBILITIES AND STRONG WINDS RESULTED IN MULTIPLE TRAFFIC
ACCIDENTS AND A CLOSURE OF US-127 IN ISABELLA COUNTY.

YET ANOTHER BLAST OF ARCTIC AIR... STRONG WINDS AND LAKE EFFECT
SNOW RESULTED IN BLIZZARD LIKE CONDITIONS ON THE 27TH OF FEBRUARY.
BLOWING SNOW RESULTED IN VERY POOR CONDITIONS FOR THE MORNING
COMMUTE. GRAND RAPIDS RECEIVED 3.9 INCHES OF SNOW... WHICH MAKES THE
WINTER OF 2013-2014 THE SECOND SNOWIEST WINTER ON RECORD.

$$

EBW 63
