000
CXUS53 KGRR 011622
CLMGRR
CLIMATE REPORT
NATIONAL WEATHER SERVICE GRAND RAPIDS, MICHIGAN
1122 AM EST FRI DEC 01 2023
...................................
...THE GRAND RAPIDS CLIMATE SUMMARY FOR THE MONTH OF NOVEMBER 2023...
CLIMATE NORMAL PERIOD: 1991 TO 2020
CLIMATE RECORD PERIOD: 1892 TO 2023
WEATHER OBSERVED NORMAL DEPART LAST YEAR`S
VALUE DATE(S) VALUE FROM VALUE DATE(S)
NORMAL
................................................................
TEMPERATURE (F)
RECORD
HIGH 81 11/01/1950
LOW -10 11/25/1950
HIGHEST 66 11/16 66 0 75 11/10
LOWEST 18 11/28 16 2 18 11/19
11/25
11/20
11/22
AVG. MAXIMUM 48.5 47.2 1.3 49.0
AVG. MINIMUM 30.9 32.8 -1.9 32.8
MEAN 39.7 40.0 -0.3 40.9
DAYS MAX >= 90 0 0.0 0.0 0
DAYS MAX <= 32 1 2.4 -1.4 4
DAYS MIN <= 32 16 16.0 0.0 17
DAYS MIN <= 0 0 0.0 0.0 0
PRECIPITATION (INCHES)
RECORD
MAXIMUM 7.90 2003
MINIMUM 0.06 1904
TOTALS 1.67 3.10 -1.43 2.33
DAILY AVG. 0.06 0.10 -0.04 0.08
DAYS >= .01 7 12.9 -5.9 12
DAYS >= .10 3 6.9 -3.9 7
DAYS >= .50 2 1.9 0.1 0
DAYS >= 1.00 0 0.6 -0.6 0
GREATEST
24 HR. TOTAL 0.74 11/21 TO 11/21
SNOWFALL (INCHES)
RECORDS
TOTAL 31.0 2014
SNOW DEPTH 13 11/21/2000
TOTALS 1.8 7.1 -5.3 28.0
SINCE 7/1 1.9 7.4 -5.5 MM
SNOWDEPTH AVG. T 2
DAYS >= TRACE 5 4.5 0.5 9
DAYS >= 1.0 0 2.0 -2.0 4
GREATEST
SNOW DEPTH MM 10 11/19
11/20
DEGREE DAYS
HEATING TOTAL 752 750 2 714
SINCE 7/1 1245 1313 -68 MM
COOLING TOTAL 0 0 0 0
SINCE 1/1 668 733 -65 MM
FREEZE DATES
RECORD
EARLIEST 09/03/1946
LATEST 06/04/1945
EARLIEST 10/23
LATEST 04/27
................................................................
WIND (MPH)
AVERAGE WIND SPEED 9.5
RESULTANT WIND SPEED/DIRECTION 4/230
HIGHEST WIND SPEED/DIRECTION 36/170 DATE 11/06
HIGHEST GUST SPEED/DIRECTION 47/170 DATE 11/06
SKY COVER
POSSIBLE SUNSHINE (PERCENT) 45
AVERAGE SKY COVER 0.57
NUMBER OF DAYS FAIR 6
NUMBER OF DAYS PC 13
NUMBER OF DAYS CLOUDY 11
AVERAGE RH (PERCENT) 72
WEATHER CONDITIONS. NUMBER OF DAYS WITH
THUNDERSTORM 2 MIXED PRECIP 0
HEAVY RAIN 2 RAIN 2
LIGHT RAIN 8 FREEZING RAIN 0
LT FREEZING RAIN 0 HAIL 0
HEAVY SNOW 0 SNOW 0
LIGHT SNOW 4 SLEET 0
FOG 13 FOG W/VIS <= 1/4 MILE 0
HAZE 0
- INDICATES NEGATIVE NUMBERS.
R INDICATES RECORD WAS SET OR TIED.
MM INDICATES DATA IS MISSING.
T INDICATES TRACE AMOUNT.
$$