000
CXUS53 KIWX 010810
CF6GSH
PRELIMINARY LOCAL CLIMATOLOGICAL DATA (WS FORM: F-6)
STATION: GOSHEN
MONTH: JUNE
YEAR: 2022
LATITUDE: 41 31 N
LONGITUDE: 85 47 W
TEMPERATURE IN F: :PCPN: SNOW: WIND :SUNSHINE: SKY :PK WND
================================================================================
1 2 3 4 5 6A 6B 7 8 9 10 11 12 13 14 15 16 17 18
12Z AVG MX 2MIN
DY MAX MIN AVG DEP HDD CDD WTR SNW DPTH SPD SPD DIR MIN PSBL S-S WX SPD DR
================================================================================
1 76 58 67 1 0 2 0.63 M M 8.0 23 320 M M 5 13 33 250
2 75 53 64 -2 1 0 T M M 7.2 18 320 M M 3 8 26 320
3 79 51 65 -2 0 0 0.00 M M 8.6 24 290 M M 0 32 310
4 76 46 61 -6 4 0 T M M 3.7 16 10 M M 3 22 360
5 84 60 72 5 0 7 0.00 M M 6.4 15 190 M M 6 20 210
6 79 60 70 2 0 5 1.13 M M 5.9 18 180 M M 4 13 26 190
7 73 53 63 -5 2 0 0.03 M M 8.1 20 320 M M 6 1 26 320
8 70 51 61 -7 4 0 0.47 M M 7.0 17 270 M M 4 1 25 260
9 74 55 65 -3 0 0 0.00 M M 8.0 20 300 M M 5 27 310
10 77 51 64 -5 1 0 0.00 M M 5.8 16 280 M M 3 23 190
11 74 54 64 -5 1 0 0.00 M M 6.1 15 230 M M 3 1 21 220
12 82 62 72 3 0 7 T M M 2.2 14 220 M M 6 18 16 230
13 89 66 78 8 0 13 0.00 M M 7.0 15 80 M M 2 18 26 70
14 M M M M M M M M M M M M M M M M M
15 M M M M M M M M M M M M M M M M M
16 92 73 83 13 0 18 T 0.0 0 M M M M M M M M
17 80 63 72 2 0 7 0.00 0.0 0 11.2 23 330 M M 0 32 350
18 76 54 65 -6 0 0 0.00 M M 8.9 16 30 M M 0 23 30
19 80 51 66 -5 0 1 0.00 M M 3.2 12 230 M M 0 18 160
20 88 60 74 3 0 9 0.00 M M 8.4 15 220 M M 0 22 230
21 94 64 79 8 0 14 0.00 M M 10.4 21 240 M M 0 28 240
22 83 67 75 3 0 10 0.00 M M 10.3 21 320 M M 0 28 320
23 82 59 71 -1 0 6 0.00 M M 5.0 15 360 M M 0 22 20
24 88 56 72 0 0 7 0.00 M M 2.4 12 150 M M 0 8 16 150
25 81 63 72 0 0 7 T M M 6.2 15 190 M M 3 19 210
26 79 62 71 -1 0 6 0.06 M M 10.3 25 330 M M 5 138 33 330
27 73 52 63 -9 2 0 0.00 M M 7.7 21 310 M M 1 31 290
28 78 47 63 -9 2 0 0.00 M M 2.4 8 250 M M 0 M M
29 M M M M M M M M M M M M M M M M M
30 M M M M M M 0.00 M M M M M M M M M M
================================================================================
SM 2082 1491 17 119 2.32 0.0 170.4 M 59
================================================================================
AV 80.1 57.3 6.8 FASTST M M 2 MAX(MPH)
MISC ----> 25 330 # 33 250
================================================================================
NOTES:
# LAST OF SEVERAL OCCURRENCES
COLUMN 17 PEAK WIND IN M.P.H.
PRELIMINARY LOCAL CLIMATOLOGICAL DATA (WS FORM: F-6) , PAGE 2
STATION: GOSHEN
MONTH: JUNE
YEAR: 2022
LATITUDE: 41 31 N
LONGITUDE: 85 47 W
[TEMPERATURE DATA] [PRECIPITATION DATA] SYMBOLS USED IN COLUMN 16
AVERAGE MONTHLY: 68.7 TOTAL FOR MONTH: 2.32 1 = FOG OR MIST
DPTR FM NORMAL: -1.2 DPTR FM NORMAL: -1.15 2 = FOG REDUCING VISIBILITY
HIGHEST: 94 ON 21 GRTST 24HR 1.16 ON 6- 7 TO 1/4 MILE OR LESS
LOWEST: 46 ON 4 3 = THUNDER
SNOW, ICE PELLETS, HAIL 4 = ICE PELLETS
TOTAL MONTH: 0.0 INCH 5 = HAIL
GRTST 24HR 0.0 6 = FREEZING RAIN OR DRIZZLE
GRTST DEPTH: 0 7 = DUSTSTORM OR SANDSTORM:
VSBY 1/2 MILE OR LESS
8 = SMOKE OR HAZE
[NO. OF DAYS WITH] [WEATHER - DAYS WITH] 9 = BLOWING SNOW
X = TORNADO
MAX 32 OR BELOW: 0 0.01 INCH OR MORE: 5
MAX 90 OR ABOVE: 2 0.10 INCH OR MORE: 3
MIN 32 OR BELOW: 0 0.50 INCH OR MORE: 2
MIN 0 OR BELOW: 0 1.00 INCH OR MORE: 1
[HDD (BASE 65) ]
TOTAL THIS MO. 17 CLEAR (SCALE 0-3) 15
DPTR FM NORMAL -13 PTCLDY (SCALE 4-7) 10
TOTAL FM JUL 1 5733 CLOUDY (SCALE 8-10) 5
DPTR FM NORMAL -443
[CDD (BASE 65) ]
TOTAL THIS MO. 119
DPTR FM NORMAL -57 [PRESSURE DATA]
TOTAL FM JAN 1 223 HIGHEST SLP M ON M
DPTR FM NORMAL -16 LOWEST SLP 29.66 ON 6
[REMARKS]
#FINAL-06-22#