000
CXUS52 KRAH 011322
CLMGSO
CLIMATE REPORT
NATIONAL WEATHER SERVICE RALEIGH NC
922 AM EDT TUE AUG 01 2023
...................................
...THE GREENSBORO NC CLIMATE SUMMARY FOR THE MONTH OF JULY 2023...
CLIMATE NORMAL PERIOD 1991 TO 2020
CLIMATE RECORD PERIOD 1903 TO 2023
WEATHER OBSERVED NORMAL DEPART LAST YEAR`S
VALUE DATE(S) VALUE FROM VALUE
NORMAL
..............................................................
TEMPERATURE (F)
RECORD
HIGH 102 07/08/1977
07/14/1954
LOW 48 07/05/1933
HIGHEST 95 07/28 94
LOWEST 65 07/11 62
07/23
AVG. MAXIMUM 88.9 88.5 0.4 89.0
AVG. MINIMUM 70.0 69.3 0.7 70.1
MEAN 79.5 78.9 0.6 79.5
DAYS MAX >= 90 14 16
DAYS MAX <= 32 0 0
DAYS MIN <= 32 0 0
DAYS MIN <= 0 0 0
PRECIPITATION (INCHES)
RECORD
MAXIMUM 12.72 1984
TOTALS 3.08 4.18 -1.10 7.01
DAYS >= .01 8
DAYS >= .10 5
DAYS >= .50 2
DAYS >= 1.00 1
GREATEST
24 HR. TOTAL 1.62 07/09 TO 07/09
DEGREE DAYS
HEATING TOTAL 0 0 0 0
SINCE 7/1 0 0 0 MM
COOLING TOTAL 457 431 26 459
SINCE 1/1 757 928 -171 MM
..............................................................
WIND (MPH)
AVERAGE WIND SPEED 5.9
HIGHEST WIND SPEED/DIRECTION 36/310 DATE 07/09
HIGHEST GUST SPEED/DIRECTION 43/310 DATE 07/09
SKY COVER
POSSIBLE SUNSHINE (PERCENT) MM
AVERAGE SKY COVER 0.60
NUMBER OF DAYS FAIR 3
NUMBER OF DAYS PC 20
NUMBER OF DAYS CLOUDY 8
AVERAGE RH (PERCENT) 69
WEATHER CONDITIONS. NUMBER OF DAYS WITH
THUNDERSTORM 12 MIXED PRECIP 0
HEAVY RAIN 4 RAIN 3
LIGHT RAIN 13 FREEZING RAIN 0
LT FREEZING RAIN 0 HAIL 0
HEAVY SNOW 0 SNOW 0
LIGHT SNOW 0 SLEET 0
FOG 9 FOG W/VIS <= 1/4 MILE 1
HAZE 7
- INDICATES NEGATIVE NUMBERS.
R INDICATES RECORD WAS SET OR TIED.
MM INDICATES DATA IS MISSING.
T INDICATES TRACE AMOUNT.
&&
A RECORD DAILY HIGH MINIMUM TEMPERATURE OF 74 DEGREES WAS SET AT
GREENSBORO NC ON JULY 28TH. THIS TIES THE PREVIOUS RECORD OF 74
DEGREES SET IN 2022.
$$