186
CXUS52 KGSP 010917
CF6GSP
PRELIMINARY LOCAL CLIMATOLOGICAL DATA (WS FORM: F-6)
STATION: GREENVILLE-SPARTANBURG SC
MONTH: FEBRUARY
YEAR: 2021
LATITUDE: 34 54 N
LONGITUDE: 82 13 W
TEMPERATURE IN F: :PCPN: SNOW: WIND :SUNSHINE: SKY :PK WND
================================================================================
1 2 3 4 5 6A 6B 7 8 9 10 11 12 13 14 15 16 17 18
12Z AVG MX 2MIN
DY MAX MIN AVG DEP HDD CDD WTR SNW DPTH SPD SPD DIR MIN PSBL S-S WX SPD DR
================================================================================
1 45 35 40 -3 25 0 0.00 0.0 0 5.7 18 330 M M 10 12 29 320
2 42 31 37 -7 28 0 0.00 0.0 0 10.8 22 330 M M 4 36 340
3 50 28 39 -5 26 0 0.00 0.0 0 9.2 18 10 M M 0 30 340
4 49 23 36 -8 29 0 0.00 0.0 0 3.6 10 220 M M 2 14 220
5 57 35 46 2 19 0 0.05 0.0 0 6.7 17 260 M M 4 18 27 270
6 50 26 38 -6 27 0 0.72 1.0 0 3.6 22 110 M M 5 1 28 120
7 50 31 41 -3 24 0 0.08 0.8 2 6.3 23 360 M M 4 1 28 10
8 55 26 41 -3 24 0 0.00 0.0 0 3.7 9 210 M M 2 13 180
9 66 40 53 8 12 0 T 0.0 0 4.5 13 240 M M 5 18 210
10 66 37 52 7 13 0 0.00 0.0 0 4.7 13 30 M M 1 128 16 50
11 56 42 49 4 16 0 0.36 0.0 0 3.8 20 60 M M 10 1238 24 60
12 42 35 39 -6 26 0 0.04 T 0 11.0 18 30 M M 10 1 26 30
13 40 35 38 -7 27 0 0.64 T 0 8.8 15 30 M M 10 14 22 50
14 42 38 40 -6 25 0 0.28 0.0 0 9.1 15 50 M M 10 1 20 50
15 41 38 40 -6 25 0 0.83 0.0 0 9.0 16 60 M M 10 13 22 50
16 44 28 36 -10 29 0 0.01 0.0 0 10.4 26 230 M M 5 1 35 230
17 49 25 37 -9 28 0 0.00 0.0 0 7.4 14 30 M M 2 18 10
18 40 34 37 -9 28 0 0.36 0.0 0 11.1 21 20 M M 10 1 27 40
19 55 32 44 -2 21 0 T 0.0 0 4.3 15 350 M M 5 1 22 320
20 52 26 39 -8 26 0 0.00 0.0 0 4.2 15 360 M M 0 22 360
21 51 26 39 -8 26 0 0.00 0.0 0 5.5 13 120 M M 1 16 140
22 58 36 47 0 18 0 0.43 0.0 0 6.0 15 230 M M 6 1 20 210
23 69 31 50 2 15 0 0.00 0.0 0 6.6 17 210 M M 0 23 200
24 72 32 52 4 13 0 0.00 0.0 0 7.1 23 210 M M 0 28 270
25 73 42 58 10 7 0 0.00 0.0 0 4.7 13 210 M M 1 15 120
26 54 39 47 -1 18 0 0.67 0.0 0 10.2 17 40 M M 7 1 22 30
27 61 39 50 2 15 0 0.02 0.0 0 5.5 15 210 M M 9 128 18 220
28 74 48 61 12 4 0 T 0.0 0 6.3 21 220 M M 7 12 27 210
================================================================================
SM 1503 938 594 0 4.49 1.8 189.8 M 140
================================================================================
AV 53.7 33.5 6.8 FASTST M M 5 MAX(MPH)
MISC ----> 26 230 36 340
================================================================================
NOTES:
# LAST OF SEVERAL OCCURRENCES
COLUMN 17 PEAK WIND IN M.P.H.
PRELIMINARY LOCAL CLIMATOLOGICAL DATA (WS FORM: F-6) , PAGE 2
STATION: GREENVILLE-SPARTANBURG SC
MONTH: FEBRUARY
YEAR: 2021
LATITUDE: 34 54 N
LONGITUDE: 82 13 W
[TEMPERATURE DATA] [PRECIPITATION DATA] SYMBOLS USED IN COLUMN 16
AVERAGE MONTHLY: 43.6 TOTAL FOR MONTH: 4.49 1 = FOG OR MIST
DPTR FM NORMAL: -2.1 DPTR FM NORMAL: 0.52 2 = FOG REDUCING VISIBILITY
HIGHEST: 74 ON 28 GRTST 24HR 0.84 ON 15-16 TO 1/4 MILE OR LESS
LOWEST: 23 ON 4 3 = THUNDER
SNOW, ICE PELLETS, HAIL 4 = ICE PELLETS
TOTAL MONTH: 1.8 INCHES 5 = HAIL
GRTST 24HR 1.0 ON 6- 6 6 = FREEZING RAIN OR DRIZZLE
GRTST DEPTH: 2 ON 7 7 = DUSTSTORM OR SANDSTORM:
VSBY 1/2 MILE OR LESS
8 = SMOKE OR HAZE
[NO. OF DAYS WITH] [WEATHER - DAYS WITH] 9 = BLOWING SNOW
X = TORNADO
MAX 32 OR BELOW: 0 0.01 INCH OR MORE: 13
MAX 90 OR ABOVE: 0 0.10 INCH OR MORE: 8
MIN 32 OR BELOW: 13 0.50 INCH OR MORE: 4
MIN 0 OR BELOW: 0 1.00 INCH OR MORE: 0
[HDD (BASE 65) ]
TOTAL THIS MO. 594 CLEAR (SCALE 0-3) 10
DPTR FM NORMAL 55 PTCLDY (SCALE 4-7) 10
TOTAL FM JUL 1 2379 CLOUDY (SCALE 8-10) 8
DPTR FM NORMAL -70
[CDD (BASE 65) ]
TOTAL THIS MO. 0
DPTR FM NORMAL 0 [PRESSURE DATA]
TOTAL FM JAN 1 0 HIGHEST SLP 30.57 ON 21
DPTR FM NORMAL 0 LOWEST SLP 29.74 ON 16
[REMARKS]
#FINAL-02-21#