000
CXUS54 KAMA 010710
CF6GUY
PRELIMINARY LOCAL CLIMATOLOGICAL DATA (WS FORM: F-6)
STATION: GUYMON
MONTH: OCTOBER
YEAR: 2023
LATITUDE: 36 41 N
LONGITUDE: 101 30 W
TEMPERATURE IN F: :PCPN: SNOW: WIND :SUNSHINE: SKY :PK WND
================================================================================
1 2 3 4 5 6A 6B 7 8 9 10 11 12 13 14 15 16 17 18
12Z AVG MX 2MIN
DY MAX MIN AVG DEP HDD CDD WTR SNW DPTH SPD SPD DIR MIN PSBL S-S WX SPD DR
================================================================================
1 85 61 73 8 0 8 0.03 M M 11.7 26 190 M M 4 3 38 170
2 86 58 72 8 0 7 0.47 M M 11.9 33 250 M M 3 13 47 270
3 86 56 71 7 0 6 0.03 M M 10.1 25 220 M M 3 3 37 220
4 73 50 62 -1 3 0 0.00 M M 9.0 22 30 M M 2 31 20
5 80 47 64 1 1 0 0.00 M M 7.6 16 10 M M 0 23 360
6 66 39 53 -9 12 0 0.00 M M 9.0 29 60 M M 2 42 40
7 72 39 56 -6 9 0 0.00 M M 6.7 20 220 M M 3 27 210
8 81 42 62 0 3 0 0.00 M M 4.3 12 60 M M 0 17 60
9 82 46 64 3 1 0 0.00 M M 6.1 12 120 M M 0 17 90
10 89 43 66 5 0 1 0.00 M M 11.1 28 200 M M 0 40 210
11 91 50 71 11 0 6 0.00 M M 13.0 30 210 M M 0 40 220
12 82 50 66 6 0 1 0.00 M M 15.4 38 240 M M 0 52 240
13 64 39 52 -7 13 0 0.00 M M 17.2 32 340 M M 0 47 360
14 60 35 48 -11 17 0 0.00 M M 8.8 21 360 M M 0 27 360
15 66 31 49 -9 16 0 0.00 M M 4.7 12 30 M M 0 15 30
16 74 31 53 -5 12 0 0.00 M M 4.3 10 130 M M 0 15 130
17 86 37 62 4 3 0 0.00 M M 6.7 15 170 M M 0 22 180
18 76 44 60 3 5 0 0.00 M M 10.2 29 20 M M 0 39 10
19 88 45 67 10 0 2 0.00 M M 5.6 20 340 M M 0 28 350
20 92 47 70 14 0 5 0.00 M M 7.2 20 220 M M 0 28 240
21 88 45 67 11 0 2 0.00 M M 7.3 17 140 M M 0 25 140
22 89 41 65 10 0 0 0.00 M M 8.1 20 170 M M 0 31 160
23 88 55 72 17 0 7 T M M 15.0 25 180 M M 0 39 190
24 83 54 69 14 0 4 0.00 M M 8.9 17 200 M M 0 27 220
25 80 56 68 14 0 3 T M M 8.0 18 200 M M 3 27 200
26 84 43 64 10 1 0 T M M 10.5 33 10 M M 0 46 10
27 53 35 44 -9 21 0 0.00 M M 12.3 24 360 M M 1 32 350
28 37 29 33 -20 32 0 0.01 M M 9.6 20 20 M M 8 1 27 30
29 37 23 30 -23 35 0 0.00 M M 15.8 26 360 M M 8 36 10
30 49 16 33 -19 32 0 0.00 M M 6.1 15 240 M M 0 20 270
31 51 21 36 -16 29 0 0.00 M M 6.0 13 10 M M 0 17 350
================================================================================
SM 2318 1308 245 52 0.54 M 288.2 M 37
================================================================================
AV 74.8 42.2 9.3 FASTST M M 1 MAX(MPH)
MISC ----> 38 240 52 240
================================================================================
NOTES:
# LAST OF SEVERAL OCCURRENCES
COLUMN 17 PEAK WIND IN M.P.H.
PRELIMINARY LOCAL CLIMATOLOGICAL DATA (WS FORM: F-6) , PAGE 2
STATION: GUYMON
MONTH: OCTOBER
YEAR: 2023
LATITUDE: 36 41 N
LONGITUDE: 101 30 W
[TEMPERATURE DATA] [PRECIPITATION DATA] SYMBOLS USED IN COLUMN 16
AVERAGE MONTHLY: 58.5 TOTAL FOR MONTH: 0.54 1 = FOG OR MIST
DPTR FM NORMAL: 0.5 DPTR FM NORMAL: -1.21 2 = FOG REDUCING VISIBILITY
HIGHEST: 92 ON 20 GRTST 24HR 0.50 ON 2- 3 TO 1/4 MILE OR LESS
LOWEST: 16 ON 30 3 = THUNDER
SNOW, ICE PELLETS, HAIL 4 = ICE PELLETS
TOTAL MONTH: M 5 = HAIL
GRTST 24HR M ON M 6 = FREEZING RAIN OR DRIZZLE
GRTST DEPTH: M ON M 7 = DUSTSTORM OR SANDSTORM:
VSBY 1/2 MILE OR LESS
8 = SMOKE OR HAZE
[NO. OF DAYS WITH] [WEATHER - DAYS WITH] 9 = BLOWING SNOW
X = TORNADO
MAX 32 OR BELOW: 0 0.01 INCH OR MORE: 4
MAX 90 OR ABOVE: 2 0.10 INCH OR MORE: 1
MIN 32 OR BELOW: 6 0.50 INCH OR MORE: 0
MIN 0 OR BELOW: 0 1.00 INCH OR MORE: 0
[HDD (BASE 65) ]
TOTAL THIS MO. 245 CLEAR (SCALE 0-3) 27
DPTR FM NORMAL -7 PTCLDY (SCALE 4-7) 4
TOTAL FM JUL 1 250 CLOUDY (SCALE 8-10) 0
DPTR FM NORMAL -38
[CDD (BASE 65) ]
TOTAL THIS MO. 52
DPTR FM NORMAL 15 [PRESSURE DATA]
TOTAL FM JAN 1 1537 HIGHEST SLP M ON M
DPTR FM NORMAL -101 LOWEST SLP 29.19 ON 12
[REMARKS]
#FINAL-10-23#