000
CXUS54 KAMA 011543
CLMGUY
CLIMATE REPORT
NATIONAL WEATHER SERVICE AMARILLO
1043 AM CDT SAT APR 01 2023
...................................
...THE GUYMON CLIMATE SUMMARY FOR THE MONTH OF MARCH 2023...
CLIMATE NORMAL PERIOD: 1991 TO 2020
CLIMATE RECORD PERIOD: 1998 TO 2023
WEATHER OBSERVED NORMAL DEPART LAST YEAR`S
VALUE DATE(S) VALUE FROM VALUE DATE(S)
NORMAL
................................................................
TEMPERATURE (F)
HIGHEST 82 03/15 88 03/28
LOWEST 13 03/19 16 03/12
03/07
03/09
AVG. MAXIMUM 61.0 63.1 -2.1 65.9
AVG. MINIMUM 31.9 32.0 -0.1 30.6
MEAN 46.5 47.6 -1.1 48.3
DAYS MAX >= 90 0 0.2 -0.2 0
DAYS MAX <= 32 0 0.6 -0.6 1
DAYS MIN <= 32 19 15.8 3.2 16
DAYS MIN <= 0 0 0.0 0.0 0
PRECIPITATION (INCHES)
TOTALS 0.24R 1.11 -0.87 0.31
DAILY AVG. 0.01 0.04 -0.03 0.01
DAYS >= .01 2 5.3 -3.3 6
DAYS >= .10 1 2.6 -1.6 1
DAYS >= .50 0 0.6 -0.6 0
DAYS >= 1.00 0 0.2 -0.2 0
GREATEST
24 HR. TOTAL 0.21 03/23 TO 03/23
SNOWFALL (INCHES)
TOTALS MM MM MM MM
SINCE 7/1 MM MM MM MM
DAYS >= TRACE MM MM MM
DAYS >= 1.0 MM MM MM MM
GREATEST
SNOW DEPTH MM
24 HR TOTAL MM
DEGREE DAYS
HEATING TOTAL 569 545 24 517
SINCE 7/1 3928 3910 18 MM
COOLING TOTAL 0 4 -4 6
SINCE 1/1 0 4 -4 MM
................................................................
WIND (MPH)
AVERAGE WIND SPEED 13.4
HIGHEST WIND SPEED/DIRECTION 43/210 DATE 03/22
HIGHEST GUST SPEED/DIRECTION 60/290 DATE 03/31
SKY COVER
POSSIBLE SUNSHINE (PERCENT) MM
NUMBER OF DAYS FAIR 21
NUMBER OF DAYS PC 9
NUMBER OF DAYS CLOUDY 1
AVERAGE RH (PERCENT) 51
WEATHER CONDITIONS. NUMBER OF DAYS WITH
THUNDERSTORM 0 MIXED PRECIP 0
HEAVY RAIN 0 RAIN 1
LIGHT RAIN 2 FREEZING RAIN 0
LT FREEZING RAIN 0 HEAVY SNOW 0
SNOW 1 LIGHT SNOW 1
SLEET 0 FOG 3
FOG W/VIS <= 1/4 MILE 1 HAZE 3
- INDICATES NEGATIVE NUMBERS.
R INDICATES RECORD WAS SET OR TIED.
MM INDICATES DATA IS MISSING.
T INDICATES TRACE AMOUNT.
$$