000
CXUS52 KFFC 011010
CF6GVL
PRELIMINARY LOCAL CLIMATOLOGICAL DATA (WS FORM: F-6)
STATION: GAINESVILLE
MONTH: JULY
YEAR: 2021
LATITUDE: 34 16 N
LONGITUDE: 83 50 W
TEMPERATURE IN F: :PCPN: SNOW: WIND :SUNSHINE: SKY :PK WND
================================================================================
1 2 3 4 5 6A 6B 7 8 9 10 11 12 13 14 15 16 17 18
12Z AVG MX 2MIN
DY MAX MIN AVG DEP HDD CDD WTR SNW DPTH SPD SPD DIR MIN PSBL S-S WX SPD DR
================================================================================
1 87 68 78 0 0 13 0.04 0.0 M 5.0 17 260 M M 3 1 24 260
2 83 69 76 -2 0 11 0.34 0.0 M 6.4 13 250 M M 5 1 22 240
3 83 64 74 -4 0 9 0.00 0.0 M 3.1 9 80 M M 2 12 120
4 85 63 74 -4 0 9 0.00 M M 2.5 9 260 M M 1 8 13 260
5 88 67 78 0 0 13 0.00 M M 3.9 12 110 M M 1 18 16 100
6 87 68 78 0 0 13 0.00 M M 4.3 10 140 M M 2 16 120
7 86 69 78 -1 0 13 0.06 M M 5.5 14 150 M M 5 13 22 140
8 85 69 77 -2 0 12 0.02 M M 6.9 22 240 M M 4 30 290
9 83 69 76 -3 0 11 0.26 M M 8.3 23 350 M M 3 138 41 360
10 87 70 79 0 0 14 0.05 M M 6.3 20 350 M M 3 138 34 350
11 84 69 77 -2 0 12 0.12 0.0 M 6.0 13 230 M M 5 138 20 230
12 83 68 76 -3 0 11 0.29 M M 4.6 12 230 M M 7 13 17 240
13 83 67 75 -4 0 10 0.02 M M 3.8 10 190 M M 6 12 17 140
14 86 69 78 -1 0 13 0.00 M M 3.5 14 250 M M 2 13 18 270
15 89 70 80 1 0 15 0.00 M M 4.6 12 280 M M 1 1 17 280
16 90 71 81 2 0 16 0.14 M M 5.0 10 350 M M 2 13 15 150
17 88 68 78 -1 0 13 0.06 M M 2.5 10 310 M M 2 13 13 270
18 85 71 78 -1 0 13 0.78 M M 4.3 14 250 M M 6 1 23 150
19 81 70 76 -3 0 11 0.53 M M 3.2 9 70 M M 8 13 19 190
20 75 69 72 -7 0 7 1.62 M M 6.6 14 90 M M 9 12 20 50
21 87 71 79 0 0 14 0.00 M M 4.0 6 260 M M 6 M M
22 89 72 81 2 0 16 0.00 M M 3.5 8 320 M M 4 1 11 320
23 90 73 82 3 0 17 0.00 M M 4.4 9 250 M M 2 8 11 250
24 89 72 81 2 0 16 T M M 4.5 12 240 M M 4 138 19 210
25 90 72 81 2 0 16 T M M 2.4 10 340 M M 4 18 13 330
26 93 74 84 5 0 19 0.00 0.0 M 4.3 13 110 M M 2 13 18 240
27 90 73 82 3 0 17 0.06 M 0 2.4 10 20 M M 2 13 15 230
28 93 73 83 4 0 18 T 0.0 M 4.3 10 90 M M 1 17 110
29 94 74 84 5 0 19 0.00 M M 4.3 13 250 M M 0 21 230
30 91 76 84 5 0 19 0.00 M M 6.6 14 280 M M 1 38 20 260
31 91 74 83 4 0 18 0.00 M M 5.0 8 300 M M 2 11 300
================================================================================
SM 2695 2172 0 428 4.39 0.0 142.0 M 105
================================================================================
AV 86.9 70.1 4.6 FASTST M M 3 MAX(MPH)
MISC ----> 23 350 41 360
================================================================================
NOTES:
# LAST OF SEVERAL OCCURRENCES
COLUMN 17 PEAK WIND IN M.P.H.
PRELIMINARY LOCAL CLIMATOLOGICAL DATA (WS FORM: F-6) , PAGE 2
STATION: GAINESVILLE
MONTH: JULY
YEAR: 2021
LATITUDE: 34 16 N
LONGITUDE: 83 50 W
[TEMPERATURE DATA] [PRECIPITATION DATA] SYMBOLS USED IN COLUMN 16
AVERAGE MONTHLY: 78.5 TOTAL FOR MONTH: 4.39 1 = FOG OR MIST
DPTR FM NORMAL: -0.3 DPTR FM NORMAL: -0.03 2 = FOG REDUCING VISIBILITY
HIGHEST: 94 ON 29 GRTST 24HR 2.15 ON 19-20 TO 1/4 MILE OR LESS
LOWEST: 63 ON 4 3 = THUNDER
SNOW, ICE PELLETS, HAIL 4 = ICE PELLETS
TOTAL MONTH: 0.0 INCH 5 = HAIL
GRTST 24HR 0.0 6 = FREEZING RAIN OR DRIZZLE
GRTST DEPTH: 0 7 = DUSTSTORM OR SANDSTORM:
VSBY 1/2 MILE OR LESS
8 = SMOKE OR HAZE
[NO. OF DAYS WITH] [WEATHER - DAYS WITH] 9 = BLOWING SNOW
X = TORNADO
MAX 32 OR BELOW: 0 0.01 INCH OR MORE: 15
MAX 90 OR ABOVE: 9 0.10 INCH OR MORE: 8
MIN 32 OR BELOW: 0 0.50 INCH OR MORE: 3
MIN 0 OR BELOW: 0 1.00 INCH OR MORE: 1
[HDD (BASE 65) ]
TOTAL THIS MO. 0 CLEAR (SCALE 0-3) 15
DPTR FM NORMAL 0 PTCLDY (SCALE 4-7) 15
TOTAL FM JUL 1 0 CLOUDY (SCALE 8-10) 1
DPTR FM NORMAL 0
[CDD (BASE 65) ]
TOTAL THIS MO. 428
DPTR FM NORMAL 0 [PRESSURE DATA]
TOTAL FM JAN 1 938 HIGHEST SLP 30.32 ON 13
DPTR FM NORMAL -11 LOWEST SLP 29.81 ON 2
[REMARKS]
#FINAL-07-21#