000
CXUS54 KJAN 020352
CF6GWO
PRELIMINARY LOCAL CLIMATOLOGICAL DATA (WS FORM: F-6)
STATION: GREENWOOD
MONTH: JULY
YEAR: 2022
LATITUDE: 33 30 N
LONGITUDE: 90 5 W
TEMPERATURE IN F: :PCPN: SNOW: WIND :SUNSHINE: SKY :PK WND
================================================================================
1 2 3 4 5 6A 6B 7 8 9 10 11 12 13 14 15 16 17 18
12Z AVG MX 2MIN
DY MAX MIN AVG DEP HDD CDD WTR SNW DPTH SPD SPD DIR MIN PSBL S-S WX SPD DR
================================================================================
1 94 74 84 3 0 19 0.27 0.0 0 3.6 18 200 M M 2 3 29 230
2 93 73 83 2 0 18 0.52 0.0 0 5.4 21 200 M M 2 13 31 220
3 89 75 82 1 0 17 T 0.0 0 4.3 12 230 M M 3 16 210
4 93 78 86 5 0 21 0.51 0.0 0 4.8 13 180 M M 3 1 18 180
5 98 77 88 7 0 23 0.32 0.0 0 4.3 18 140 M M 1 13 26 150
6 95 76 86 5 0 21 0.00 0.0 0 5.2 12 190 M M 1 3 14 180
7 95 77 86 5 0 21 0.00 0.0 0 2.9 10 190 M M 1 14 190
8 96 79 88 7 0 23 0.00 0.0 0 3.7 12 210 M M 1 16 240
9 97 77 87 6 0 22 T 0.0 0 6.6 17 80 M M 1 38 31 20
10 91 75 83 2 0 18 0.00 0.0 0 3.7 13 20 M M 5 18 20
11 96 72 84 3 0 19 0.00 0.0 0 1.8 8 40 M M 0 1 12 30
12 98 71 85 3 0 20 0.00 0.0 0 2.3 9 50 M M 0 1 13 40
13 97 75 86 4 0 21 0.26 0.0 0 3.0 31 30 M M 1 13 49 30
14 96 74 85 3 0 20 0.00 0.0 0 2.8 15 170 M M 0 19 170
15 96 73 85 3 0 20 0.00 0.0 0 3.1 10 70 M M 1 13 105
16 96 74 85 3 0 20 0.00 0.0 0 2.6 9 170 M M 0 1 13 180
17 97 76 87 5 0 22 0.00 0.0 0 6.4 16 180 M M 0 23 170
18 92 72 82 0 0 17 0.95 0.0 0 7.4 23 360 M M 5 13 34 350
19 94 80 87 5 0 22 0.05 0.0 0 9.1 17 190 M M 3 13 24 170
20 95 79 87 5 0 22 0.00 0.0 0 9.2 17 210 M M 0 23 200
21 96 74 85 3 0 20 0.80 0.0 0 7.1 29 200 M M 2 3 43 220
22 95 72 84 2 0 19 0.00 0.0 0 5.0 14 200 M M 2 22 180
23 92 75 84 2 0 19 T 0.0 0 4.5 15 210 M M 3 20 200
24 94 77 86 4 0 21 0.07 0.0 0 4.7 12 210 M M 4 1 15 210
25 94 76 85 3 0 20 0.00 0.0 0 5.5 10 170 M M 0 16 170
26 96 77 87 5 0 22 0.00 0.0 0 6.9 13 190 M M 2 19 190
27 97 76 87 5 0 22 0.00 0.0 0 5.9 13 210 M M 0 8 17 210
28 96 77 87 5 0 22 0.00 0.0 0 5.5 12 200 M M 1 17 210
29 92 76 84 2 0 19 0.06 0.0 0 4.6 14 210 M M 2 3 20 210
30 90 76 83 1 0 18 0.93 0.0 0 4.0 17 220 M M 4 123 23 210
31 92 75 84 2 0 19 T 0.0 0 4.8 14 220 M M 1 138 22 330
================================================================================
SM 2932 2338 0 627 4.74 0.0 150.7 M 51
================================================================================
AV 94.6 75.4 4.9 FASTST M M 2 MAX(MPH)
MISC ----> 31 30 49 30
================================================================================
NOTES:
# LAST OF SEVERAL OCCURRENCES
COLUMN 17 PEAK WIND IN M.P.H.
PRELIMINARY LOCAL CLIMATOLOGICAL DATA (WS FORM: F-6) , PAGE 2
STATION: GREENWOOD
MONTH: JULY
YEAR: 2022
LATITUDE: 33 30 N
LONGITUDE: 90 5 W
[TEMPERATURE DATA] [PRECIPITATION DATA] SYMBOLS USED IN COLUMN 16
AVERAGE MONTHLY: 85.0 TOTAL FOR MONTH: 4.74 1 = FOG OR MIST
DPTR FM NORMAL: 3.5 DPTR FM NORMAL: 0.92 2 = FOG REDUCING VISIBILITY
HIGHEST: 98 ON 12, 5 GRTST 24HR 1.53 ON 30- 1 TO 1/4 MILE OR LESS
LOWEST: 71 ON 12 3 = THUNDER
SNOW, ICE PELLETS, HAIL 4 = ICE PELLETS
TOTAL MONTH: 0.0 INCH 5 = HAIL
GRTST 24HR 0.0 6 = FREEZING RAIN OR DRIZZLE
GRTST DEPTH: 0 7 = DUSTSTORM OR SANDSTORM:
VSBY 1/2 MILE OR LESS
8 = SMOKE OR HAZE
[NO. OF DAYS WITH] [WEATHER - DAYS WITH] 9 = BLOWING SNOW
X = TORNADO
MAX 32 OR BELOW: 0 0.01 INCH OR MORE: 11
MAX 90 OR ABOVE: 30 0.10 INCH OR MORE: 8
MIN 32 OR BELOW: 0 0.50 INCH OR MORE: 5
MIN 0 OR BELOW: 0 1.00 INCH OR MORE: 0
[HDD (BASE 65) ]
TOTAL THIS MO. 0 CLEAR (SCALE 0-3) 25
DPTR FM NORMAL 0 PTCLDY (SCALE 4-7) 6
TOTAL FM JUL 1 0 CLOUDY (SCALE 8-10) 0
DPTR FM NORMAL 0
[CDD (BASE 65) ]
TOTAL THIS MO. 627
DPTR FM NORMAL 114 [PRESSURE DATA]
TOTAL FM JAN 1 1681 HIGHEST SLP 30.17 ON 31
DPTR FM NORMAL 393 LOWEST SLP 29.82 ON 21
[REMARKS]
#FINAL-07-22#