000
CXUS54 KEWX 011010
CF6GYB
PRELIMINARY LOCAL CLIMATOLOGICAL DATA (WS FORM: F-6)
STATION: GIDDINGS-LEE COUNTY AIRPORT
MONTH: AUGUST
YEAR: 2022
LATITUDE: 30 10 N
LONGITUDE: 96 59 W
TEMPERATURE IN F: :PCPN: SNOW: WIND :SUNSHINE: SKY :PK WND
================================================================================
1 2 3 4 5 6A 6B 7 8 9 10 11 12 13 14 15 16 17 18
12Z AVG MX 2MIN
DY MAX MIN AVG DEP HDD CDD WTR SNW DPTH SPD SPD DIR MIN PSBL S-S WX SPD DR
================================================================================
1 100 72 86 M 0 21 0.00 M M 5.6 12 180 M M 2 18 200
2 101 77 89 M 0 24 0.00 M M 8.7 14 210 M M 1 24 190
3 101 77 89 M 0 24 0.00 M M 8.4 16 190 M M 3 24 190
4 101 75 88 M 0 23 0.00 M M 6.8 14 220 M M 2 1 20 160
5 100 76 88 M 0 23 0.00 M M 5.3 12 160 M M 2 24 0
6 95 75 85 M 0 20 0.00 M M 4.3 13 70 M M 2 20 70
7 97 73 85 M 0 20 0.07 M M 3.6 8 260 M M 2 21 290
8 99 73 86 M 0 21 0.00 M M 4.0 9 170 M M 2 20 120
9 100 72 86 M 0 21 0.00 M M 2.8 7 190 M M 2 16 170
10 101 74 88 M 0 23 0.49 M M 3.4 12 30 M M 2 28 70
11 98 73 86 M 0 21 0.00 0.0 M 2.9 15 140 M M 1 23 140
12 97 74 86 M 0 21 0.01 0.0 M 1.7 8 10 M M 3 16 10
13 99 74 87 M 0 22 0.00 M M 5.4 18 90 M M 1 24 90
14 92 74 83 M 0 18 0.00 M M 4.5 13 150 M M 3 18 170
15 98 73 86 M 0 21 0.00 M M 5.2 12 170 M M 1 22 120
16 100 74 87 M 0 22 0.00 M M 3.3 9 220 M M 3 1 M M
17 100 76 88 M 0 23 0.00 0.0 M 4.4 9 200 M M 1 17 180
18 97 73 85 M 0 20 0.22 M M 5.2 21 340 M M 2 30 340
19 91 73 82 M 0 17 0.11 M M 1.9 14 160 M M 3 1 23 160
20 95 75 85 M 0 20 0.00 M M 4.3 14 220 M M 4 1 23 220
21 92 75 84 M 0 19 0.01 M M 5.5 12 190 M M 4 1 22 190
22 95 73 84 M 0 19 0.05 M M 6.1 20 350 M M 5 28 350
23 87 73 80 M 0 15 0.00 M M 1.8 8 290 M M 6 1 M M
24 92 76 84 M 0 19 0.00 M M 3.9 9 350 M M 3 18 350
25 94 73 84 M 0 19 0.00 M M 3.4 8 20 M M 2 M M
26 96 73 85 M 0 20 0.00 M M 3.1 10 160 M M 1 17 160
27 97 75 86 M 0 21 0.00 M M 4.7 14 130 M M 2 21 130
28 98 74 86 M 0 21 0.00 M M 5.1 12 140 M M 2 1 21 150
29 93 75 84 M 0 19 0.02 M M 3.5 12 140 M M 4 21 110
30 83 74 79 M 0 14 1.07 M M 1.7 9 80 M M 7 22 200
31 91 74 83 M 0 18 0.36 M M 2.2 9 30 M M 3 27 90
================================================================================
SM 2980 2298 0 629 2.41 0.0 132.7 M 81
================================================================================
AV 96.1 74.1 4.3 FASTST M M 3 MAX(MPH)
MISC ----> 21 340 30 340
================================================================================
NOTES:
# LAST OF SEVERAL OCCURRENCES
COLUMN 17 PEAK WIND IN M.P.H.
PRELIMINARY LOCAL CLIMATOLOGICAL DATA (WS FORM: F-6) , PAGE 2
STATION: GIDDINGS-LEE COUNTY AIRPORT
MONTH: AUGUST
YEAR: 2022
LATITUDE: 30 10 N
LONGITUDE: 96 59 W
[TEMPERATURE DATA] [PRECIPITATION DATA] SYMBOLS USED IN COLUMN 16
AVERAGE MONTHLY: 85.1 TOTAL FOR MONTH: 2.41 1 = FOG OR MIST
DPTR FM NORMAL: 0.0 DPTR FM NORMAL: M 2 = FOG REDUCING VISIBILITY
HIGHEST: 101 ON 10, 4 GRTST 24HR 1.07 ON 30-30 TO 1/4 MILE OR LESS
LOWEST: 72 ON 9, 1 3 = THUNDER
SNOW, ICE PELLETS, HAIL 4 = ICE PELLETS
TOTAL MONTH: 0.0 INCH 5 = HAIL
GRTST 24HR 0.0 6 = FREEZING RAIN OR DRIZZLE
GRTST DEPTH: M ON M 7 = DUSTSTORM OR SANDSTORM:
VSBY 1/2 MILE OR LESS
8 = SMOKE OR HAZE
[NO. OF DAYS WITH] [WEATHER - DAYS WITH] 9 = BLOWING SNOW
X = TORNADO
MAX 32 OR BELOW: 0 0.01 INCH OR MORE: 10
MAX 90 OR ABOVE: 29 0.10 INCH OR MORE: 5
MIN 32 OR BELOW: 0 0.50 INCH OR MORE: 1
MIN 0 OR BELOW: 0 1.00 INCH OR MORE: 1
[HDD (BASE 65) ]
TOTAL THIS MO. 0 CLEAR (SCALE 0-3) 22
DPTR FM NORMAL M PTCLDY (SCALE 4-7) 9
TOTAL FM JUL 1 0 CLOUDY (SCALE 8-10) 0
DPTR FM NORMAL M
[CDD (BASE 65) ]
TOTAL THIS MO. 629
DPTR FM NORMAL M [PRESSURE DATA]
TOTAL FM JAN 1 2669 HIGHEST SLP M ON M
DPTR FM NORMAL M LOWEST SLP M ON M
[REMARKS]
#FINAL-08-22#