000
CXUS54 KJAN 022010
CLMHBG
CLIMATE REPORT
NATIONAL WEATHER SERVICE JACKSON MS
310 PM CDT TUE APR 02 2024
...................................
...THE HATTIESBURG CLIMATE SUMMARY FOR THE MONTH OF MARCH 2024...
CLIMATE NORMAL PERIOD: 1991 TO 2020
CLIMATE RECORD PERIOD: 1893 TO 2024
WEATHER OBSERVED NORMAL DEPART LAST YEAR`S
VALUE DATE(S) VALUE FROM VALUE DATE(S)
NORMAL
................................................................
TEMPERATURE (F)
RECORD
HIGH 95 03/03/1907
LOW 17 03/03/1980
03/04/1943
HIGHEST 84 03/14 MM MM 88 03/25
03/15
LOWEST 32 03/19 MM MM 27 03/20
AVG. MAXIMUM 72.5 71.5 1.0 75.9
AVG. MINIMUM 50.3 48.1 2.2 52.3
MEAN 61.4 59.8 1.6 64.1
DAYS MAX >= 90 0 0.0 0.0 0
DAYS MAX <= 32 0 0.0 0.0 0
DAYS MIN <= 32 1 2.2 -1.2 MM
DAYS MIN <= 0 0 0.0 0.0 MM
PRECIPITATION (INCHES)
RECORD
MAXIMUM 13.94 1961
MINIMUM 0.34 1955
TOTALS 9.33 5.57 3.76 2.90
DAILY AVG. 0.30 0.18 0.12 0.09
DAYS >= .01 10 9.6 0.4 9
DAYS >= .10 7 6.7 0.3 4
DAYS >= .50 6 3.6 2.4 3
DAYS >= 1.00 3 1.8 1.2 0
GREATEST
24 HR. TOTAL 3.47 03/01 TO 03/01 0.95
SNOWFALL (INCHES)
TOTALS 0.0
SINCE 7/1 T
DAYS >= TRACE 0
DAYS >= 1.0 0
GREATEST
24 HR TOTAL MM
DEGREE DAYS
HEATING TOTAL 130 204 -74 153
SINCE 7/1 1570 1838 -268 MM
COOLING TOTAL 27 43 -16 130
SINCE 1/1 55 66 -11 MM
................................................................
WIND (MPH)
AVERAGE WIND SPEED 5.4
HIGHEST WIND SPEED/DIRECTION 33/140 DATE 03/25
HIGHEST GUST SPEED/DIRECTION 46/140 DATE 03/25
SKY COVER
POSSIBLE SUNSHINE (PERCENT) MM
AVERAGE SKY COVER 0.44
NUMBER OF DAYS FAIR 13
NUMBER OF DAYS PC 8
NUMBER OF DAYS CLOUDY 10
AVERAGE RH (PERCENT) 70
WEATHER CONDITIONS. NUMBER OF DAYS WITH
THUNDERSTORM 6 MIXED PRECIP 0
HEAVY RAIN 6 RAIN 8
LIGHT RAIN 10 FREEZING RAIN 0
LT FREEZING RAIN 0 HAIL 0
HEAVY SNOW 0 SNOW 0
LIGHT SNOW 0 SLEET 0
FOG 16 FOG W/VIS <= 1/4 MILE 5
HAZE 4
- INDICATES NEGATIVE NUMBERS.
R INDICATES RECORD WAS SET OR TIED.
MM INDICATES DATA IS MISSING.
T INDICATES TRACE AMOUNT.
$$