000
CXUS53 KGID 011545
CF6HDE
PRELIMINARY LOCAL CLIMATOLOGICAL DATA (WS FORM: F-6)
STATION: HOLDREGE NE
MONTH: OCTOBER
YEAR: 2023
LATITUDE: 40 27 N
LONGITUDE: 99 20 W
TEMPERATURE IN F: :PCPN: SNOW: WIND :SUNSHINE: SKY :PK WND
================================================================================
1 2 3 4 5 6A 6B 7 8 9 10 11 12 13 14 15 16 17 18
12Z AVG MX 2MIN
DY MAX MIN AVG DEP HDD CDD WTR SNW DPTH SPD SPD DIR MIN PSBL S-S WX SPD DR
================================================================================
1 89 67 78 M 0 13 0.00 M M 17.1 31 190 M M 2 8 41 180
2 89 64 77 M 0 12 0.00 M M 16.5 27 160 M M 1 33 190
3 77 52 65 M 0 0 0.20 M M 11.3 20 180 M M 5 3 53 280
4 69 48 59 M 6 0 0.00 M M 6.3 12 330 M M 0 16 310
5 71 51 61 M 4 0 0.00 M M 9.2 20 10 M M 2 27 340
6 57 32 45 M 20 0 T M M 12.0 24 340 M M 4 36 340
7 70 32 51 M 14 0 0.00 M M 6.1 15 230 M M 0 20 230
8 78 44 61 M 4 0 0.00 M M 6.8 12 360 M M 0 17 360
9 69 39 54 M 11 0 0.00 M M 3.4 8 40 M M 0 M M
10 74 40 57 M 8 0 0.00 M M 7.8 14 170 M M 0 21 180
11 82 44 63 M 2 0 T M M 10.7 21 150 M M 1 18 27 150
12 68 46 57 M 8 0 0.19 M M 15.5 29 280 M M 8 3 43 280
13 51 44 48 M 17 0 0.03 M M 24.4 32 330 M M 10 1 46 330
14 51 43 47 M 18 0 0.00 M M 14.4 25 340 M M 10 32 350
15 49 32 41 M 24 0 0.00 M M 7.6 15 360 M M 7 22 360
16 64 31 48 M 17 0 0.00 M M 3.1 7 290 M M 0 M M
17 80 39 60 M 5 0 0.00 M M 9.1 18 200 M M 0 8 23 200
18 70 48 59 M 6 0 0.00 M M 14.1 22 340 M M 0 37 230
19 81 43 62 M 3 0 0.00 M M 9.8 24 340 M M 0 35 340
20 86 43 65 M 0 0 0.00 M M 5.7 13 320 M M 0 8 17 320
21 73 45 59 M 6 0 0.00 M M 8.3 14 50 M M 0 8 18 80
22 71 42 57 M 8 0 0.00 M M 10.8 20 130 M M 0 25 110
23 82 39 61 M 4 0 0.00 M M 6.9 22 200 M M 0 27 200
24 67 50 59 M 6 0 0.00 M M 12.7 20 210 M M 7 23 190
25 63 48 56 M 9 0 0.35 M M 7.4 14 130 M M 10 123 18 30
26 63 36 50 M 15 0 0.00 M M 14.1 30 350 M M 10 1 39 350
27 40 25 33 M 32 0 0.00 M M 15.8 31 350 M M 3 38 350
28 30 25 28 M 37 0 M M M 13.0 18 20 M M 10 23 30
29 35 23 29 M 36 0 M M M 11.4 16 350 M M 7 22 360
30 46 17 32 M 33 0 0.00 M M 8.2 15 250 M M 0 23 250
31 35 17 26 M 39 0 0.00 M M 9.2 17 350 M M 0 33 350
================================================================================
SM 2030 1249 392 25 M M 328.7 M 97
================================================================================
AV 65.5 40.3 10.6 FASTST M M 3 MAX(MPH)
MISC ----> 32 330 M M
================================================================================
NOTES:
# LAST OF SEVERAL OCCURRENCES
COLUMN 17 PEAK WIND IN M.P.H.
PRELIMINARY LOCAL CLIMATOLOGICAL DATA (WS FORM: F-6) , PAGE 2
STATION: HOLDREGE NE
MONTH: OCTOBER
YEAR: 2023
LATITUDE: 40 27 N
LONGITUDE: 99 20 W
[TEMPERATURE DATA] [PRECIPITATION DATA] SYMBOLS USED IN COLUMN 16
AVERAGE MONTHLY: 52.9 TOTAL FOR MONTH: M 1 = FOG OR MIST
DPTR FM NORMAL: M DPTR FM NORMAL: M 2 = FOG REDUCING VISIBILITY
HIGHEST: 89 ON 2, 1 GRTST 24HR M ON M TO 1/4 MILE OR LESS
LOWEST: 17 ON 31,30 3 = THUNDER
SNOW, ICE PELLETS, HAIL 4 = ICE PELLETS
TOTAL MONTH: M 5 = HAIL
GRTST 24HR M ON M 6 = FREEZING RAIN OR DRIZZLE
GRTST DEPTH: M ON M 7 = DUSTSTORM OR SANDSTORM:
VSBY 1/2 MILE OR LESS
8 = SMOKE OR HAZE
[NO. OF DAYS WITH] [WEATHER - DAYS WITH] 9 = BLOWING SNOW
X = TORNADO
MAX 32 OR BELOW: 1 0.01 INCH OR MORE: M
MAX 90 OR ABOVE: 0 0.10 INCH OR MORE: M
MIN 32 OR BELOW: 9 0.50 INCH OR MORE: M
MIN 0 OR BELOW: 0 1.00 INCH OR MORE: M
[HDD (BASE 65) ]
TOTAL THIS MO. 392 CLEAR (SCALE 0-3) 19
DPTR FM NORMAL M PTCLDY (SCALE 4-7) 7
TOTAL FM JUL 1 423 CLOUDY (SCALE 8-10) 5
DPTR FM NORMAL M
[CDD (BASE 65) ]
TOTAL THIS MO. 25
DPTR FM NORMAL M [PRESSURE DATA]
TOTAL FM JAN 1 936 HIGHEST SLP M ON M
DPTR FM NORMAL M LOWEST SLP M ON M
[REMARKS]
#FINAL-10-23#