000
CXUS54 KEWX 011010
CF6HDO
PRELIMINARY LOCAL CLIMATOLOGICAL DATA (WS FORM: F-6)
STATION: HONDO
MONTH: MARCH
YEAR: 2023
LATITUDE: 29 21 N
LONGITUDE: 99 10 W
TEMPERATURE IN F: :PCPN: SNOW: WIND :SUNSHINE: SKY :PK WND
================================================================================
1 2 3 4 5 6A 6B 7 8 9 10 11 12 13 14 15 16 17 18
12Z AVG MX 2MIN
DY MAX MIN AVG DEP HDD CDD WTR SNW DPTH SPD SPD DIR MIN PSBL S-S WX SPD DR
================================================================================
1 88 71 80 20 0 15 0.02 M M 7.2 18 150 M M 6 138 22 150
2 87 59 73 13 0 8 0.01 M M 14.1 47 330 M M 7 138 63 330
3 79 43 61 1 4 0 0.00 M M 12.5 46 310 M M 0 8 57 310
4 83 40 62 2 3 0 0.00 M M 8.7 16 140 M M 0 23 150
5 84 46 65 5 0 0 0.00 M M 8.0 20 150 M M 1 12 25 140
6 85 63 74 13 0 9 T M M 5.7 14 140 M M 6 1 18 140
7 85 63 74 13 0 9 0.00 M M 8.3 17 120 M M 9 18 23 120
8 86 63 75 14 0 10 0.00 M M 11.1 23 140 M M 5 29 150
9 88 67 78 17 0 13 0.00 M M 10.4 21 180 M M 6 8 30 180
10 80 63 72 10 0 7 0.00 M M 8.2 17 50 M M 4 23 50
11 94 65 80 18 0 15 0.00 M M 7.9 18 220 M M 3 1 25 210
12 90 56 73 11 0 8 0.00 M M 12.7 24 30 M M 0 31 30
13 73 55 64 2 1 0 0.00 M M 11.8 22 50 M M 2 29 50
14 70 46 58 -4 7 0 0.00 M M 10.8 20 90 M M 8 25 80
15 72 57 65 2 0 0 T M M 12.8 22 150 M M 10 30 150
16 86 58 72 9 0 7 0.11 M M 11.1 37 10 M M 6 1 48 10
17 63 45 54 -9 11 0 0.08 M M 15.8 39 20 M M 7 3 50 20
18 47 41 44 -20 21 0 0.64 M M 6.5 21 30 M M 10 1 27 50
19 59 42 51 -13 14 0 0.00 M M 4.1 12 170 M M 5 15 160
20 56 41 49 -15 16 0 T M M 7.2 17 170 M M 10 1 22 170
21 75 54 65 1 0 0 0.06 M M 7.7 15 140 M M 9 1 21 130
22 82 69 76 12 0 11 0.00 M M 11.6 18 120 M M 8 25 120
23 90 71 81 16 0 16 0.00 M M 12.9 22 170 M M 7 29 130
24 90 55 73 8 0 8 0.01 M M 11.1 24 290 M M 4 1 32 300
25 85 45 65 0 0 0 0.00 M M 8.3 21 10 M M 1 26 360
26 88 51 70 5 0 5 0.00 M M 4.1 12 20 M M 3 17 230
27 83 68 76 10 0 11 T M M 9.9 17 140 M M 6 1 24 160
28 73 53 63 -3 2 0 0.02 M M 16.0 32 40 M M 7 47 30
29 67 53 60 -6 5 0 0.00 M M 7.6 14 60 M M 10 18 60
30 76 61 69 3 0 4 0.07 M M 9.3 18 150 M M 9 1 25 130
31 90 59 75 8 0 10 0.00 M M 8.9 17 190 M M 6 22 190
================================================================================
SM 2454 1723 84 166 1.02 M 302.3 M 175
================================================================================
AV 79.2 55.6 9.8 FASTST M M 6 MAX(MPH)
MISC ----> 47 330 63 330
================================================================================
NOTES:
# LAST OF SEVERAL OCCURRENCES
COLUMN 17 PEAK WIND IN M.P.H.
PRELIMINARY LOCAL CLIMATOLOGICAL DATA (WS FORM: F-6) , PAGE 2
STATION: HONDO
MONTH: MARCH
YEAR: 2023
LATITUDE: 29 21 N
LONGITUDE: 99 10 W
[TEMPERATURE DATA] [PRECIPITATION DATA] SYMBOLS USED IN COLUMN 16
AVERAGE MONTHLY: 67.4 TOTAL FOR MONTH: 1.02 1 = FOG OR MIST
DPTR FM NORMAL: 4.4 DPTR FM NORMAL: -0.86 2 = FOG REDUCING VISIBILITY
HIGHEST: 94 ON 11 GRTST 24HR 0.72 ON 17-18 TO 1/4 MILE OR LESS
LOWEST: 40 ON 4 3 = THUNDER
SNOW, ICE PELLETS, HAIL 4 = ICE PELLETS
TOTAL MONTH: M 5 = HAIL
GRTST 24HR M ON M 6 = FREEZING RAIN OR DRIZZLE
GRTST DEPTH: M ON M 7 = DUSTSTORM OR SANDSTORM:
VSBY 1/2 MILE OR LESS
8 = SMOKE OR HAZE
[NO. OF DAYS WITH] [WEATHER - DAYS WITH] 9 = BLOWING SNOW
X = TORNADO
MAX 32 OR BELOW: 0 0.01 INCH OR MORE: 9
MAX 90 OR ABOVE: 5 0.10 INCH OR MORE: 2
MIN 32 OR BELOW: 0 0.50 INCH OR MORE: 1
MIN 0 OR BELOW: 0 1.00 INCH OR MORE: 0
[HDD (BASE 65) ]
TOTAL THIS MO. 84 CLEAR (SCALE 0-3) 7
DPTR FM NORMAL -56 PTCLDY (SCALE 4-7) 16
TOTAL FM JUL 1 1189 CLOUDY (SCALE 8-10) 8
DPTR FM NORMAL -229
[CDD (BASE 65) ]
TOTAL THIS MO. 166
DPTR FM NORMAL 88 [PRESSURE DATA]
TOTAL FM JAN 1 225 HIGHEST SLP 30.55 ON 19
DPTR FM NORMAL 116 LOWEST SLP 29.25 ON 2
[REMARKS]
#FINAL-03-23#