000
CXUS56 KHNX 011147
CF6HJO
PRELIMINARY LOCAL CLIMATOLOGICAL DATA (WS FORM: F-6)
STATION: HANFORD CA AIRPORT
MONTH: JUNE
YEAR: 2022
LATITUDE: 36 19 N
LONGITUDE: 119 38 W
TEMPERATURE IN F: :PCPN: SNOW: WIND :SUNSHINE: SKY :PK WND
================================================================================
1 2 3 4 5 6A 6B 7 8 9 10 11 12 13 14 15 16 17 18
12Z AVG MX 2MIN
DY MAX MIN AVG DEP HDD CDD WTR SNW DPTH SPD SPD DIR MIN PSBL S-S WX SPD DR
================================================================================
1 95 53 74 1 0 9 0.00 0.0 0 5.3 13 320 M M 0 16 320
2 96 58 77 4 0 12 0.00 0.0 0 10.4 20 310 M M 0 26 330
3 92 65 79 6 0 14 0.00 0.0 0 10.6 20 310 M M 0 26 330
4 88 62 75 2 0 10 0.00 0.0 0 8.7 17 320 M M 0 21 320
5 91 59 75 1 0 10 0.00 0.0 0 9.1 18 330 M M 0 25 340
6 92 66 79 5 0 14 0.00 0.0 0 12.3 21 320 M M 0 26 330
7 95 58 77 3 0 12 0.00 0.0 0 8.6 20 320 M M 0 24 330
8 95 58 77 3 0 12 0.00 0.0 0 9.7 18 320 M M 0 22 330
9 95 62 79 5 0 14 0.00 0.0 0 7.7 16 320 M M 0 20 310
10 102 65 84 9 0 19 0.00 0.0 0 7.7 16 320 M M 0 20 320
11 103 73 88 13 0 23 0.00 0.0 0 11.1 18 340 M M 0 24 320
12 98 67 83 8 0 18 0.00 0.0 0 11.4 25 320 M M 0 8 33 310
13 87 61 74 -1 0 9 0.00 0.0 0 14.8 22 330 M M 0 29 310
14 90 51 71 -5 0 6 0.00 0.0 0 6.5 15 310 M M 0 18 21 320
15 97 53 75 -1 0 10 0.00 0.0 0 6.1 16 320 M M 0 22 320
16 95 63 79 3 0 14 0.00 0.0 0 9.7 22 320 M M 0 28 320
17 76 57 67 -9 0 2 0.00 0.0 0 9.8 26 330 M M 0 8 33 320
18 81 54 68 -9 0 3 0.00 0.0 0 11.5 18 320 M M 0 25 320
19 86 54 70 -7 0 5 0.00 0.0 0 9.1 18 330 M M 0 23 320
20 93 54 74 -3 0 9 0.00 0.0 0 7.2 15 320 M M 0 18 340
21 100 56 78 1 0 13 0.00 0.0 0 5.7 15 330 M M 0 21 320
22 100 61 81 3 0 16 T 0.0 0 7.3 20 90 M M 0 38 30 90
23 102 68 85 7 0 20 0.00 0.0 0 5.5 16 320 M M 1 22 310
24 104 65 85 7 0 20 0.00 0.0 0 6.6 17 320 M M 0 21 320
25 105 65 85 7 0 20 0.00 0.0 0 8.0 17 310 M M 0 23 320
26 106 64 85 7 0 20 0.00 0.0 0 7.7 16 310 M M 0 22 310
27 106 68 87 8 0 22 0.00 0.0 0 9.5 18 310 M M 0 23 310
28 103 66 85 6 0 20 0.00 0.0 0 10.1 16 310 M M 0 23 330
29 104 64 84 5 0 19 0.00 0.0 0 6.9 16 320 M M 0 21 310
30 100 62 81 2 0 16 0.00 0.0 0 6.3 15 320 M M 0 19 320
================================================================================
SM 2877 1832 0 411 T 0.0 260.9 M 1
================================================================================
AV 95.9 61.1 8.7 FASTST M M 0 MAX(MPH)
MISC ----> 26 330 # 33 310
================================================================================
NOTES:
# LAST OF SEVERAL OCCURRENCES
COLUMN 17 PEAK WIND IN M.P.H.
PRELIMINARY LOCAL CLIMATOLOGICAL DATA (WS FORM: F-6) , PAGE 2
STATION: HANFORD CA AIRPORT
MONTH: JUNE
YEAR: 2022
LATITUDE: 36 19 N
LONGITUDE: 119 38 W
[TEMPERATURE DATA] [PRECIPITATION DATA] SYMBOLS USED IN COLUMN 16
AVERAGE MONTHLY: 78.5 TOTAL FOR MONTH: T 1 = FOG OR MIST
DPTR FM NORMAL: 2.5 DPTR FM NORMAL: -0.07 2 = FOG REDUCING VISIBILITY
HIGHEST: 106 ON 27,26 GRTST 24HR T ON 22-22 TO 1/4 MILE OR LESS
LOWEST: 51 ON 14 3 = THUNDER
SNOW, ICE PELLETS, HAIL 4 = ICE PELLETS
TOTAL MONTH: 0.0 INCH 5 = HAIL
GRTST 24HR 0.0 6 = FREEZING RAIN OR DRIZZLE
GRTST DEPTH: 0 7 = DUSTSTORM OR SANDSTORM:
VSBY 1/2 MILE OR LESS
8 = SMOKE OR HAZE
[NO. OF DAYS WITH] [WEATHER - DAYS WITH] 9 = BLOWING SNOW
X = TORNADO
MAX 32 OR BELOW: 0 0.01 INCH OR MORE: 0
MAX 90 OR ABOVE: 25 0.10 INCH OR MORE: 0
MIN 32 OR BELOW: 0 0.50 INCH OR MORE: 0
MIN 0 OR BELOW: 0 1.00 INCH OR MORE: 0
[HDD (BASE 65) ]
TOTAL THIS MO. 0 CLEAR (SCALE 0-3) 30
DPTR FM NORMAL -3 PTCLDY (SCALE 4-7) 0
TOTAL FM JUL 1 2219 CLOUDY (SCALE 8-10) 0
DPTR FM NORMAL -200
[CDD (BASE 65) ]
TOTAL THIS MO. 411
DPTR FM NORMAL 78 [PRESSURE DATA]
TOTAL FM JAN 1 643 HIGHEST SLP 30.07 ON 19
DPTR FM NORMAL 103 LOWEST SLP 29.65 ON 16
[REMARKS]
#FINAL-06-22#