000
CXUS52 KGSP 011306
CF6HKY
PRELIMINARY LOCAL CLIMATOLOGICAL DATA (WS FORM: F-6)
STATION: HICKORY NC
MONTH: MAY
YEAR: 2022
LATITUDE: 35 45 N
LONGITUDE: 81 23 W
TEMPERATURE IN F: :PCPN: SNOW: WIND :SUNSHINE: SKY :PK WND
================================================================================
1 2 3 4 5 6A 6B 7 8 9 10 11 12 13 14 15 16 17 18
12Z AVG MX 2MIN
DY MAX MIN AVG DEP HDD CDD WTR SNW DPTH SPD SPD DIR MIN PSBL S-S WX SPD DR
================================================================================
1 79 53 66 3 0 1 0.10 M M 4.6 16 190 M M 3 138 23 180
2 85 57 71 8 0 6 0.00 M M 3.9 13 210 M M 1 12 16 210
3 86 57 72 8 0 7 0.00 M M 7.4 22 210 M M 0 30 200
4 87 65 76 12 0 11 0.00 M M 5.5 14 200 M M 1 22 200
5 81 58 70 6 0 5 0.00 M M 3.3 10 50 M M 2 14 60
6 76 58 67 3 0 2 0.31 M M 4.5 21 300 M M 7 13 33 310
7 71 51 61 -4 4 0 0.06 M M 5.4 16 60 M M 6 1 21 50
8 61 49 55 -10 10 0 0.00 M M 7.0 15 50 M M 10 21 50
9 74 46 60 -5 5 0 0.00 M M 4.8 13 60 M M 2 16 60
10 82 45 64 -1 1 0 0.00 M M 4.9 13 30 M M 0 18 50
11 81 51 66 0 0 1 0.00 M M 4.0 13 80 M M 0 17 90
12 79 57 68 2 0 3 T M M 8.8 18 20 M M 5 25 60
13 79 62 71 5 0 6 0.02 M M 5.3 15 70 M M 8 1 19 70
14 79 60 70 4 0 5 T M M 2.6 13 200 M M 6 123 18 210
15 83 60 72 6 0 7 0.01 M M 2.9 15 320 M M 4 123 23 320
16 86 61 74 7 0 9 0.00 M M 6.4 16 320 M M 2 1 24 310
17 84 53 69 2 0 4 0.00 M M 5.2 13 260 M M 0 19 250
18 85 58 72 5 0 7 0.00 M M 7.2 17 200 M M 0 24 190
19 91 66 79 11 0 14 0.00 M M 5.6 17 240 M M 1 24 280
20 92 66 79 11 0 14 0.00 M M 7.3 20 200 M M 0 27 200
21 90 69 80 12 0 15 T M M 5.2 15 190 M M 1 3 25 190
22 88 66 77 9 0 12 0.53 M M 5.7 18 310 M M 3 18 27 320
23 73 62 68 0 0 3 1.70 M M 4.5 14 80 M M 9 1 22 90
24 72 58 65 -4 0 0 0.06 M M 4.9 12 60 M M 9 1 16 70
25 68 60 64 -5 1 0 T M M 6.0 12 60 M M 9 1 16 60
26 75 62 69 0 0 4 2.08 M M 3.1 25 240 M M 9 1238 37 230
27 80 62 71 1 0 6 0.22 M M 9.7 22 200 M M 7 1 29 220
28 80 55 68 -2 0 3 0.00 M M 1.7 9 10 M M 2 1 12 360
29 84 59 72 2 0 7 0.00 M M 1.7 10 200 M M 1 15 200
30 86 64 75 5 0 10 0.00 M M 2.3 12 190 M M 2 15 200
31 89 65 77 6 0 12 0.00 M M 2.4 9 220 M M 0 1 13 200
================================================================================
SM 2506 1815 21 174 5.09 M 153.8 M 110
================================================================================
AV 80.8 58.5 5.0 FASTST M M 4 MAX(MPH)
MISC ----> 25 240 37 230
================================================================================
NOTES:
# LAST OF SEVERAL OCCURRENCES
COLUMN 17 PEAK WIND IN M.P.H.
PRELIMINARY LOCAL CLIMATOLOGICAL DATA (WS FORM: F-6) , PAGE 2
STATION: HICKORY NC
MONTH: MAY
YEAR: 2022
LATITUDE: 35 45 N
LONGITUDE: 81 23 W
[TEMPERATURE DATA] [PRECIPITATION DATA] SYMBOLS USED IN COLUMN 16
AVERAGE MONTHLY: 69.7 TOTAL FOR MONTH: 5.09 1 = FOG OR MIST
DPTR FM NORMAL: 2.9 DPTR FM NORMAL: 1.23 2 = FOG REDUCING VISIBILITY
HIGHEST: 92 ON 20 GRTST 24HR 2.08 ON 26-26 TO 1/4 MILE OR LESS
LOWEST: 45 ON 10 3 = THUNDER
SNOW, ICE PELLETS, HAIL 4 = ICE PELLETS
TOTAL MONTH: M 5 = HAIL
GRTST 24HR M ON M 6 = FREEZING RAIN OR DRIZZLE
GRTST DEPTH: M ON M 7 = DUSTSTORM OR SANDSTORM:
VSBY 1/2 MILE OR LESS
8 = SMOKE OR HAZE
[NO. OF DAYS WITH] [WEATHER - DAYS WITH] 9 = BLOWING SNOW
X = TORNADO
MAX 32 OR BELOW: 0 0.01 INCH OR MORE: 10
MAX 90 OR ABOVE: 3 0.10 INCH OR MORE: 6
MIN 32 OR BELOW: 0 0.50 INCH OR MORE: 3
MIN 0 OR BELOW: 0 1.00 INCH OR MORE: 2
[HDD (BASE 65) ]
TOTAL THIS MO. 21 CLEAR (SCALE 0-3) 17
DPTR FM NORMAL -40 PTCLDY (SCALE 4-7) 8
TOTAL FM JUL 1 2958 CLOUDY (SCALE 8-10) 6
DPTR FM NORMAL -587
[CDD (BASE 65) ]
TOTAL THIS MO. 174
DPTR FM NORMAL 58 [PRESSURE DATA]
TOTAL FM JAN 1 204 HIGHEST SLP 30.26 ON 10
DPTR FM NORMAL 56 LOWEST SLP 29.47 ON 6
[REMARKS]
#FINAL-05-22#