000
CXUS53 KGLD 021003
CF6HLC
PRELIMINARY LOCAL CLIMATOLOGICAL DATA (WS FORM: F-6)
STATION: HILL CITY KS
MONTH: JANUARY
YEAR: 2024
LATITUDE: 39 22 N
LONGITUDE: 99 50 W
TEMPERATURE IN F: :PCPN: SNOW: WIND :SUNSHINE: SKY :PK WND
================================================================================
1 2 3 4 5 6A 6B 7 8 9 10 11 12 13 14 15 16 17 18
12Z AVG MX 2MIN
DY MAX MIN AVG DEP HDD CDD WTR SNW DPTH SPD SPD DIR MIN PSBL S-S WX SPD DR
================================================================================
1 40 21 31 1 34 0 0.00 M M 6.1 14 190 M M 5 1 18 170
2 49 23 36 6 29 0 0.00 M M 8.2 16 360 M M 0 21 360
3 48 20 34 4 31 0 0.00 M M 6.8 14 80 M M 0 1 17 70
4 38 28 33 3 32 0 0.00 M M 10.6 16 170 M M 10 128 21 130
5 33 29 31 1 34 0 T M M 4.0 10 50 M M 10 128 14 110
6 41 21 31 1 34 0 0.00 M M 9.2 26 330 M M 4 1 35 320
7 40 16 28 -2 37 0 0.00 M M 8.0 21 150 M M 1 33 140
8 38 19 29 -1 36 0 0.21 M M 19.9 43 350 M M 7 129 58 360
9 30 16 23 -7 42 0 0.45 M M 15.8 37 340 M M 3 189 48 340
10 43 19 31 1 34 0 0.00 M M 6.9 17 300 M M 1 25 300
11 23 8 16 -14 49 0 T M M 16.4 29 360 M M 6 18 39 350
12 18 1 10 -20 55 0 T M M 13.7 30 350 M M 3 8 35 350
13 1 -7 -3 -33 68 0 T M M 15.6 35 350 M M 4 89 43 340
14 5 -8 -1 -31 66 0 0.00 M M 3.6 13 10 M M 4 15 10
15 2 -11 -4 -34 69 0 0.12 M M 9.0 23 320 M M 6 9 32 310
16 20 -13 4 -26 61 0 0.00 M M 8.1 15 280 M M 0 21 270
17 25 1 13 -17 52 0 0.00 M M 5.0 12 360 M M 0 14 250
18 33 5 19 -11 46 0 T M M 13.0 38 340 M M 6 89 47 350
19 17 0 9 -21 56 0 0.00 M M 7.0 25 340 M M 2 31 340
20 16 -3 7 -23 58 0 0.00 M M 9.0 20 150 M M 0 26 150
21 35 14 25 -5 40 0 0.00 M M 10.4 20 170 M M 3 28 210
22 34 15 25 -5 40 0 0.00 M M 2.6 9 170 M M 7 128 13 180
23 33 31 32 2 33 0 0.00 M M 3.6 9 110 M M 10 12 12 130
24 34 31 33 3 32 0 0.00 M M 4.9 12 240 M M 10 1 16 250
25 48 27 38 8 27 0 0.00 M M 4.3 9 80 M M 5 12 12 230
26 42 23 33 3 32 0 0.00 M M 4.3 13 110 M M 8 128 16 120
27 50 26 38 8 27 0 0.00 M M 5.8 13 330 M M 1 12 16 330
28 57 24 41 11 24 0 0.00 M M 6.2 14 280 M M 0 19 280
29 63 34 49 19 16 0 0.00 M M 7.8 17 330 M M 0 23 310
30 66 32 49 19 16 0 0.00 M M 6.5 12 310 M M 0 17 300
31 69 31 50 20 15 0 0.00 M M 5.5 20 210 M M 0 26 210
================================================================================
SM 1091 473 1225 0 0.78 M 257.8 M 116
================================================================================
AV 35.2 15.3 8.3 FASTST M M 4 MAX(MPH)
MISC ----> 43 350 58 360
================================================================================
NOTES:
# LAST OF SEVERAL OCCURRENCES
COLUMN 17 PEAK WIND IN M.P.H.
PRELIMINARY LOCAL CLIMATOLOGICAL DATA (WS FORM: F-6) , PAGE 2
STATION: HILL CITY KS
MONTH: JANUARY
YEAR: 2024
LATITUDE: 39 22 N
LONGITUDE: 99 50 W
[TEMPERATURE DATA] [PRECIPITATION DATA] SYMBOLS USED IN COLUMN 16
AVERAGE MONTHLY: 25.2 TOTAL FOR MONTH: 0.78 1 = FOG OR MIST
DPTR FM NORMAL: -4.8 DPTR FM NORMAL: 0.45 2 = FOG REDUCING VISIBILITY
HIGHEST: 69 ON 31 GRTST 24HR 0.45 ON 9- 9 TO 1/4 MILE OR LESS
LOWEST: -13 ON 16 3 = THUNDER
SNOW, ICE PELLETS, HAIL 4 = ICE PELLETS
TOTAL MONTH: M 5 = HAIL
GRTST 24HR M ON M 6 = FREEZING RAIN OR DRIZZLE
GRTST DEPTH: M ON M 7 = DUSTSTORM OR SANDSTORM:
VSBY 1/2 MILE OR LESS
8 = SMOKE OR HAZE
[NO. OF DAYS WITH] [WEATHER - DAYS WITH] 9 = BLOWING SNOW
X = TORNADO
MAX 32 OR BELOW: 10 0.01 INCH OR MORE: 3
MAX 90 OR ABOVE: 0 0.10 INCH OR MORE: 3
MIN 32 OR BELOW: 30 0.50 INCH OR MORE: 0
MIN 0 OR BELOW: 6 1.00 INCH OR MORE: 0
[HDD (BASE 65) ]
TOTAL THIS MO. 1225 CLEAR (SCALE 0-3) 16
DPTR FM NORMAL 139 PTCLDY (SCALE 4-7) 11
TOTAL FM JUL 1 2963 CLOUDY (SCALE 8-10) 4
DPTR FM NORMAL -293
[CDD (BASE 65) ]
TOTAL THIS MO. 0
DPTR FM NORMAL 0 [PRESSURE DATA]
TOTAL FM JAN 1 0 HIGHEST SLP 30.73 ON 19
DPTR FM NORMAL 0 LOWEST SLP 29.48 ON 10
[REMARKS]
#FINAL-01-24#
CO-OP DATA AND SURROUNDING COCORAHS SITES WERE USED FOR PRECIPITATION ON THE 8TH, 9TH, AND 15TH DUE TO ASOS STRUGGLING WITH BLOWING SNOW. THE TRACE THAT THE ASOS REPORTED WAS NOT REPRESENTATIVE ON THE NUMEROUS INCHES OF SNOW THAT FELL.