000
CXUS53 KGLD 011140
CLMHLC
CLIMATE REPORT
NATIONAL WEATHER SERVICE
440 AM MST FRI DEC 01 2023
...................................
...THE HILL CITY KS CLIMATE SUMMARY FOR THE MONTH OF NOVEMBER 2023...
CLIMATE NORMAL PERIOD: 1991 TO 2020
CLIMATE RECORD PERIOD: 1896 TO 2023
WEATHER OBSERVED NORMAL DEPART LAST YEAR`S
VALUE DATE(S) VALUE FROM VALUE DATE(S)
NORMAL
................................................................
TEMPERATURE (F)
RECORD
HIGH 87 11/08/2006
LOW -11 11/28/1952
HIGHEST 78 11/07 77 1 83 11/02
LOWEST 17 11/26 9 8 7 11/18
11/30
AVG. MAXIMUM 61.2 55.1 6.1 55.5
AVG. MINIMUM 30.3 27.1 3.2 23.5
MEAN 45.8 41.1 4.7 39.5
DAYS MAX >= 90 0 0.0 0.0 0
DAYS MAX <= 32 2 1.5 0.5 1
DAYS MIN <= 32 19 21.8 -2.8 24
DAYS MIN <= 0 0 0.0 0.0 0
PRECIPITATION (INCHES)
RECORD
MAXIMUM 3.32 1975
MINIMUM 0.00 2012
TOTALS 0.38 0.66 -0.28 T
DAILY AVG. 0.01 0.02 -0.01 T
DAYS >= .01 3 3.5 -0.5 0
DAYS >= .10 1 1.4 -0.4 0
DAYS >= .50 0 0.1 -0.1 0
DAYS >= 1.00 0 0.0 0.0 0
GREATEST
24 HR. TOTAL 0.33 11/19 TO 11/19 T
STORM TOTAL 0.33
(MM/DD(HH))
................................................................
- INDICATES NEGATIVE NUMBERS.
R INDICATES RECORD WAS SET OR TIED.
MM INDICATES DATA IS MISSING.
T INDICATES TRACE AMOUNT.
$$