000
CXUS54 KHGX 152048
CF6HOU
PRELIMINARY LOCAL CLIMATOLOGICAL DATA (WS FORM: F-6)
STATION: HOUSTON/HOBBY AIRPORT
MONTH: SEPTEMBER
YEAR: 2023
LATITUDE: 29 38 N
LONGITUDE: 95 17 W
TEMPERATURE IN F: :PCPN: SNOW: WIND :SUNSHINE: SKY :PK WND
================================================================================
1 2 3 4 5 6A 6B 7 8 9 10 11 12 13 14 15 16 17 18
12Z AVG MX 2MIN
DY MAX MIN AVG DEP HDD CDD WTR SNW DPTH SPD SPD DIR MIN PSBL S-S WX SPD DR
================================================================================
1 101 77 89 5 0 24 0.00 0.0 0 5.1 16 140 M M 2 28 50
2 99 80 90 6 0 25 0.00 0.0 0 5.9 16 110 M M 3 23 110
3 98 80 89 6 0 24 T 0.0 0 8.1 20 150 M M 3 26 160
4 95 79 87 4 0 22 0.87 0.0 0 9.1 21 170 M M 4 38 28 170
5 98 82 90 7 0 25 T 0.0 0 10.6 22 150 M M 4 3 28 140
6 100 80 90 7 0 25 0.00 0.0 0 6.4 17 160 M M 3 24 90
7 103 81 92 9 0 27 0.00 0.0 0 7.2 18 180 M M 2 23 180
8 104 81 93 10 0 28 T 0.0 0 7.8 35 100 M M 3 44 90
9 98 73 86 4 0 21 0.35 0.0 0 6.7 30 360 M M 5 38 40 10
10 97 78 88 6 0 23 0.00 0.0 0 8.3 16 30 M M 4 23 70
11 96 74 85 3 0 20 0.00 0.0 0 5.8 14 160 M M 4 19 180
12 98 77 88 6 0 23 0.00 0.0 0 4.8 20 140 M M 5 24 150
13 97 78 88 6 0 23 T 0.0 M 6.9 15 90 M M 6 3 20 100
14 89 77 83 1 0 18 0.31 0.0 0 7.3 22 50 M M 8 138 29 60
15 92 73 83 2 0 18 0.80 0.0 0 6.0 24 70 M M 7 1238 32 70
16 90 74 82 1 0 17 0.14 0.0 0 4.6 20 300 M M 6 26 310
17 94 74 84 3 0 19 0.02 0.0 0 5.2 15 10 M M 3 22 10
18 94 73 84 3 0 19 0.00 0.0 0 5.0 14 120 M M 2 19 90
19 92 72 82 2 0 17 0.00 0.0 0 6.4 17 110 M M 2 24 100
20 93 75 84 4 0 19 0.00 0.0 0 8.4 17 120 M M 2 25 110
21 96 79 88 8 0 23 0.00 0.0 0 7.0 16 140 M M 3 25 150
22 96 79 88 8 0 23 0.00 0.0 0 7.0 17 170 M M 3 24 130
23 96 78 87 7 0 22 0.00 0.0 0 7.2 16 180 M M 2 22 180
24 97 77 87 8 0 22 0.00 0.0 0 10.4 22 180 M M 4 28 190
25 96 74 85 6 0 20 0.81 0.0 0 6.9 33 350 M M 8 13 47 10
26 93 74 84 5 0 19 0.00 0.0 M 4.0 13 170 M M 3 8 17 180
27 95 77 86 7 0 21 0.01 0.0 M 4.0 12 180 M M 5 3 16 140
28 94 77 86 8 0 21 0.00 0.0 0 5.0 18 120 M M 4 3 25 110
29 92 76 84 6 0 19 0.00 0.0 0 9.2 20 100 M M 2 32 70
30 93 78 86 8 0 21 0.00 0.0 0 9.8 18 120 M M 3 24 120
================================================================================
SM 2876 2307 0 648 3.31 0.0 206.1 M 115
================================================================================
AV 95.9 76.9 6.9 FASTST M M 4 MAX(MPH)
MISC ----> 35 100 47 10
================================================================================
NOTES:
# LAST OF SEVERAL OCCURRENCES
COLUMN 17 PEAK WIND IN M.P.H.
PRELIMINARY LOCAL CLIMATOLOGICAL DATA (WS FORM: F-6) , PAGE 2
STATION: HOUSTON/HOBBY AIRPORT
MONTH: SEPTEMBER
YEAR: 2023
LATITUDE: 29 38 N
LONGITUDE: 95 17 W
[TEMPERATURE DATA] [PRECIPITATION DATA] SYMBOLS USED IN COLUMN 16
AVERAGE MONTHLY: 86.4 TOTAL FOR MONTH: 3.31 1 = FOG OR MIST
DPTR FM NORMAL: 5.3 DPTR FM NORMAL: -2.45 2 = FOG REDUCING VISIBILITY
HIGHEST: 104 ON 8 GRTST 24HR 3.50 ON 15-15 TO 1/4 MILE OR LESS
LOWEST: 72 ON 19 3 = THUNDER
SNOW, ICE PELLETS, HAIL 4 = ICE PELLETS
TOTAL MONTH: 0.0 INCH 5 = HAIL
GRTST 24HR 0.0 6 = FREEZING RAIN OR DRIZZLE
GRTST DEPTH: 0 7 = DUSTSTORM OR SANDSTORM:
VSBY 1/2 MILE OR LESS
8 = SMOKE OR HAZE
[NO. OF DAYS WITH] [WEATHER - DAYS WITH] 9 = BLOWING SNOW
X = TORNADO
MAX 32 OR BELOW: 0 0.01 INCH OR MORE: 8
MAX 90 OR ABOVE: 29 0.10 INCH OR MORE: 6
MIN 32 OR BELOW: 0 0.50 INCH OR MORE: 3
MIN 0 OR BELOW: 0 1.00 INCH OR MORE: 0
[HDD (BASE 65) ]
TOTAL THIS MO. 0 CLEAR (SCALE 0-3) 12
DPTR FM NORMAL 0 PTCLDY (SCALE 4-7) 17
TOTAL FM JUL 1 0 CLOUDY (SCALE 8-10) 1
DPTR FM NORMAL 0
[CDD (BASE 65) ]
TOTAL THIS MO. 648
DPTR FM NORMAL 165 [PRESSURE DATA]
TOTAL FM JAN 1 3840 HIGHEST SLP 30.09 ON 10
DPTR FM NORMAL 862 LOWEST SLP 29.81 ON 4
[REMARKS]
#FINAL-09-23#