000
CXUS54 KBRO 010800
CF6HRL
PRELIMINARY LOCAL CLIMATOLOGICAL DATA (WS FORM: F-6)
STATION: HARLINGEN
MONTH: JULY
YEAR: 2023
LATITUDE: 26 13 N
LONGITUDE: 97 40 W
TEMPERATURE IN F: :PCPN: SNOW: WIND :SUNSHINE: SKY :PK WND
================================================================================
1 2 3 4 5 6A 6B 7 8 9 10 11 12 13 14 15 16 17 18
12Z AVG MX 2MIN
DY MAX MIN AVG DEP HDD CDD WTR SNW DPTH SPD SPD DIR MIN PSBL S-S WX SPD DR
================================================================================
1 99 77 88 3 0 23 0.00 0.0 0 12.3 22 160 M M 2 29 170
2 98 73 86 1 0 21 0.00 0.0 0 9.7 23 100 M M 0 31 130
3 99 71 85 0 0 20 0.00 0.0 0 9.1 23 120 M M 1 34 100
4 99 76 88 3 0 23 0.00 0.0 0 13.0 23 130 M M 1 1 31 140
5 94 78 86 1 0 21 0.14 0.0 0 12.9 29 120 M M 4 18 35 120
6 82 77 80 -5 0 15 T 0.0 0 10.0 22 130 M M 9 1 28 140
7 93 76 85 0 0 20 0.86 0.0 0 7.9 29 210 M M 3 123 37 210
8 97 77 87 2 0 22 0.00 0.0 0 11.8 23 150 M M 2 1 37 160
9 97 77 87 2 0 22 0.00 0.0 0 12.6 24 160 M M 3 32 170
10 97 79 88 3 0 23 0.00 0.0 0 12.8 22 130 M M 3 28 130
11 98 80 89 4 0 24 0.00 0.0 0 14.3 24 170 M M 1 1 36 160
12 98 81 90 5 0 25 0.00 0.0 0 18.1 28 150 M M 3 37 150
13 99 82 91 5 0 26 0.00 0.0 0 18.5 29 160 M M 3 38 160
14 98 80 89 3 0 24 0.00 0.0 0 18.1 31 150 M M 2 42 170
15 100 79 90 4 0 25 0.00 0.0 0 15.4 28 170 M M 1 18 47 160
16 101 79 90 4 0 25 0.00 0.0 0 11.9 21 140 M M 2 1 30 170
17 100 73 87 1 0 22 0.00 0.0 0 11.0 22 130 M M 1 1 30 130
18 101 76 89 3 0 24 0.00 0.0 0 13.3 24 140 M M 2 33 180
19 101 77 89 3 0 24 0.00 0.0 0 13.9 25 140 M M 1 40 160
20 100 77 89 3 0 24 0.00 0.0 0 12.7 22 120 M M 1 31 170
21 101 73 87 1 0 22 0.00 0.0 0 10.1 22 130 M M 0 31 120
22 101 75 88 2 0 23 0.00 0.0 0 9.0 22 130 M M 2 28 120
23 99 75 87 1 0 22 0.01 0.0 0 8.7 28 140 M M 1 36 140
24 98 76 87 1 0 22 0.11 0.0 0 7.8 23 130 M M 1 13 30 150
25 99 75 87 1 0 22 0.00 0.0 0 10.4 22 110 M M 1 36 150
26 100 77 89 3 0 24 0.00 0.0 0 13.3 24 150 M M 0 8 35 160
27 100 73 87 1 0 22 0.00 0.0 0 11.1 23 130 M M 0 39 160
28 97 73 85 -1 0 20 0.03 0.0 0 9.0 25 140 M M 1 3 32 120
29 98 71 85 -2 0 20 0.00 0.0 0 10.6 23 110 M M 1 34 100
30 100 75 88 1 0 23 0.00 0.0 0 8.9 22 100 M M 1 1 28 80
31 102 76 89 2 0 24 0.00 0.0 0 9.2 23 100 M M 1 30 110
================================================================================
SM 3046 2364 0 697 1.15 0.0 367.4 M 54
================================================================================
AV 98.3 76.3 11.9 FASTST M M 2 MAX(MPH)
MISC ----> 31 150 47 160
================================================================================
NOTES:
# LAST OF SEVERAL OCCURRENCES
COLUMN 17 PEAK WIND IN M.P.H.
PRELIMINARY LOCAL CLIMATOLOGICAL DATA (WS FORM: F-6) , PAGE 2
STATION: HARLINGEN
MONTH: JULY
YEAR: 2023
LATITUDE: 26 13 N
LONGITUDE: 97 40 W
[TEMPERATURE DATA] [PRECIPITATION DATA] SYMBOLS USED IN COLUMN 16
AVERAGE MONTHLY: 87.3 TOTAL FOR MONTH: 1.15 1 = FOG OR MIST
DPTR FM NORMAL: 1.5 DPTR FM NORMAL: -0.61 2 = FOG REDUCING VISIBILITY
HIGHEST: 102 ON 31 GRTST 24HR 0.86 ON 7- 8 TO 1/4 MILE OR LESS
LOWEST: 71 ON 29, 3 3 = THUNDER
SNOW, ICE PELLETS, HAIL 4 = ICE PELLETS
TOTAL MONTH: 0.0 INCH 5 = HAIL
GRTST 24HR 0.0 6 = FREEZING RAIN OR DRIZZLE
GRTST DEPTH: 0 7 = DUSTSTORM OR SANDSTORM:
VSBY 1/2 MILE OR LESS
8 = SMOKE OR HAZE
[NO. OF DAYS WITH] [WEATHER - DAYS WITH] 9 = BLOWING SNOW
X = TORNADO
MAX 32 OR BELOW: 0 0.01 INCH OR MORE: 5
MAX 90 OR ABOVE: 30 0.10 INCH OR MORE: 3
MIN 32 OR BELOW: 0 0.50 INCH OR MORE: 1
MIN 0 OR BELOW: 0 1.00 INCH OR MORE: 0
[HDD (BASE 65) ]
TOTAL THIS MO. 0 CLEAR (SCALE 0-3) 29
DPTR FM NORMAL 0 PTCLDY (SCALE 4-7) 1
TOTAL FM JUL 1 0 CLOUDY (SCALE 8-10) 1
DPTR FM NORMAL 0
[CDD (BASE 65) ]
TOTAL THIS MO. 697
DPTR FM NORMAL 54 [PRESSURE DATA]
TOTAL FM JAN 1 2724 HIGHEST SLP M ON M
DPTR FM NORMAL 292 LOWEST SLP 29.80 ON 13
[REMARKS]
#FINAL-07-23#