000
CXUS54 KLZK 011330
CF6HRO
PRELIMINARY LOCAL CLIMATOLOGICAL DATA (WS FORM: F-6)
STATION: HARRISON
MONTH: JANUARY
YEAR: 2024
LATITUDE: 36 15 N
LONGITUDE: 93 9 W
TEMPERATURE IN F: :PCPN: SNOW: WIND :SUNSHINE: SKY :PK WND
================================================================================
1 2 3 4 5 6A 6B 7 8 9 10 11 12 13 14 15 16 17 18
12Z AVG MX 2MIN
DY MAX MIN AVG DEP HDD CDD WTR SNW DPTH SPD SPD DIR MIN PSBL S-S WX SPD DR
================================================================================
1 40 24 32 -5 33 0 0.00 0.0 0 4.9 10 330 M M 6 17 350
2 45 20 33 -4 32 0 0.00 0.0 0 3.8 10 150 M M 0 11 160
3 49 27 38 1 27 0 0.00 0.0 0 4.3 10 340 M M 0 15 310
4 36 24 30 -7 35 0 0.00 0.0 0 6.3 12 130 M M 4 1 17 140
5 35 27 31 -6 34 0 0.25 1.0 0 7.6 18 120 M M 8 16 25 120
6 37 32 35 -2 30 0 0.01 0.0 0 6.1 13 260 M M 10 1 20 260
7 51 32 42 5 23 0 0.00 0.0 0 6.3 13 280 M M 2 22 310
8 43 34 39 2 26 0 0.88 0.0 0 13.5 35 150 M M 7 1 55 150
9 38 29 34 -3 31 0 0.07 T 0 12.1 24 290 M M 10 1 41 280
10 50 21 36 -1 29 0 0.00 0.0 0 8.5 22 160 M M 2 32 160
11 58 26 42 5 23 0 0.46 0.0 0 10.4 22 140 M M 2 13 34 120
12 49 19 34 -3 31 0 0.20 0.5 0 11.7 24 290 M M 8 13 42 280
13 31 7 19 -18 46 0 0.00 0.0 0 7.9 16 310 M M 0 27 300
14 7 -3 2 -35 63 0 0.20 4.0 0 6.5 18 310 M M 5 1 29 290
15 12 -3 5 -32 60 0 0.04 0.5 4 7.0 16 310 M M 8 27 310
16 15 -4 6 -31 59 0 0.00 0.0 5 7.4 16 310 M M 2 25 310
17 38 4 21 -16 44 0 0.00 0.0 4 8.2 17 160 M M 0 24 150
18 42 18 30 -7 35 0 0.00 0.0 2 5.1 10 310 M M 0 16 300
19 31 9 20 -17 45 0 T T 1 10.9 22 320 M M 4 37 310
20 24 4 14 -23 51 0 0.00 0.0 0 5.5 10 320 M M 0 17 330
21 32 11 22 -15 43 0 T 0.0 0 11.7 18 160 M M 4 6 25 140
22 39 28 34 -3 31 0 1.02 0.0 0 10.5 17 140 M M 10 1 23 140
23 44 37 41 4 24 0 0.29 0.0 0 4.0 12 140 M M 10 12 16 140
24 56 40 48 11 17 0 0.00 0.0 0 1.9 8 120 M M 9 12 9 120
25 56 45 51 14 14 0 0.58 0.0 0 4.6 12 270 M M 10 1 19 310
26 45 41 43 6 22 0 0.00 0.0 0 4.2 10 150 M M 10 1 14 50
27 41 35 38 0 27 0 0.92 0.0 0 7.9 16 300 M M 10 1 26 330
28 51 32 42 4 23 0 0.00 0.0 0 9.2 16 300 M M 4 1 27 310
29 65 28 47 9 18 0 0.00 0.0 0 3.8 10 320 M M 0 17 260
30 62 44 53 15 12 0 0.00 0.0 0 7.8 15 320 M M 0 27 320
31 64 28 46 8 19 0 0.00 0.0 0 1.2 5 10 M M 0 M M
================================================================================
SM 1286 716 1007 0 4.92 6.0 220.8 M 145
================================================================================
AV 41.5 23.1 7.1 FASTST M M 5 MAX(MPH)
MISC ----> 35 150 55 150
================================================================================
NOTES:
# LAST OF SEVERAL OCCURRENCES
COLUMN 17 PEAK WIND IN M.P.H.
PRELIMINARY LOCAL CLIMATOLOGICAL DATA (WS FORM: F-6) , PAGE 2
STATION: HARRISON
MONTH: JANUARY
YEAR: 2024
LATITUDE: 36 15 N
LONGITUDE: 93 9 W
[TEMPERATURE DATA] [PRECIPITATION DATA] SYMBOLS USED IN COLUMN 16
AVERAGE MONTHLY: 32.3 TOTAL FOR MONTH: 4.92 1 = FOG OR MIST
DPTR FM NORMAL: -4.7 DPTR FM NORMAL: 2.25 2 = FOG REDUCING VISIBILITY
HIGHEST: 65 ON 29 GRTST 24HR 2.37 ON 22-23 TO 1/4 MILE OR LESS
LOWEST: -4 ON 16 3 = THUNDER
SNOW, ICE PELLETS, HAIL 4 = ICE PELLETS
TOTAL MONTH: 6.0 INCHES 5 = HAIL
GRTST 24HR 4.0 ON 14-14 6 = FREEZING RAIN OR DRIZZLE
GRTST DEPTH: 5 ON 16 7 = DUSTSTORM OR SANDSTORM:
VSBY 1/2 MILE OR LESS
8 = SMOKE OR HAZE
[NO. OF DAYS WITH] [WEATHER - DAYS WITH] 9 = BLOWING SNOW
X = TORNADO
MAX 32 OR BELOW: 7 0.01 INCH OR MORE: 12
MAX 90 OR ABOVE: 0 0.10 INCH OR MORE: 9
MIN 32 OR BELOW: 24 0.50 INCH OR MORE: 4
MIN 0 OR BELOW: 3 1.00 INCH OR MORE: 1
[HDD (BASE 65) ]
TOTAL THIS MO. 1007 CLEAR (SCALE 0-3) 13
DPTR FM NORMAL 140 PTCLDY (SCALE 4-7) 10
TOTAL FM JUL 1 2271 CLOUDY (SCALE 8-10) 8
DPTR FM NORMAL -125
[CDD (BASE 65) ]
TOTAL THIS MO. 0
DPTR FM NORMAL 0 [PRESSURE DATA]
TOTAL FM JAN 1 0 HIGHEST SLP 30.69 ON 20
DPTR FM NORMAL 0 LOWEST SLP 29.29 ON 9
[REMARKS]
#FINAL-01-24#