000
CXUS53 KGID 010835
CF6HSI
PRELIMINARY LOCAL CLIMATOLOGICAL DATA (WS FORM: F-6)
STATION: HASTINGS NE
MONTH: NOVEMBER
YEAR: 2021
LATITUDE: 40 35 N
LONGITUDE: 98 26 W
TEMPERATURE IN F: :PCPN: SNOW: WIND :SUNSHINE: SKY :PK WND
================================================================================
1 2 3 4 5 6A 6B 7 8 9 10 11 12 13 14 15 16 17 18
12Z AVG MX 2MIN
DY MAX MIN AVG DEP HDD CDD WTR SNW DPTH SPD SPD DIR MIN PSBL S-S WX SPD DR
================================================================================
1 38 32 35 -11 30 0 0.25 1.0 1 4.1 8 40 M M 10 1 10 30
2 43 32 38 -7 27 0 0.00 0.0 0 3.6 8 210 M M 9 1 13 210
3 44 35 40 -5 25 0 0.00 0.0 0 7.4 14 250 M M 8 20 250
4 53 31 42 -3 23 0 0.00 0.0 0 8.5 15 180 M M 2 12 22 180
5 66 40 53 9 12 0 0.00 0.0 0 10.8 23 210 M M 0 33 210
6 72 40 56 12 9 0 0.00 0.0 0 8.1 17 210 M M 0 25 200
7 68 42 55 12 10 0 0.00 0.0 0 6.3 14 210 M M 0 20 210
8 60 42 51 8 14 0 0.00 0.0 0 12.7 25 30 M M 3 33 30
9 59 35 47 5 18 0 0.00 0.0 0 8.8 16 60 M M 2 25 50
10 51 38 45 3 20 0 0.09 0.0 0 9.6 24 330 M M 8 18 34 340
11 52 35 44 2 21 0 0.00 0.0 0 17.8 38 310 M M 1 54 320
12 39 20 30 -11 35 0 T T 0 18.6 39 340 M M 6 54 330
13 52 18 35 -6 30 0 0.06 0.0 0 8.2 35 350 M M 5 1 45 360
14 57 37 47 7 18 0 0.00 0.0 0 9.1 20 330 M M 6 27 250
15 75 39 57 17 8 0 0.00 0.0 0 7.4 15 320 M M 0 22 260
16 67 44 56 17 9 0 0.00 0.0 0 8.4 24 40 M M 0 35 40
17 48 21 35 -4 30 0 0.00 0.0 0 14.9 25 360 M M 1 35 350
18 47 18 33 -6 32 0 0.00 0.0 0 8.4 14 260 M M 0 18 160
19 51 30 41 3 24 0 0.00 0.0 0 10.8 24 210 M M 0 8 40 210
20 57 26 42 4 23 0 0.00 0.0 0 4.9 15 350 M M 2 19 350
21 50 26 38 1 27 0 0.00 0.0 0 9.5 25 350 M M 0 33 340
22 59 28 44 7 21 0 0.00 0.0 0 5.5 12 160 M M 2 16 290
23 70 32 51 15 14 0 0.00 0.0 0 10.8 23 210 M M 0 34 200
24 52 33 43 7 22 0 0.00 0.0 0 17.3 32 350 M M 4 44 350
25 39 18 29 -7 36 0 0.00 0.0 0 9.9 25 350 M M 2 33 340
26 66 28 47 12 18 0 0.00 0.0 0 7.9 17 290 M M 0 21 290
27 62 34 48 13 17 0 0.00 0.0 0 14.2 31 340 M M 0 41 330
28 53 24 39 5 26 0 0.00 0.0 0 7.0 17 210 M M 0 26 200
29 72 36 54 20 11 0 0.00 0.0 0 8.1 18 340 M M 0 24 320
30 59 33 46 12 19 0 0.00 0.0 0 5.3 13 200 M M 1 18 210
================================================================================
SM 1681 947 629 0 0.40 1.0 283.9 M 72
================================================================================
AV 56.0 31.6 9.5 FASTST M M 2 MAX(MPH)
MISC ----> 39 340 # 54 320
================================================================================
NOTES:
# LAST OF SEVERAL OCCURRENCES
COLUMN 17 PEAK WIND IN M.P.H.
PRELIMINARY LOCAL CLIMATOLOGICAL DATA (WS FORM: F-6) , PAGE 2
STATION: HASTINGS NE
MONTH: NOVEMBER
YEAR: 2021
LATITUDE: 40 35 N
LONGITUDE: 98 26 W
[TEMPERATURE DATA] [PRECIPITATION DATA] SYMBOLS USED IN COLUMN 16
AVERAGE MONTHLY: 43.8 TOTAL FOR MONTH: 0.40 1 = FOG OR MIST
DPTR FM NORMAL: 4.1 DPTR FM NORMAL: -0.73 2 = FOG REDUCING VISIBILITY
HIGHEST: 75 ON 15 GRTST 24HR 0.25 ON 1- 1 TO 1/4 MILE OR LESS
LOWEST: 18 ON 25,18 3 = THUNDER
SNOW, ICE PELLETS, HAIL 4 = ICE PELLETS
TOTAL MONTH: 1.0 INCH 5 = HAIL
GRTST 24HR 1.0 ON 1- 1 6 = FREEZING RAIN OR DRIZZLE
GRTST DEPTH: 1 ON 1 7 = DUSTSTORM OR SANDSTORM:
VSBY 1/2 MILE OR LESS
8 = SMOKE OR HAZE
[NO. OF DAYS WITH] [WEATHER - DAYS WITH] 9 = BLOWING SNOW
X = TORNADO
MAX 32 OR BELOW: 0 0.01 INCH OR MORE: 3
MAX 90 OR ABOVE: 0 0.10 INCH OR MORE: 1
MIN 32 OR BELOW: 15 0.50 INCH OR MORE: 0
MIN 0 OR BELOW: 0 1.00 INCH OR MORE: 0
[HDD (BASE 65) ]
TOTAL THIS MO. 629 CLEAR (SCALE 0-3) 22
DPTR FM NORMAL -130 PTCLDY (SCALE 4-7) 6
TOTAL FM JUL 1 961 CLOUDY (SCALE 8-10) 2
DPTR FM NORMAL -269
[CDD (BASE 65) ]
TOTAL THIS MO. 0
DPTR FM NORMAL 0 [PRESSURE DATA]
TOTAL FM JAN 1 1295 HIGHEST SLP 30.57 ON 25
DPTR FM NORMAL 160 LOWEST SLP 29.56 ON 24
[REMARKS]
#FINAL-11-21#