000
CXUS54 KHUN 010910
CF6HSV
PRELIMINARY LOCAL CLIMATOLOGICAL DATA (WS FORM: F-6)
STATION: HUNTSVILLE
MONTH: NOVEMBER
YEAR: 2021
LATITUDE: 34 39 N
LONGITUDE: 86 46 W
TEMPERATURE IN F: :PCPN: SNOW: WIND :SUNSHINE: SKY :PK WND
================================================================================
1 2 3 4 5 6A 6B 7 8 9 10 11 12 13 14 15 16 17 18
12Z AVG MX 2MIN
DY MAX MIN AVG DEP HDD CDD WTR SNW DPTH SPD SPD DIR MIN PSBL S-S WX SPD DR
================================================================================
1 68 46 57 0 8 0 T 0.0 0 6.5 15 40 M M 4 19 40
2 61 43 52 -5 13 0 0.00 0.0 0 8.8 15 30 M M 3 26 10
3 50 41 46 -11 19 0 0.02 0.0 0 6.0 12 40 M M 8 16 40
4 49 39 44 -12 21 0 0.08 0.0 0 5.9 10 70 M M 9 1 12 30
5 57 36 47 -9 18 0 0.00 0.0 0 5.5 15 120 M M 7 1 18 110
6 63 31 47 -9 18 0 0.00 0.0 0 3.5 13 310 M M 1 12 16 360
7 69 33 51 -4 14 0 0.00 0.0 0 3.0 10 330 M M 0 1 13 320
8 75 32 54 -1 11 0 0.00 0.0 0 1.4 6 90 M M 0 1 7 70
9 76 38 57 3 8 0 0.00 0.0 0 3.4 10 260 M M 5 1 14 270
10 75 41 58 4 7 0 0.00 0.0 0 4.1 10 180 M M 3 1 16 180
11 68 43 56 2 9 0 0.31 0.0 0 7.3 17 240 M M 6 12 26 190
12 67 39 53 -1 12 0 0.00 0.0 0 5.7 17 310 M M 6 12 24 320
13 51 31 41 -12 24 0 0.00 0.0 0 6.2 15 320 M M 1 19 320
14 63 30 47 -6 18 0 0.00 0.0 0 6.1 21 270 M M 2 25 260
15 63 31 47 -5 18 0 0.00 0.0 0 4.2 9 240 M M 3 12 240
16 75 44 60 8 5 0 0.00 0.0 0 6.2 17 210 M M 5 24 230
17 75 50 63 11 2 0 0.00 0.0 0 7.8 17 220 M M 5 1 25 210
18 64 35 50 -2 15 0 0.17 0.0 0 8.1 22 330 M M 6 1 30 330
19 56 31 44 -7 21 0 0.00 0.0 0 6.3 17 40 M M 0 23 50
20 62 29 46 -5 19 0 0.00 0.0 0 9.0 23 130 M M 4 30 130
21 65 39 52 1 13 0 0.70 0.0 0 6.3 14 190 M M 6 13 19 180
22 56 31 44 -6 21 0 T 0.0 0 8.8 17 330 M M 4 1 23 320
23 54 25 40 -10 25 0 0.00 0.0 0 3.7 9 50 M M 2 13 230
24 61 30 46 -4 19 0 0.00 0.0 0 6.0 16 190 M M 3 22 180
25 63 37 50 0 15 0 0.34 0.0 0 7.5 18 340 M M 7 1 27 340
26 47 27 37 -12 28 0 0.00 0.0 0 5.8 16 330 M M 3 22 10
27 58 25 42 -7 23 0 0.00 0.0 0 4.4 12 210 M M 5 16 220
28 60 32 46 -3 19 0 0.00 0.0 0 3.3 9 360 M M 4 13 350
29 54 30 42 -7 23 0 0.00 0.0 0 3.5 12 20 M M 2 16 10
30 68 31 50 2 15 0 0.00 0.0 0 3.8 12 230 M M 0 16 230
================================================================================
SM 1873 1050 481 0 1.62 0.0 168.1 M 114
================================================================================
AV 62.4 35.0 5.6 FASTST M M 4 MAX(MPH)
MISC ----> 23 130 # 30 330
================================================================================
NOTES:
# LAST OF SEVERAL OCCURRENCES
COLUMN 17 PEAK WIND IN M.P.H.
PRELIMINARY LOCAL CLIMATOLOGICAL DATA (WS FORM: F-6) , PAGE 2
STATION: HUNTSVILLE
MONTH: NOVEMBER
YEAR: 2021
LATITUDE: 34 39 N
LONGITUDE: 86 46 W
[TEMPERATURE DATA] [PRECIPITATION DATA] SYMBOLS USED IN COLUMN 16
AVERAGE MONTHLY: 48.7 TOTAL FOR MONTH: 1.62 1 = FOG OR MIST
DPTR FM NORMAL: -3.8 DPTR FM NORMAL: -2.63 2 = FOG REDUCING VISIBILITY
HIGHEST: 76 ON 9 GRTST 24HR 0.70 ON 21-21 TO 1/4 MILE OR LESS
LOWEST: 25 ON 27,23 3 = THUNDER
SNOW, ICE PELLETS, HAIL 4 = ICE PELLETS
TOTAL MONTH: 0.0 INCH 5 = HAIL
GRTST 24HR 0.0 6 = FREEZING RAIN OR DRIZZLE
GRTST DEPTH: 0 7 = DUSTSTORM OR SANDSTORM:
VSBY 1/2 MILE OR LESS
8 = SMOKE OR HAZE
[NO. OF DAYS WITH] [WEATHER - DAYS WITH] 9 = BLOWING SNOW
X = TORNADO
MAX 32 OR BELOW: 0 0.01 INCH OR MORE: 6
MAX 90 OR ABOVE: 0 0.10 INCH OR MORE: 4
MIN 32 OR BELOW: 15 0.50 INCH OR MORE: 1
MIN 0 OR BELOW: 0 1.00 INCH OR MORE: 0
[HDD (BASE 65) ]
TOTAL THIS MO. 481 CLEAR (SCALE 0-3) 12
DPTR FM NORMAL 98 PTCLDY (SCALE 4-7) 17
TOTAL FM JUL 1 582 CLOUDY (SCALE 8-10) 1
DPTR FM NORMAL 68
[CDD (BASE 65) ]
TOTAL THIS MO. 0
DPTR FM NORMAL -10 [PRESSURE DATA]
TOTAL FM JAN 1 1810 HIGHEST SLP 30.50 ON 19
DPTR FM NORMAL -294 LOWEST SLP 29.85 ON 11
[REMARKS]
#FINAL-11-21#