000
CXUS53 KIND 010600
CF6HUF
PRELIMINARY LOCAL CLIMATOLOGICAL DATA (WS FORM: F-6)
STATION: TERRE HAUTE IN
MONTH: OCTOBER
YEAR: 2022
LATITUDE: 39 27 N
LONGITUDE: 87 18 W
TEMPERATURE IN F: :PCPN: SNOW: WIND :SUNSHINE: SKY :PK WND
================================================================================
1 2 3 4 5 6A 6B 7 8 9 10 11 12 13 14 15 16 17 18
12Z AVG MX 2MIN
DY MAX MIN AVG DEP HDD CDD WTR SNW DPTH SPD SPD DIR MIN PSBL S-S WX SPD DR
================================================================================
1 76 44 60 -1 5 0 0.00 M M 7.6 16 360 M M 0 22 360
2 75 45 60 0 5 0 0.00 M M 7.1 17 50 M M 0 25 60
3 73 37 55 -5 10 0 0.00 M M 5.0 13 50 M M 0 20 40
4 75 33 54 -6 11 0 0.00 M M 1.3 7 10 M M 0 1 11 20
5 78 35 57 -2 8 0 0.00 M M 1.1 8 250 M M 0 1 11 250
6 78 50 64 5 1 0 T M M 4.1 12 10 M M 4 18 20
7 63 40 52 -6 13 0 0.00 M M 8.0 16 10 M M 5 25 10
8 60 30 45 -13 20 0 0.00 M M 3.1 13 280 M M 1 1 19 300
9 69 29 49 -9 16 0 0.00 M M 5.6 15 240 M M 1 21 230
10 77 39 58 1 7 0 0.00 M M 5.9 16 200 M M 1 21 210
11 71 55 63 6 2 0 T M M 8.5 20 190 M M 5 28 200
12 68 44 56 0 9 0 0.17 M M 7.9 20 180 M M 8 1 27 200
13 64 37 51 -5 14 0 0.05 M M 9.2 21 260 M M 5 1 35 250
14 69 30 50 -6 15 0 T M M 7.7 26 210 M M 3 37 210
15 62 37 50 -5 15 0 0.00 M M 5.7 15 240 M M 2 8 24 310
16 69 37 53 -2 12 0 0.00 M M 5.2 17 300 M M 3 8 26 300
17 49 37 43 -11 22 0 T M M 11.7 23 290 M M 6 35 330
18 50 31 41 -13 24 0 0.00 M M 10.9 21 300 M M 5 8 32 310
19 54 31 43 -11 22 0 0.00 M M 8.1 18 250 M M 0 30 260
20 64 28 46 -7 19 0 0.00 M M 9.2 18 210 M M 2 27 200
21 77 45 61 8 4 0 0.00 M M 10.8 21 200 M M 0 30 190
22 80 50 65 13 0 0 0.00 M M 11.9 24 190 M M 0 32 200
23 80 63 72 20 0 7 0.00 M M 14.5 28 180 M M 3 39 170
24 79 59 69 17 0 4 0.00 M M 11.6 23 170 M M 0 30 170
25 68 56 62 11 3 0 0.76 M M 11.5 21 60 M M 8 1 30 160
26 58 36 47 -4 18 0 0.03 M M 9.4 18 330 M M 5 1 30 290
27 60 30 45 -5 20 0 0.00 M M 5.9 15 70 M M 0 1 19 90
28 66 34 50 0 15 0 0.00 M M 3.9 10 110 M M 0 14 360
29 71 33 52 2 13 0 0.00 M M 3.2 10 120 M M 0 1 14 130
30 62 45 54 5 11 0 0.27 M M 6.4 12 140 M M 6 1 15 120
31 63 55 59 10 6 0 0.04 M M 8.0 16 220 M M 10 1 21 220
================================================================================
SM 2108 1255 340 11 1.32 M 230.0 M 83
================================================================================
AV 68.0 40.5 7.4 FASTST M M 3 MAX(MPH)
MISC ----> 28 180 39 170
================================================================================
NOTES:
# LAST OF SEVERAL OCCURRENCES
COLUMN 17 PEAK WIND IN M.P.H.
PRELIMINARY LOCAL CLIMATOLOGICAL DATA (WS FORM: F-6) , PAGE 2
STATION: TERRE HAUTE IN
MONTH: OCTOBER
YEAR: 2022
LATITUDE: 39 27 N
LONGITUDE: 87 18 W
[TEMPERATURE DATA] [PRECIPITATION DATA] SYMBOLS USED IN COLUMN 16
AVERAGE MONTHLY: 54.2 TOTAL FOR MONTH: 1.32 1 = FOG OR MIST
DPTR FM NORMAL: -0.7 DPTR FM NORMAL: -2.12 2 = FOG REDUCING VISIBILITY
HIGHEST: 80 ON 23,22 GRTST 24HR 0.79 ON 25-26 TO 1/4 MILE OR LESS
LOWEST: 28 ON 20 3 = THUNDER
SNOW, ICE PELLETS, HAIL 4 = ICE PELLETS
TOTAL MONTH: M 5 = HAIL
GRTST 24HR M ON M 6 = FREEZING RAIN OR DRIZZLE
GRTST DEPTH: M ON M 7 = DUSTSTORM OR SANDSTORM:
VSBY 1/2 MILE OR LESS
8 = SMOKE OR HAZE
[NO. OF DAYS WITH] [WEATHER - DAYS WITH] 9 = BLOWING SNOW
X = TORNADO
MAX 32 OR BELOW: 0 0.01 INCH OR MORE: 6
MAX 90 OR ABOVE: 0 0.10 INCH OR MORE: 3
MIN 32 OR BELOW: 7 0.50 INCH OR MORE: 1
MIN 0 OR BELOW: 0 1.00 INCH OR MORE: 0
[HDD (BASE 65) ]
TOTAL THIS MO. 340 CLEAR (SCALE 0-3) 20
DPTR FM NORMAL 6 PTCLDY (SCALE 4-7) 9
TOTAL FM JUL 1 413 CLOUDY (SCALE 8-10) 2
DPTR FM NORMAL 7
[CDD (BASE 65) ]
TOTAL THIS MO. 11
DPTR FM NORMAL -8 [PRESSURE DATA]
TOTAL FM JAN 1 1307 HIGHEST SLP M ON M
DPTR FM NORMAL 231 LOWEST SLP 29.53 ON 25
[REMARKS]
#FINAL-10-22#