000
CXUS56 KTFX 011210
CF6HVR
PRELIMINARY LOCAL CLIMATOLOGICAL DATA (WS FORM: F-6)
STATION: HAVRE MT
MONTH: NOVEMBER
YEAR: 2021
LATITUDE: 48 32 N
LONGITUDE: 109 46 W
TEMPERATURE IN F: :PCPN: SNOW: WIND :SUNSHINE: SKY :PK WND
================================================================================
1 2 3 4 5 6A 6B 7 8 9 10 11 12 13 14 15 16 17 18
12Z AVG MX 2MIN
DY MAX MIN AVG DEP HDD CDD WTR SNW DPTH SPD SPD DIR MIN PSBL S-S WX SPD DR
================================================================================
1 38 10 24 -12 41 0 0.00 0.0 0 4.0 14 70 M M 0 16 60
2 42 11 27 -9 38 0 0.00 0.0 0 4.6 15 240 M M 0 19 230
3 60 28 44 9 21 0 0.00 0.0 0 9.2 20 220 M M 1 24 220
4 60 32 46 11 19 0 0.00 0.0 0 5.2 29 280 M M 1 39 280
5 61 32 47 13 18 0 0.00 0.0 0 16.6 35 250 M M 1 45 260
6 55 29 42 8 23 0 0.00 0.0 0 6.8 14 220 M M 3 18 240
7 50 23 37 3 28 0 0.01 0.0 0 14.5 33 270 M M 2 45 260
8 52 21 37 4 28 0 0.00 0.0 0 13.1 28 220 M M 0 41 220
9 52 19 36 3 29 0 0.00 0.0 0 10.2 29 280 M M 3 39 280
10 48 29 39 6 26 0 0.00 0.0 0 17.6 33 290 M M 3 44 310
11 44 15 30 -2 35 0 0.00 0.0 0 9.8 16 220 M M 0 22 220
12 51 14 33 1 32 0 0.02 T 0 7.1 20 230 M M 4 6 26 230
13 54 32 43 11 22 0 0.00 0.0 0 13.4 31 300 M M 3 42 310
14 53 35 44 13 21 0 0.14 0.0 0 7.9 17 220 M M 8 22 220
15 64 37 51 20 14 0 0.00 0.0 0 10.4 37 230 M M 2 50 220
16 55 25 40 9 25 0 T T 0 30.0 46 260 M M 5 62 260
17 36 13 25 -5 40 0 0.00 0.0 0 10.2 24 300 M M 0 31 290
18 39 12 26 -4 39 0 0.00 0.0 0 5.1 15 230 M M 3 19 240
19 43 18 31 1 34 0 0.00 0.0 0 4.5 12 240 M M 8 15 230
20 50 16 33 4 32 0 0.00 0.0 0 12.7 30 280 M M 0 43 270
21 44 20 32 3 33 0 0.00 0.0 0 6.5 16 240 M M 3 21 220
22 60 29 45 16 20 0 0.00 0.0 0 13.9 31 240 M M 0 40 240
23 46 20 33 5 32 0 0.19 0.3 0 11.0 23 30 M M 6 1 30 30
24 23 11 17 -11 48 0 0.06 1.5 1 4.8 12 280 M M 4 1 17 260
25 50 19 35 7 30 0 0.00 0.0 1 20.9 35 230 M M 1 45 240
26 56 31 44 17 21 0 0.00 0.0 0 15.7 38 260 M M 2 50 260
27 43 25 34 7 31 0 0.00 0.0 0 6.7 16 220 M M 0 22 220
28 66 38 52 25 13 0 0.00 0.0 0 14.5 30 240 M M 2 43 240
29 53 28 41 15 24 0 0.00 0.0 0 11.9 30 270 M M 1 43 260
30 57 38 48 22 17 0 0.00 0.0 0 21.9 38 270 M M 1 49 280
================================================================================
SM 1505 710 834 0 0.42 1.8 340.7 M 67
================================================================================
AV 50.2 23.7 11.4 FASTST M M 2 MAX(MPH)
MISC ----> 46 260 62 260
================================================================================
NOTES:
# LAST OF SEVERAL OCCURRENCES
COLUMN 17 PEAK WIND IN M.P.H.
PRELIMINARY LOCAL CLIMATOLOGICAL DATA (WS FORM: F-6) , PAGE 2
STATION: HAVRE MT
MONTH: NOVEMBER
YEAR: 2021
LATITUDE: 48 32 N
LONGITUDE: 109 46 W
[TEMPERATURE DATA] [PRECIPITATION DATA] SYMBOLS USED IN COLUMN 16
AVERAGE MONTHLY: 36.9 TOTAL FOR MONTH: 0.42 1 = FOG OR MIST
DPTR FM NORMAL: 6.0 DPTR FM NORMAL: -0.07 2 = FOG REDUCING VISIBILITY
HIGHEST: 66 ON 28 GRTST 24HR 0.25 ON 23-24 TO 1/4 MILE OR LESS
LOWEST: 10 ON 1 3 = THUNDER
SNOW, ICE PELLETS, HAIL 4 = ICE PELLETS
TOTAL MONTH: 1.8 INCHES 5 = HAIL
GRTST 24HR 1.5 ON 24-24 6 = FREEZING RAIN OR DRIZZLE
GRTST DEPTH: 1 ON 25,24 7 = DUSTSTORM OR SANDSTORM:
VSBY 1/2 MILE OR LESS
8 = SMOKE OR HAZE
[NO. OF DAYS WITH] [WEATHER - DAYS WITH] 9 = BLOWING SNOW
X = TORNADO
MAX 32 OR BELOW: 1 0.01 INCH OR MORE: 5
MAX 90 OR ABOVE: 0 0.10 INCH OR MORE: 2
MIN 32 OR BELOW: 26 0.50 INCH OR MORE: 0
MIN 0 OR BELOW: 0 1.00 INCH OR MORE: 0
[HDD (BASE 65) ]
TOTAL THIS MO. 834 CLEAR (SCALE 0-3) 21
DPTR FM NORMAL -189 PTCLDY (SCALE 4-7) 9
TOTAL FM JUL 1 1588 CLOUDY (SCALE 8-10) 0
DPTR FM NORMAL -400
[CDD (BASE 65) ]
TOTAL THIS MO. 0
DPTR FM NORMAL 0 [PRESSURE DATA]
TOTAL FM JAN 1 661 HIGHEST SLP 30.51 ON 1
DPTR FM NORMAL 257 LOWEST SLP 29.22 ON 16
[REMARKS]
#FINAL-11-21#