222
CXUS56 KTFX 011110
CF6HVR
PRELIMINARY LOCAL CLIMATOLOGICAL DATA (WS FORM: F-6)
STATION: HAVRE MT
MONTH: JULY
YEAR: 2020
LATITUDE: 48 32 N
LONGITUDE: 109 46 W
TEMPERATURE IN F: :PCPN: SNOW: WIND :SUNSHINE: SKY :PK WND
================================================================================
1 2 3 4 5 6A 6B 7 8 9 10 11 12 13 14 15 16 17 18
12Z AVG MX 2MIN
DY MAX MIN AVG DEP HDD CDD WTR SNW DPTH SPD SPD DIR MIN PSBL S-S WX SPD DR
================================================================================
1 76 51 64 -2 1 0 0.00 0.0 0 17.0 31 220 M M 3 39 220
2 77 44 61 -5 4 0 0.00 0.0 0 14.7 32 240 M M 0 41 240
3 85 44 65 -1 0 0 T 0.0 0 5.5 21 250 M M 0 31 240
4 87 53 70 3 0 5 T 0.0 0 7.4 30 160 M M 1 3 39 190
5 81 50 66 -1 0 1 0.00 0.0 0 5.4 15 270 M M 1 18 260
6 88 50 69 2 0 4 0.00 0.0 0 7.1 18 360 M M 1 25 270
7 81 56 69 2 0 4 0.12 0.0 0 12.0 25 70 M M 1 3 30 300
8 68 50 59 -9 6 0 0.05 0.0 0 17.5 32 300 M M 6 41 290
9 82 45 64 -4 1 0 0.00 0.0 0 7.1 15 100 M M 0 20 180
10 76 52 64 -4 1 0 0.27 0.0 0 9.4 23 210 M M 4 13 31 210
11 85 50 68 0 0 3 0.00 0.0 0 7.4 16 210 M M 0 20 210
12 84 56 70 1 0 5 0.00 0.0 0 10.9 28 310 M M 0 33 310
13 74 47 61 -8 4 0 T 0.0 0 11.3 26 280 M M 2 36 270
14 79 46 63 -6 2 0 0.00 0.0 0 10.4 24 280 M M 0 30 290
15 84 46 65 -4 0 0 0.00 0.0 0 11.0 23 290 M M 1 31 310
16 90 49 70 0 0 5 0.00 0.0 0 8.4 22 230 M M 0 26 220
17 88 55 72 2 0 7 0.00 0.0 0 8.8 24 330 M M 2 29 320
18 81 54 68 -2 0 3 0.00 0.0 0 8.4 17 300 M M 3 23 310
19 86 55 71 1 0 6 0.05 0.0 0 9.0 30 310 M M 3 40 300
20 81 53 67 -3 0 2 T 0.0 0 7.9 20 310 M M 3 24 310
21 91 48 70 -1 0 5 0.00 0.0 0 5.7 14 80 M M 0 17 150
22 99 53 76 5 0 11 T 0.0 0 6.0 28 250 M M 0 34 260
23 88 66 77 6 0 12 T 0.0 0 9.4 23 220 M M 3 29 200
24 89 58 74 3 0 9 0.00 0.0 0 12.8 24 230 M M 0 31 250
25 81 50 66 -5 0 1 0.00 0.0 0 8.6 18 320 M M 1 27 290
26 87 47 67 -4 0 2 0.00 0.0 0 3.6 15 270 M M 0 19 280
27 91 49 70 -1 0 5 0.00 0.0 0 7.1 15 70 M M 0 20 40
28 98 58 78 7 0 13 0.00 0.0 0 6.8 16 270 M M 0 21 250
29 99 60 80 9 0 15 0.00 0.0 0 8.7 18 230 M M 0 3 22 240
30 99 58 79 8 0 14 T 0.0 0 5.9 26 230 M M 1 3 37 220
31 93 65 79 8 0 14 0.00 0.0 0 12.5 23 140 M M 0 29 60
================================================================================
SM 2648 1618 19 146 0.49 0.0 283.7 M 36
================================================================================
AV 85.4 52.2 9.2 FASTST M M 1 MAX(MPH)
MISC ----> # 32 240 # 41 240
================================================================================
NOTES:
# LAST OF SEVERAL OCCURRENCES
COLUMN 17 PEAK WIND IN M.P.H.
PRELIMINARY LOCAL CLIMATOLOGICAL DATA (WS FORM: F-6) , PAGE 2
STATION: HAVRE MT
MONTH: JULY
YEAR: 2020
LATITUDE: 48 32 N
LONGITUDE: 109 46 W
[TEMPERATURE DATA] [PRECIPITATION DATA] SYMBOLS USED IN COLUMN 16
AVERAGE MONTHLY: 68.8 TOTAL FOR MONTH: 0.49 1 = FOG OR MIST
DPTR FM NORMAL: -0.4 DPTR FM NORMAL: -1.15 2 = FOG REDUCING VISIBILITY
HIGHEST: 99 ON 30,29 GRTST 24HR 0.27 ON 10-10 TO 1/4 MILE OR LESS
LOWEST: 44 ON 3, 2 3 = THUNDER
SNOW, ICE PELLETS, HAIL 4 = ICE PELLETS
TOTAL MONTH: 0.0 INCH 5 = HAIL
GRTST 24HR 0.0 6 = FREEZING RAIN OR DRIZZLE
GRTST DEPTH: 0 7 = DUSTSTORM OR SANDSTORM:
VSBY 1/2 MILE OR LESS
8 = SMOKE OR HAZE
[NO. OF DAYS WITH] [WEATHER - DAYS WITH] 9 = BLOWING SNOW
X = TORNADO
MAX 32 OR BELOW: 0 0.01 INCH OR MORE: 4
MAX 90 OR ABOVE: 8 0.10 INCH OR MORE: 2
MIN 32 OR BELOW: 0 0.50 INCH OR MORE: 0
MIN 0 OR BELOW: 0 1.00 INCH OR MORE: 0
[HDD (BASE 65) ]
TOTAL THIS MO. 19 CLEAR (SCALE 0-3) 26
DPTR FM NORMAL -11 PTCLDY (SCALE 4-7) 5
TOTAL FM JUL 1 19 CLOUDY (SCALE 8-10) 0
DPTR FM NORMAL -10
[CDD (BASE 65) ]
TOTAL THIS MO. 146
DPTR FM NORMAL -16 [PRESSURE DATA]
TOTAL FM JAN 1 216 HIGHEST SLP 30.18 ON 26
DPTR FM NORMAL -5 LOWEST SLP 29.58 ON 7
[REMARKS]
#FINAL-07-20#