000
CXUS54 KEWX 011010
CF6HYI
PRELIMINARY LOCAL CLIMATOLOGICAL DATA (WS FORM: F-6)
STATION: SAN MARCOS
MONTH: JUNE
YEAR: 2023
LATITUDE: 29 53 N
LONGITUDE: 97 52 W
TEMPERATURE IN F: :PCPN: SNOW: WIND :SUNSHINE: SKY :PK WND
================================================================================
1 2 3 4 5 6A 6B 7 8 9 10 11 12 13 14 15 16 17 18
12Z AVG MX 2MIN
DY MAX MIN AVG DEP HDD CDD WTR SNW DPTH SPD SPD DIR MIN PSBL S-S WX SPD DR
================================================================================
1 91 66 79 M 0 14 0.00 M M 7.9 14 150 M M 3 1 20 170
2 90 66 78 M 0 13 0.00 M M 7.1 13 150 M M 2 1 31 240
3 91 62 77 M 0 12 0.01 M M 7.2 23 240 M M 2 40 80
4 82 66 74 M 0 9 0.09 M M 4.7 9 30 M M 3 3 M M
5 89 66 78 M 0 13 0.00 M M 6.0 13 50 M M 3 16 10
6 88 62 75 M 0 10 0.29 M M 4.1 10 150 M M 1 13 M M
7 89 67 78 M 0 13 0.00 M M 2.9 6 90 M M 1 M M
8 89 67 78 M 0 13 0.29 M M 3.6 15 340 M M 1 13 33 330
9 97 65 81 M 0 16 0.19 M M 4.7 17 20 M M 1 123 16 170
10 96 72 84 M 0 19 0.00 M M 11.7 20 210 M M 1 3 28 210
11 96 75 86 M 0 21 0.00 M M 10.2 23 210 M M 4 30 220
12 96 74 85 M 0 20 0.00 M M 9.9 16 170 M M 4 18 200
13 95 77 86 M 0 21 0.00 M M 10.2 18 190 M M 8 18 23 190
14 94 79 87 M 0 22 0.00 M M 8.2 15 210 M M 6 8 16 170
15 99 80 90 M 0 25 0.00 M M 9.4 15 170 M M 6 18 23 170
16 101 79 90 M 0 25 0.00 M M 10.8 17 190 M M 4 22 190
17 95 79 87 M 0 22 0.00 M M 10.4 18 150 M M 2 M M
18 103 79 91 M 0 26 0.00 M M 12.0 18 210 M M 4 8 25 190
19 102 77 90 M 0 25 0.00 M M 10.2 21 210 M M 3 8 21 170
20 103 78 91 M 0 26 0.00 M M 9.9 14 180 M M 3 1 M M
21 102 74 88 M 0 23 1.16 M M 8.6 38 320 M M 5 138 51 320
22 93 75 84 M 0 19 0.01 M M 8.5 20 240 M M 1 3 23 240
23 98 73 86 M 0 21 0.00 M M 9.2 17 150 M M 2 M M
24 100 74 87 M 0 22 0.00 M M 11.5 18 200 M M 2 24 200
25 100 78 89 M 0 24 0.00 M M 12.9 18 150 M M 2 31 190
26 101 77 89 M 0 24 0.00 M M 11.0 15 150 M M 1 21 140
27 101 75 88 M 0 23 0.00 M M 10.1 16 140 M M 0 21 190
28 99 73 86 M 0 21 0.00 M M 10.5 15 150 M M 2 22 160
29 98 78 88 M 0 23 0.00 M M 11.0 17 200 M M 3 23 160
30 98 78 88 M 0 23 M M M 11.9 16 180 M M 4 8 20 150
================================================================================
SM 2876 2191 0 588 2.04 M 266.2 M 84
================================================================================
AV 95.9 73.0 8.9 FASTST M M 3 MAX(MPH)
MISC ----> 38 320 51 320
================================================================================
NOTES:
# LAST OF SEVERAL OCCURRENCES
COLUMN 17 PEAK WIND IN M.P.H.
PRELIMINARY LOCAL CLIMATOLOGICAL DATA (WS FORM: F-6) , PAGE 2
STATION: SAN MARCOS
MONTH: JUNE
YEAR: 2023
LATITUDE: 29 53 N
LONGITUDE: 97 52 W
[TEMPERATURE DATA] [PRECIPITATION DATA] SYMBOLS USED IN COLUMN 16
AVERAGE MONTHLY: 84.5 TOTAL FOR MONTH: 2.04 1 = FOG OR MIST
DPTR FM NORMAL: 0.0 DPTR FM NORMAL: M 2 = FOG REDUCING VISIBILITY
HIGHEST: 103 ON 20,18 GRTST 24HR 1.17 ON 21-22 TO 1/4 MILE OR LESS
LOWEST: 62 ON 6, 3 3 = THUNDER
SNOW, ICE PELLETS, HAIL 4 = ICE PELLETS
TOTAL MONTH: M 5 = HAIL
GRTST 24HR M ON M 6 = FREEZING RAIN OR DRIZZLE
GRTST DEPTH: M ON M 7 = DUSTSTORM OR SANDSTORM:
VSBY 1/2 MILE OR LESS
8 = SMOKE OR HAZE
[NO. OF DAYS WITH] [WEATHER - DAYS WITH] 9 = BLOWING SNOW
X = TORNADO
MAX 32 OR BELOW: 0 0.01 INCH OR MORE: 7
MAX 90 OR ABOVE: 25 0.10 INCH OR MORE: 4
MIN 32 OR BELOW: 0 0.50 INCH OR MORE: 1
MIN 0 OR BELOW: 0 1.00 INCH OR MORE: 1
[HDD (BASE 65) ]
TOTAL THIS MO. 0 CLEAR (SCALE 0-3) 18
DPTR FM NORMAL M PTCLDY (SCALE 4-7) 12
TOTAL FM JUL 1 1154 CLOUDY (SCALE 8-10) 0
DPTR FM NORMAL M
[CDD (BASE 65) ]
TOTAL THIS MO. 588
DPTR FM NORMAL M [PRESSURE DATA]
TOTAL FM JAN 1 1266 HIGHEST SLP 29.98 ON 29
DPTR FM NORMAL M LOWEST SLP 29.55 ON 3
[REMARKS]
#FINAL-06-23#