000
CXUS53 KICT 031928
CF6ICT
PRELIMINARY LOCAL CLIMATOLOGICAL DATA (WS FORM: F-6)
STATION: WICHITA EISENHOWER NATIONAL
MONTH: JULY
YEAR: 2021
LATITUDE: 37 39 N
LONGITUDE: 97 25 W
TEMPERATURE IN F: :PCPN: SNOW: WIND :SUNSHINE: SKY :PK WND
================================================================================
1 2 3 4 5 6A 6B 7 8 9 10 11 12 13 14 15 16 17 18
12Z AVG MX 2MIN
DY MAX MIN AVG DEP HDD CDD WTR SNW DPTH SPD SPD DIR MIN PSBL S-S WX SPD DR
================================================================================
1 84 73 79 -1 0 14 0.20 0.0 0 7.1 14 40 M M 8 1 22 60
2 85 67 76 -4 0 11 0.00 0.0 0 8.4 16 100 M M 5 21 100
3 85 61 73 -8 0 8 0.00 0.0 0 5.3 15 150 M M 2 20 130
4 86 64 75 -6 0 10 0.00 0.0 0 8.4 16 180 M M 5 8 24 160
5 86 65 76 -5 0 11 0.00 0.0 0 6.2 13 170 M M 2 1 20 150
6 89 63 76 -5 0 11 0.00 0.0 0 6.6 13 140 M M 4 17 130
7 88 67 78 -3 0 13 0.00 0.0 0 8.2 16 340 M M 5 21 350
8 90 68 79 -2 0 14 0.00 0.0 0 6.6 14 160 M M 1 19 170
9 94 73 84 3 0 19 0.00 0.0 0 14.6 26 190 M M 5 8 35 170
10 91 70 81 0 0 16 T 0.0 0 13.2 26 180 M M 6 38 37 190
11 80 62 71 -10 0 6 T 0.0 0 12.2 22 340 M M 6 1 29 340
12 87 60 74 -8 0 9 0.00 0.0 0 7.1 14 360 M M 1 19 20
13 94 63 79 -3 0 14 0.00 0.0 0 11.5 21 180 M M 4 27 170
14 93 72 83 1 0 18 0.00 0.0 0 16.4 31 190 M M 6 41 190
15 81 73 77 -5 0 12 0.09 0.0 0 9.3 20 180 M M 9 13 29 180
16 88 69 79 -3 0 14 0.00 0.0 0 9.1 21 130 M M 7 3 26 140
17 89 70 80 -2 0 15 0.14 0.0 0 7.6 20 110 M M 6 13 26 10
18 88 71 80 -2 0 15 0.00 0.0 0 8.0 15 50 M M 4 18 60
19 86 69 78 -4 0 13 0.00 0.0 0 8.4 17 50 M M 2 25 70
20 87 65 76 -6 0 11 0.00 0.0 0 6.5 13 120 M M 3 18 130
21 87 62 75 -7 0 10 0.00 0.0 0 6.0 16 140 M M 2 1 24 140
22 91 63 77 -5 0 12 0.00 0.0 0 10.6 21 170 M M 2 18 27 170
23 96 68 82 0 0 17 0.00 0.0 0 10.9 21 180 M M 2 18 27 180
24 97 71 84 2 0 19 0.00 0.0 0 8.3 16 210 M M 2 22 180
25 95 76 86 4 0 21 0.02 0.0 0 7.3 32 50 M M 5 13 42 40
26 93 71 82 0 0 17 0.70 0.0 0 5.9 30 160 M M 7 13 39 160
27 94 70 82 0 0 17 0.00 0.0 0 3.8 12 180 M M 3 15 150
28 95 75 85 3 0 20 0.00 0.0 0 9.6 17 160 M M 1 22 170
29 97 75 86 4 0 21 0.00 0.0 0 8.2 15 190 M M 1 19 190
30 97 72 85 3 0 20 0.00 0.0 0 7.3 17 140 M M 1 1 21 140
31 100 73 87 5 0 22 0.00 0.0 0 9.1 25 50 M M 4 138 33 40
================================================================================
SM 2793 2121 0 450 1.15 0.0 267.7 M 121
================================================================================
AV 90.1 68.4 8.6 FASTST M M 4 MAX(MPH)
MISC ----> 32 50 42 40
================================================================================
NOTES:
# LAST OF SEVERAL OCCURRENCES
COLUMN 17 PEAK WIND IN M.P.H.
PRELIMINARY LOCAL CLIMATOLOGICAL DATA (WS FORM: F-6) , PAGE 2
STATION: WICHITA EISENHOWER NATIONAL
MONTH: JULY
YEAR: 2021
LATITUDE: 37 39 N
LONGITUDE: 97 25 W
[TEMPERATURE DATA] [PRECIPITATION DATA] SYMBOLS USED IN COLUMN 16
AVERAGE MONTHLY: 79.3 TOTAL FOR MONTH: 1.15 1 = FOG OR MIST
DPTR FM NORMAL: -2.2 DPTR FM NORMAL: -2.83 2 = FOG REDUCING VISIBILITY
HIGHEST: 100 ON 31 GRTST 24HR 0.84 ON 30- 1 TO 1/4 MILE OR LESS
LOWEST: 60 ON 12 3 = THUNDER
SNOW, ICE PELLETS, HAIL 4 = ICE PELLETS
TOTAL MONTH: 0.0 INCH 5 = HAIL
GRTST 24HR 0.0 6 = FREEZING RAIN OR DRIZZLE
GRTST DEPTH: 0 7 = DUSTSTORM OR SANDSTORM:
VSBY 1/2 MILE OR LESS
8 = SMOKE OR HAZE
[NO. OF DAYS WITH] [WEATHER - DAYS WITH] 9 = BLOWING SNOW
X = TORNADO
MAX 32 OR BELOW: 0 0.01 INCH OR MORE: 5
MAX 90 OR ABOVE: 15 0.10 INCH OR MORE: 3
MIN 32 OR BELOW: 0 0.50 INCH OR MORE: 1
MIN 0 OR BELOW: 0 1.00 INCH OR MORE: 0
[HDD (BASE 65) ]
TOTAL THIS MO. 0 CLEAR (SCALE 0-3) 13
DPTR FM NORMAL 0 PTCLDY (SCALE 4-7) 17
TOTAL FM JUL 1 0 CLOUDY (SCALE 8-10) 1
DPTR FM NORMAL 0
[CDD (BASE 65) ]
TOTAL THIS MO. 450
DPTR FM NORMAL -62 [PRESSURE DATA]
TOTAL FM JAN 1 907 HIGHEST SLP 30.14 ON 20
DPTR FM NORMAL -124 LOWEST SLP 29.73 ON 10
[REMARKS]
#FINAL-07-21#