000
CXUS55 KVEF 012117
CF6IGM
PRELIMINARY LOCAL CLIMATOLOGICAL DATA (WS FORM: F-6)
STATION: KINGMAN AZ
MONTH: SEPTEMBER
YEAR: 2022
LATITUDE: 35 16 N
LONGITUDE: 113 57 W
TEMPERATURE IN F: :PCPN: SNOW: WIND :SUNSHINE: SKY :PK WND
================================================================================
1 2 3 4 5 6A 6B 7 8 9 10 11 12 13 14 15 16 17 18
12Z AVG MX 2MIN
DY MAX MIN AVG DEP HDD CDD WTR SNW DPTH SPD SPD DIR MIN PSBL S-S WX SPD DR
================================================================================
1 101 73 87 7 0 22 0.00 M M 10.4 18 180 M M 0 27 200
2 102 64 83 3 0 18 0.46 M M 10.1 45 40 M M 0 38 55 40
3 100 67 84 4 0 19 0.00 M M 8.2 18 210 M M 0 24 210
4 103 71 87 7 0 22 0.04 M M 7.3 55 10 M M 0 38 74 360
5 102 69 86 7 0 21 0.00 M M 7.8 17 70 M M 0 21 70
6 102 70 86 7 0 21 0.00 M M 8.7 20 170 M M 0 25 170
7 98 72 85 6 0 20 0.00 M M 9.3 20 150 M M 0 25 150
8 95 71 83 5 0 18 T M M 10.5 36 100 M M 1 38 46 90
9 86 68 77 -1 0 12 0.00 M M 8.5 21 230 M M 1 8 26 230
10 84 65 75 -3 0 10 0.00 M M 7.9 24 40 M M 3 28 40
11 95 62 79 1 0 14 T M M 5.4 21 220 M M 1 38 30 10
12 83 66 75 -2 0 10 0.55 M M 10.2 38 200 M M 3 138 46 200
13 83 66 75 -2 0 10 0.02 M M 10.0 22 130 M M 7 3 27 210
14 83 62 73 -3 0 8 0.01 M M 9.4 28 200 M M 5 3 35 210
15 87 64 76 0 0 11 0.00 M M 10.8 21 230 M M 1 31 200
16 86 60 73 -3 0 8 0.00 M M 8.2 17 250 M M 0 25 140
17 87 59 73 -2 0 8 0.00 M M 10.9 24 220 M M 0 31 230
18 89 61 75 0 0 10 0.00 M M 12.6 24 240 M M 0 8 42 230
19 92 63 78 3 0 13 0.00 M M 10.4 22 230 M M 0 30 230
20 90 64 77 3 0 12 0.00 M M 10.6 22 230 M M 2 30 240
21 85 69 77 3 0 12 0.00 M M 11.9 25 220 M M 4 32 230
22 88 64 76 3 0 11 0.00 M M 9.4 21 230 M M 0 26 220
23 92 59 76 3 0 11 0.00 M M 5.5 16 10 M M 2 26 260
24 94 60 77 5 0 12 0.00 M M 5.0 13 360 M M 0 18 350
25 94 56 75 3 0 10 0.00 M M 5.3 17 10 M M 0 24 350
26 96 57 77 5 0 12 0.00 M M 6.2 20 160 M M 0 8 27 150
27 94 65 80 9 0 15 0.00 M M 7.2 25 90 M M 1 3 32 80
28 93 67 80 9 0 15 0.00 M M 9.1 21 220 M M 1 3 35 160
29 88 65 77 7 0 12 0.00 M M 8.3 17 240 M M 0 3 23 240
30 89 65 77 7 0 12 0.00 M M 10.9 23 250 M M 0 29 230
================================================================================
SM 2761 1944 0 409 1.08 M 266.0 M 32
================================================================================
AV 92.0 64.8 8.9 FASTST M M 1 MAX(MPH)
MISC ----> 55 10 74 360
================================================================================
NOTES:
# LAST OF SEVERAL OCCURRENCES
COLUMN 17 PEAK WIND IN M.P.H.
PRELIMINARY LOCAL CLIMATOLOGICAL DATA (WS FORM: F-6) , PAGE 2
STATION: KINGMAN AZ
MONTH: SEPTEMBER
YEAR: 2022
LATITUDE: 35 16 N
LONGITUDE: 113 57 W
[TEMPERATURE DATA] [PRECIPITATION DATA] SYMBOLS USED IN COLUMN 16
AVERAGE MONTHLY: 78.4 TOTAL FOR MONTH: 1.08 1 = FOG OR MIST
DPTR FM NORMAL: 2.8 DPTR FM NORMAL: 0.12 2 = FOG REDUCING VISIBILITY
HIGHEST: 103 ON 4 GRTST 24HR 0.55 ON 11-12 TO 1/4 MILE OR LESS
LOWEST: 56 ON 25 3 = THUNDER
SNOW, ICE PELLETS, HAIL 4 = ICE PELLETS
TOTAL MONTH: M 5 = HAIL
GRTST 24HR M ON M 6 = FREEZING RAIN OR DRIZZLE
GRTST DEPTH: M ON M 7 = DUSTSTORM OR SANDSTORM:
VSBY 1/2 MILE OR LESS
8 = SMOKE OR HAZE
[NO. OF DAYS WITH] [WEATHER - DAYS WITH] 9 = BLOWING SNOW
X = TORNADO
MAX 32 OR BELOW: 0 0.01 INCH OR MORE: 5
MAX 90 OR ABOVE: 17 0.10 INCH OR MORE: 2
MIN 32 OR BELOW: 0 0.50 INCH OR MORE: 1
MIN 0 OR BELOW: 0 1.00 INCH OR MORE: 0
[HDD (BASE 65) ]
TOTAL THIS MO. 0 CLEAR (SCALE 0-3) 25
DPTR FM NORMAL -7 PTCLDY (SCALE 4-7) 5
TOTAL FM JUL 1 0 CLOUDY (SCALE 8-10) 0
DPTR FM NORMAL -5
[CDD (BASE 65) ]
TOTAL THIS MO. 409
DPTR FM NORMAL 82 [PRESSURE DATA]
TOTAL FM JAN 1 2284 HIGHEST SLP 29.99 ON 28
DPTR FM NORMAL 185 LOWEST SLP 29.58 ON 9
[REMARKS]
#FINAL-09-22#