000
CXUS55 KVEF 010958
CLMIGM
CLIMATE REPORT
NATIONAL WEATHER SERVICE LAS VEGAS, NV
258 AM PDT TUE AUG 01 2023
...................................
...THE KINGMAN AZ CLIMATE SUMMARY FOR THE MONTH OF JULY 2023...
CLIMATE NORMAL PERIOD: 1991 TO 2020
CLIMATE RECORD PERIOD: 1901 TO 2023
WEATHER OBSERVED NORMAL DEPART LAST YEAR`S
VALUE DATE(S) VALUE FROM VALUE DATE(S)
NORMAL
................................................................
TEMPERATURE (F)
RECORD
HIGH 114 07/15/2023
LOW 45 07/02/1928
HIGHEST 114R 07/15 107 07/22
LOWEST 59 07/05 66 07/26
AVG. MAXIMUM 104.4 98.7 5.7 98.2
AVG. MINIMUM 72.6 70.0 2.6 72.7
MEAN 88.5 84.3 4.2 85.5
DAYS MAX >= 90 31 29.0 2.0 25
DAYS MAX <= 32 0 0.0 0.0 0
DAYS MIN <= 32 0 0.0 0.0 0
DAYS MIN <= 0 0 0.0 0.0 0
PRECIPITATION (INCHES)
RECORD
MAXIMUM 5.15 1919
MINIMUM 0.00 1993
TOTALS 1.24 0.86 0.38 1.77
DAILY AVG. 0.04 0.03 0.01 0.06
DAYS >= .01 2 5.3 -3.3 9
DAYS >= .10 1 2.1 -1.1 4
DAYS >= .50 1 0.4 0.6 1
DAYS >= 1.00 1 0.1 0.9 1
GREATEST
24 HR. TOTAL 1.23 07/31 TO 07/31
DEGREE DAYS
HEATING TOTAL 0 0 0 0
SINCE 7/1 0 0 0 MM
COOLING TOTAL 734 600 134 641
SINCE 1/1 1208 1212 -4 MM
FREEZE DATES
RECORD
EARLIEST 09/24/1920
LATEST 05/21/1975
EARLIEST MM
LATEST 04/06
................................................................
WIND (MPH)
AVERAGE WIND SPEED 10.8
HIGHEST WIND SPEED/DIRECTION 31/190 DATE 07/04
31/210 07/06
31/100 07/29
HIGHEST GUST SPEED/DIRECTION 57/250 DATE 07/04
SKY COVER
POSSIBLE SUNSHINE (PERCENT) MM
AVERAGE SKY COVER 0.02
NUMBER OF DAYS FAIR 31
NUMBER OF DAYS PC 0
NUMBER OF DAYS CLOUDY 0
AVERAGE RH (PERCENT) 23
WEATHER CONDITIONS. NUMBER OF DAYS WITH
THUNDERSTORM 7 MIXED PRECIP 0
HEAVY RAIN 1 RAIN 2
LIGHT RAIN 1 FREEZING RAIN 0
LT FREEZING RAIN 0 HAIL 0
HEAVY SNOW 0 SLEET 0
FOG 1 FOG W/VIS <= 1/4 MILE 0
HAZE 5
- INDICATES NEGATIVE NUMBERS.
R INDICATES RECORD WAS SET OR TIED.
MM INDICATES DATA IS MISSING.
T INDICATES TRACE AMOUNT.
$$