000
CXUS55 KVEF 020307
CLMIGM
CLIMATE REPORT
NATIONAL WEATHER SERVICE LAS VEGAS, NV
807 PM PDT THU JUN 01 2023
...................................
...THE KINGMAN AZ CLIMATE SUMMARY FOR THE MONTH OF MAY 2023...
CLIMATE NORMAL PERIOD: 1991 TO 2020
CLIMATE RECORD PERIOD: 1901 TO 2023
WEATHER OBSERVED NORMAL DEPART LAST YEAR`S
VALUE DATE(S) VALUE FROM VALUE DATE(S)
NORMAL
................................................................
TEMPERATURE (F)
RECORD
HIGH 106 05/21/1923
LOW 29 05/12/1909
HIGHEST 92 05/14 MM MM 97 05/26
05/17
05/23
LOWEST 40 05/02 MM MM 37 05/12
AVG. MAXIMUM 84.4 84.9 -0.5 85.9
AVG. MINIMUM 52.8 52.7 0.1 53.8
MEAN 68.6 68.8 -0.2 69.8
DAYS MAX >= 90 9 9.8 -0.8 11
DAYS MAX <= 32 0 0.0 0.0 0
DAYS MIN <= 32 0 0.0 0.0 0
DAYS MIN <= 0 0 0.0 0.0 0
PRECIPITATION (INCHES)
RECORD
MAXIMUM 2.15 1992
MINIMUM 0.00 2022
TOTALS T 0.08 -0.08 0.00
DAILY AVG. T 0.00 -0.00 0.00
DAYS >= .01 0 1.2 -1.2 0
DAYS >= .10 0 0.4 -0.4 0
DAYS >= .50 0 0.0 0.0 0
DAYS >= 1.00 0 0.0 0.0 0
GREATEST
24 HR. TOTAL T 05/20 TO 05/20
05/21 TO 05/21
05/31 TO 05/31
DEGREE DAYS
HEATING TOTAL 44 54 -10 30
SINCE 7/1 3380 3008 372 MM
COOLING TOTAL 166 172 -6 186
SINCE 1/1 185 199 -14 MM
FREEZE DATES
RECORD
EARLIEST 09/24/1920
LATEST 05/21/1975
EARLIEST 11/03
LATEST 04/13
................................................................
WIND (MPH)
AVERAGE WIND SPEED 10.7
HIGHEST WIND SPEED/DIRECTION 38/140 DATE 05/19
HIGHEST GUST SPEED/DIRECTION 64/270 DATE 05/18
SKY COVER
POSSIBLE SUNSHINE (PERCENT) MM
AVERAGE SKY COVER 0.06
NUMBER OF DAYS FAIR 31
NUMBER OF DAYS PC 0
NUMBER OF DAYS CLOUDY 0
AVERAGE RH (PERCENT) 33
WEATHER CONDITIONS. NUMBER OF DAYS WITH
THUNDERSTORM 7 MIXED PRECIP 0
HEAVY RAIN 0 RAIN 1
LIGHT RAIN 9 FREEZING RAIN 0
LT FREEZING RAIN 0 HAIL 0
HEAVY SNOW 0 SNOW 0
LIGHT SNOW 0 SLEET 0
FOG 0 FOG W/VIS <= 1/4 MILE 0
HAZE 2
- INDICATES NEGATIVE NUMBERS.
R INDICATES RECORD WAS SET OR TIED.
MM INDICATES DATA IS MISSING.
T INDICATES TRACE AMOUNT.
$$