000
CXUS55 KVEF 030752
CLMIGM
CLIMATE REPORT
NATIONAL WEATHER SERVICE LAS VEGAS, NV
1252 AM PDT TUE OCT 03 2023
...................................
...THE KINGMAN AZ CLIMATE SUMMARY FOR THE MONTH OF SEPTEMBER 2023...
CLIMATE NORMAL PERIOD: 1991 TO 2020
CLIMATE RECORD PERIOD: 1901 TO 2023
WEATHER OBSERVED NORMAL DEPART LAST YEAR`S
VALUE DATE(S) VALUE FROM VALUE DATE(S)
NORMAL
................................................................
TEMPERATURE (F)
RECORD
HIGH 110 09/06/2020
LOW 31 09/24/1920
HIGHEST 100 09/09 103 09/04
LOWEST 49 09/24 56 09/25
AVG. MAXIMUM 89.3 90.9 -1.6 92.0
AVG. MINIMUM 59.0 60.4 -1.4 64.8
MEAN 74.1 75.6 -1.5 78.4
DAYS MAX >= 90 15 18.4 -3.4 17
DAYS MAX <= 32 0 0.0 0.0 0
DAYS MIN <= 32 0 0.0 0.0 0
DAYS MIN <= 0 0 0.0 0.0 0
PRECIPITATION (INCHES)
RECORD
MAXIMUM 3.04 1997
MINIMUM 0.00 1993
TOTALS 1.21 0.96 0.25 1.08
DAILY AVG. 0.04 0.03 0.01 0.04
DAYS >= .01 2 3.7 -1.7 5
DAYS >= .10 1 1.8 -0.8 2
DAYS >= .50 1 0.6 0.4 1
DAYS >= 1.00 1 0.1 0.9 0
GREATEST
24 HR. TOTAL 1.20 09/01 TO 09/01
DEGREE DAYS
HEATING TOTAL 0 7 -7 0
SINCE 7/1 0 5 -5 MM
COOLING TOTAL 283 327 -44 409
SINCE 1/1 2070 2099 -29 MM
FREEZE DATES
RECORD
EARLIEST 09/24/1920
LATEST 05/21/1975
EARLIEST MM
LATEST 04/06
................................................................
WIND (MPH)
AVERAGE WIND SPEED 8.4
HIGHEST WIND SPEED/DIRECTION 47/140 DATE 09/01
HIGHEST GUST SPEED/DIRECTION 62/140 DATE 09/01
SKY COVER
POSSIBLE SUNSHINE (PERCENT) MM
AVERAGE SKY COVER 0.11
NUMBER OF DAYS FAIR 25
NUMBER OF DAYS PC 5
NUMBER OF DAYS CLOUDY 0
AVERAGE RH (PERCENT) 41
WEATHER CONDITIONS. NUMBER OF DAYS WITH
THUNDERSTORM 3 MIXED PRECIP 0
HEAVY RAIN 1 RAIN 0
LIGHT RAIN 6 FREEZING RAIN 0
LT FREEZING RAIN 0 HAIL 0
HEAVY SNOW 0 SLEET 0
FOG 1 FOG W/VIS <= 1/4 MILE 0
HAZE 1
- INDICATES NEGATIVE NUMBERS.
R INDICATES RECORD WAS SET OR TIED.
MM INDICATES DATA IS MISSING.
T INDICATES TRACE AMOUNT.
$$