000
CXUS51 KPHI 020117
CF6ILG
PRELIMINARY LOCAL CLIMATOLOGICAL DATA (WS FORM: F-6)
STATION: WILMINGTON DE
MONTH: SEPTEMBER
YEAR: 2023
LATITUDE: 39 40 N
LONGITUDE: 75 36 W
TEMPERATURE IN F: :PCPN: SNOW: WIND :SUNSHINE: SKY :PK WND
================================================================================
1 2 3 4 5 6A 6B 7 8 9 10 11 12 13 14 15 16 17 18
12Z AVG MX 2MIN
DY MAX MIN AVG DEP HDD CDD WTR SNW DPTH SPD SPD DIR MIN PSBL S-S WX SPD DR
================================================================================
1 80 58 69 -4 0 4 0.00 0.0 0 7.6 14 50 M M 0 17 80
2 83 57 70 -3 0 5 0.00 0.0 0 5.6 14 150 M M 0 17 170
3 93 65 79 6 0 14 0.00 0.0 0 5.7 16 280 M M 0 23 270
4 96 70 83 10 0 18 0.00 0.0 0 7.3 17 280 M M 0 27 290
5 92 74 83 11 0 18 0.00 0.0 0 6.5 14 330 M M 1 19 340
6 98 71 85 13 0 20 0.00 0.0 0 5.4 14 340 M M 1 23 290
7 93 71 82 10 0 17 0.00 0.0 0 7.1 20 180 M M 0 25 160
8 91 69 80 8 0 15 0.15 0.0 0 5.6 28 300 M M 1 3 35 280
9 86 68 77 6 0 12 0.09 0.0 0 5.6 28 170 M M 2 13 35 170
10 81 69 75 4 0 10 0.87 0.0 0 3.9 18 250 M M 7 13 22 260
11 82 67 75 4 0 10 0.81 0.0 0 3.4 20 340 M M 7 123 24 340
12 85 63 74 4 0 9 0.00 0.0 0 5.6 15 170 M M 1 1 19 160
13 83 66 75 5 0 10 0.60 0.0 0 6.1 21 210 M M 4 13 25 210
14 79 60 70 0 0 5 0.00 0.0 0 9.0 17 350 M M 3 23 350
15 77 54 66 -3 0 1 0.00 0.0 0 9.9 16 350 M M 0 23 30
16 77 53 65 -4 0 0 0.00 0.0 0 8.2 16 280 M M 0 21 290
17 79 52 66 -3 0 1 0.43 0.0 0 4.6 18 170 M M 5 1 24 170
18 74 59 67 -1 0 2 0.38 0.0 0 6.9 21 330 M M 7 1 28 320
19 75 54 65 -3 0 0 0.00 0.0 0 7.8 18 320 M M 1 22 310
20 77 52 65 -3 0 0 0.00 0.0 0 3.7 12 250 M M 1 16 230
21 76 53 65 -2 0 0 0.00 0.0 0 4.3 12 70 M M 0 14 70
22 72 53 63 -4 2 0 0.00 0.0 0 12.9 23 50 M M 2 30 50
23 63 57 60 -6 5 0 1.22 0.0 0 23.3 32 50 M M 9 1 44 50
24 70 63 67 1 0 2 0.30 0.0 0 9.4 24 60 M M 10 1 34 50
25 65 58 62 -4 3 0 0.02 0.0 0 10.5 22 50 M M 10 1 28 50
26 62 57 60 -5 5 0 0.14 0.0 0 10.0 18 40 M M 10 18 25 50
27 67 49 58 -7 7 0 0.00 0.0 0 8.6 16 40 M M 8 22 60
28 64 49 57 -7 8 0 0.02 0.0 0 10.5 18 60 M M 9 1 25 50
29 68 59 64 0 1 0 0.05 0.0 0 9.8 17 30 M M 10 1 20 30
30 70 58 64 0 1 0 T 0.0 0 6.3 16 20 M M 9 1 20 30
================================================================================
SM 2358 1808 32 173 5.08 0.0 231.1 M 118
================================================================================
AV 78.6 60.3 7.7 FASTST M M 4 MAX(MPH)
MISC ----> 32 50 44 50
================================================================================
NOTES:
# LAST OF SEVERAL OCCURRENCES
COLUMN 17 PEAK WIND IN M.P.H.
PRELIMINARY LOCAL CLIMATOLOGICAL DATA (WS FORM: F-6) , PAGE 2
STATION: WILMINGTON DE
MONTH: SEPTEMBER
YEAR: 2023
LATITUDE: 39 40 N
LONGITUDE: 75 36 W
[TEMPERATURE DATA] [PRECIPITATION DATA] SYMBOLS USED IN COLUMN 16
AVERAGE MONTHLY: 69.4 TOTAL FOR MONTH: 5.08 1 = FOG OR MIST
DPTR FM NORMAL: 0.5 DPTR FM NORMAL: 0.70 2 = FOG REDUCING VISIBILITY
HIGHEST: 98 ON 6 GRTST 24HR 1.31 ON 23-24 TO 1/4 MILE OR LESS
LOWEST: 49 ON 28,27 3 = THUNDER
SNOW, ICE PELLETS, HAIL 4 = ICE PELLETS
TOTAL MONTH: 0.0 INCH 5 = HAIL
GRTST 24HR 0.0 6 = FREEZING RAIN OR DRIZZLE
GRTST DEPTH: 0 7 = DUSTSTORM OR SANDSTORM:
VSBY 1/2 MILE OR LESS
8 = SMOKE OR HAZE
[NO. OF DAYS WITH] [WEATHER - DAYS WITH] 9 = BLOWING SNOW
X = TORNADO
MAX 32 OR BELOW: 0 0.01 INCH OR MORE: 13
MAX 90 OR ABOVE: 6 0.10 INCH OR MORE: 9
MIN 32 OR BELOW: 0 0.50 INCH OR MORE: 4
MIN 0 OR BELOW: 0 1.00 INCH OR MORE: 1
[HDD (BASE 65) ]
TOTAL THIS MO. 32 CLEAR (SCALE 0-3) 17
DPTR FM NORMAL -6 PTCLDY (SCALE 4-7) 6
TOTAL FM JUL 1 32 CLOUDY (SCALE 8-10) 7
DPTR FM NORMAL -6
[CDD (BASE 65) ]
TOTAL THIS MO. 171
DPTR FM NORMAL 16 [PRESSURE DATA]
TOTAL FM JAN 1 1289 HIGHEST SLP 30.35 ON 27
DPTR FM NORMAL 83 LOWEST SLP 29.75 ON 7
[REMARKS]
#FINAL-09-23#
ADDING MISSING SNOW DEPTH FOR THE 21ST.
STAARMANN