000
CXUS53 KILX 010900
CF6ILX
PRELIMINARY LOCAL CLIMATOLOGICAL DATA (WS FORM: F-6)
STATION: LINCOLN IL
MONTH: APRIL
YEAR: 2022
LATITUDE: 40 9 N
LONGITUDE: 89 20 W
TEMPERATURE IN F: :PCPN: SNOW: WIND :SUNSHINE: SKY :PK WND
================================================================================
1 2 3 4 5 6A 6B 7 8 9 10 11 12 13 14 15 16 17 18
12Z AVG MX 2MIN
DY MAX MIN AVG DEP HDD CDD WTR SNW DPTH SPD SPD DIR MIN PSBL S-S WX SPD DR
================================================================================
1 46 33 40 -7 25 0 T T 0 M M M M M M M M
2 50 31 41 -7 24 0 T 0.0 0 M M M M M M M M
3 59 29 44 -4 21 0 T 0.0 0 M M M M M M M M
4 53 37 45 -3 20 0 0.03 0.0 0 M M M M M M M M
5 56 33 45 -4 20 0 0.15 0.0 0 M M M M M M M M
6 59 44 52 3 13 0 0.47 0.0 0 M M M M M M M M
7 46 38 42 -7 23 0 0.08 0.0 0 M M M M M M M M
8 41 34 38 -12 27 0 0.03 T 0 M M M M M M M M
9 54 31 43 -7 22 0 0.00 0.0 0 M M M M M M M M
10 69 31 50 0 15 0 T T 0 M M M M M M 35 M M
11 66 39 53 2 12 0 0.10 T 0 M M M M M M 35 M M
12 69 36 53 2 12 0 0.00 0.0 0 M M M M M M M M
13 69 36 53 1 12 0 0.38 0.0 0 M M M M M M M M
14 57 33 45 -7 20 0 0.00 0.0 0 M M M M M M M M
15 65 36 51 -1 14 0 T 0.0 0 M M M M M M M M
16 52 35 44 -9 21 0 0.00 0.0 0 M M M M M M M M
17 48 32 40 -13 25 0 0.21 0.0 0 M M M M M M M M
18 47 34 41 -13 24 0 0.01 0.0 0 M M M M M M M M
19 52 30 41 -13 24 0 T 0.0 0 M M M M M M M M
20 56 43 50 -4 15 0 0.47 0.0 0 M M M M M M M M
21 71 51 61 6 4 0 0.01 0.0 0 M M M M M M 1 M M
22 81 53 67 12 0 2 0.04 0.0 0 M M M M M M M M
23 83 63 73 18 0 8 0.00 0.0 0 M M M M M M M M
24 71 58 65 9 0 0 0.27 0.0 0 M M M M M M M M
25 59 36 48 -8 17 0 0.00 0.0 0 M M M M M M M M
26 56 34 45 -11 20 0 0.00 0.0 0 M M M M M M M M
27 71 34 53 -4 12 0 0.00 0.0 0 M M M M M M M M
28 61 45 53 -4 12 0 0.05 0.0 0 M M M M M M M M
29 69 52 61 3 4 0 0.01 0.0 0 M M M M M M M M
30 77 55 66 8 0 1 0.74 T 0 M M M M M M 35 M M
================================================================================
SM 1813 1176 458 11 3.05 T M M M
================================================================================
AV 60.4 39.2 M FASTST M M M MAX(MPH)
MISC ----> M M M M
================================================================================
NOTES:
# LAST OF SEVERAL OCCURRENCES
COLUMN 17 PEAK WIND IN M.P.H.
PRELIMINARY LOCAL CLIMATOLOGICAL DATA (WS FORM: F-6) , PAGE 2
STATION: LINCOLN IL
MONTH: APRIL
YEAR: 2022
LATITUDE: 40 9 N
LONGITUDE: 89 20 W
[TEMPERATURE DATA] [PRECIPITATION DATA] SYMBOLS USED IN COLUMN 16
AVERAGE MONTHLY: 49.8 TOTAL FOR MONTH: 3.05 1 = FOG OR MIST
DPTR FM NORMAL: -2.8 DPTR FM NORMAL: -1.19 2 = FOG REDUCING VISIBILITY
HIGHEST: 83 ON 23 GRTST 24HR 0.74 ON 30-30 TO 1/4 MILE OR LESS
LOWEST: 29 ON 3 3 = THUNDER
SNOW, ICE PELLETS, HAIL 4 = ICE PELLETS
TOTAL MONTH: T 5 = HAIL
GRTST 24HR T ON 1- 1 6 = FREEZING RAIN OR DRIZZLE
GRTST DEPTH: 0 7 = DUSTSTORM OR SANDSTORM:
VSBY 1/2 MILE OR LESS
8 = SMOKE OR HAZE
[NO. OF DAYS WITH] [WEATHER - DAYS WITH] 9 = BLOWING SNOW
X = TORNADO
MAX 32 OR BELOW: 0 0.01 INCH OR MORE: 16
MAX 90 OR ABOVE: 0 0.10 INCH OR MORE: 8
MIN 32 OR BELOW: 6 0.50 INCH OR MORE: 1
MIN 0 OR BELOW: 0 1.00 INCH OR MORE: 0
[HDD (BASE 65) ]
TOTAL THIS MO. 458 CLEAR (SCALE 0-3) 0
DPTR FM NORMAL 75 PTCLDY (SCALE 4-7) 0
TOTAL FM JUL 1 5286 CLOUDY (SCALE 8-10) 30
DPTR FM NORMAL -191
[CDD (BASE 65) ]
TOTAL THIS MO. 11
DPTR FM NORMAL 0 [PRESSURE DATA]
TOTAL FM JAN 1 11 HIGHEST SLP M ON M
DPTR FM NORMAL -2 LOWEST SLP M ON M
[REMARKS]
#FINAL-04-22#