000
CXUS53 KILX 011000
CF6ILX
PRELIMINARY LOCAL CLIMATOLOGICAL DATA (WS FORM: F-6)
STATION: LINCOLN IL
MONTH: FEBRUARY
YEAR: 2022
LATITUDE: 40 9 N
LONGITUDE: 89 20 W
TEMPERATURE IN F: :PCPN: SNOW: WIND :SUNSHINE: SKY :PK WND
================================================================================
1 2 3 4 5 6A 6B 7 8 9 10 11 12 13 14 15 16 17 18
12Z AVG MX 2MIN
DY MAX MIN AVG DEP HDD CDD WTR SNW DPTH SPD SPD DIR MIN PSBL S-S WX SPD DR
================================================================================
1 51 28 40 13 25 0 0.56 0.4 0 M M M M M M 14 M M
2 28 15 22 -5 43 0 0.81 8.3 4 M M M M M M 14 M M
3 18 13 16 -11 49 0 0.15 2.3 9 M M M M M M 1 M M
4 23 7 15 -12 50 0 T T 10 M M M M M M M M
5 17 -3 7 -21 58 0 0.00 0.0 8 M M M M M M M M
6 35 13 24 -4 41 0 0.00 0.0 7 M M M M M M M M
7 25 11 18 -10 47 0 0.00 0.0 6 M M M M M M M M
8 43 14 29 1 36 0 0.00 0.0 5 M M M M M M M M
9 43 30 37 8 28 0 T T 5 M M M M M M M M
10 38 28 33 4 32 0 0.00 0.0 4 M M M M M M M M
11 44 22 33 4 32 0 0.48 T 3 M M M M M M M M
12 22 16 19 -11 46 0 T T 1 M M M M M M M M
13 20 9 15 -15 50 0 0.07 1.5 1 M M M M M M M M
14 33 10 22 -8 43 0 0.00 0.0 3 M M M M M M M M
15 45 19 32 2 33 0 0.00 0.0 2 M M M M M M M M
16 55 40 48 17 17 0 0.20 0.0 T M M M M M M M M
17 54 10 32 1 33 0 0.73 6.8 0 M M M M M M 1269 M M
18 34 -1 17 -15 48 0 0.00 0.0 7 M M M M M M M M
19 33 11 22 -10 43 0 0.00 0.0 5 M M M M M M M M
20 49 19 34 2 31 0 0.00 0.0 5 M M M M M M M M
21 56 31 44 11 21 0 0.00 0.0 1 M M M M M M M M
22 58 21 40 7 25 0 0.17 T 0 M M M M M M 13 M M
23 23 14 19 -14 46 0 T T 0 M M M M M M M M
24 28 22 25 -9 40 0 0.18 1.0 0 M M M M M M 46 M M
25 28 19 24 -10 41 0 T T 1 M M M M M M M M
26 33 8 21 -13 44 0 0.00 0.0 T M M M M M M M M
27 45 20 33 -2 32 0 0.00 0.0 0 M M M M M M M M
28 56 26 41 6 24 0 0.00 0.0 0 M M M M M M M M
================================================================================
SM 1037 472 1058 0 3.35 20.3 M M M
================================================================================
AV 37.0 16.9 M FASTST M M M MAX(MPH)
MISC ----> M M M M
================================================================================
NOTES:
# LAST OF SEVERAL OCCURRENCES
COLUMN 17 PEAK WIND IN M.P.H.
PRELIMINARY LOCAL CLIMATOLOGICAL DATA (WS FORM: F-6) , PAGE 2
STATION: LINCOLN IL
MONTH: FEBRUARY
YEAR: 2022
LATITUDE: 40 9 N
LONGITUDE: 89 20 W
[TEMPERATURE DATA] [PRECIPITATION DATA] SYMBOLS USED IN COLUMN 16
AVERAGE MONTHLY: 26.9 TOTAL FOR MONTH: 3.35 1 = FOG OR MIST
DPTR FM NORMAL: -3.7 DPTR FM NORMAL: 1.43 2 = FOG REDUCING VISIBILITY
HIGHEST: 58 ON 22 GRTST 24HR 0.81 ON 2- 2 TO 1/4 MILE OR LESS
LOWEST: -3 ON 5 3 = THUNDER
SNOW, ICE PELLETS, HAIL 4 = ICE PELLETS
TOTAL MONTH: 20.3 INCHES 5 = HAIL
GRTST 24HR 8.3 ON 2- 2 6 = FREEZING RAIN OR DRIZZLE
GRTST DEPTH: 10 ON 4 7 = DUSTSTORM OR SANDSTORM:
VSBY 1/2 MILE OR LESS
8 = SMOKE OR HAZE
[NO. OF DAYS WITH] [WEATHER - DAYS WITH] 9 = BLOWING SNOW
X = TORNADO
MAX 32 OR BELOW: 10 0.01 INCH OR MORE: 9
MAX 90 OR ABOVE: 0 0.10 INCH OR MORE: 8
MIN 32 OR BELOW: 27 0.50 INCH OR MORE: 3
MIN 0 OR BELOW: 2 1.00 INCH OR MORE: 0
[HDD (BASE 65) ]
TOTAL THIS MO. 1058 CLEAR (SCALE 0-3) 0
DPTR FM NORMAL 94 PTCLDY (SCALE 4-7) 0
TOTAL FM JUL 1 4130 CLOUDY (SCALE 8-10) 28
DPTR FM NORMAL -230
[CDD (BASE 65) ]
TOTAL THIS MO. 0
DPTR FM NORMAL 0 [PRESSURE DATA]
TOTAL FM JAN 1 0 HIGHEST SLP M ON M
DPTR FM NORMAL 0 LOWEST SLP M ON M
[REMARKS]
#FINAL-02-22#