000
CXUS53 KILX 011500
CLMILX
CLIMATE REPORT
NATIONAL WEATHER SERVICE LINCOLN IL
1000 AM CDT FRI SEP 01 2023
...................................
...THE LINCOLN IL CLIMATE SUMMARY FOR THE MONTH OF AUGUST 2023...
CLIMATE NORMAL PERIOD 1991 TO 2020
CLIMATE RECORD PERIOD 1905 TO 2023
WEATHER OBSERVED NORMAL DEPART LAST YEAR`S
VALUE DATE(S) VALUE FROM VALUE
NORMAL
..............................................................
TEMPERATURE (F)
RECORD
HIGH 106 08/09/1934
LOW 36 08/31/1915
HIGHEST 97 08/24 MM MM 90
LOWEST 48 08/31 MM MM 52
AVG. MAXIMUM 82.6 84.0 -1.4 83.3
AVG. MINIMUM 61.4 61.3 0.1 61.7
MEAN 72.0 72.6 -0.6 72.5
DAYS MAX >= 90 5 5.8 -0.8 2
DAYS MAX <= 32 0 0.0 0.0 0
DAYS MIN <= 32 0 0.0 0.0 0
DAYS MIN <= 0 0 0.0 0.0 0
PRECIPITATION (INCHES)
RECORD
MAXIMUM 8.58 2002
MINIMUM 0.31 1943
TOTALS 6.94 3.47 3.47 4.89
DAILY AVG. 0.22 0.11 0.11 0.16
DAYS >= .01 11 8.7 2.3 12
DAYS >= .10 9 5.5 3.5 6
DAYS >= .50 4 2.3 1.7 3
DAYS >= 1.00 1 0.9 0.1 1
GREATEST
24 HR. TOTAL 2.82 08/05 TO 08/05 2.10
SNOWFALL (INCHES)
RECORDS
TOTAL 0.0 MM
TOTALS 0.0 0.0 0.0 0.0
SINCE 7/1 0.0 0.0 0.0 MM
DAYS >= 1.0 0 0.0 0.0 0
GREATEST
SNOW DEPTH 0 0
24 HR TOTAL MM MM
DEGREE DAYS
HEATING TOTAL 5 6 -1 0
SINCE 7/1 5 2 3 MM
COOLING TOTAL 227 243 -16 238
SINCE 1/1 770 879 -109 MM
..............................................................
WIND (MPH)
AVERAGE WIND SPEED MM
HIGHEST WIND SPEED/DIRECTION MM DATE MM
HIGHEST GUST SPEED/DIRECTION MM DATE MM
AVERAGE RH (PERCENT) MM
WEATHER CONDITIONS. NUMBER OF DAYS WITH
THUNDERSTORM 6 MIXED PRECIP 0
HEAVY RAIN 8 RAIN 8
LIGHT RAIN 16 FREEZING RAIN 0
LT FREEZING RAIN 0 HAIL 0
HEAVY SNOW 0 SNOW 0
LIGHT SNOW 0 SLEET 0
FOG 12 FOG W/VIS <= 1/4 MILE 0
HAZE 0
- INDICATES NEGATIVE NUMBERS.
R INDICATES RECORD WAS SET OR TIED.
MM INDICATES DATA IS MISSING.
T INDICATES TRACE AMOUNT.
&&
RECORDS SET DURING AUGUST 2023:
* RECORD DAILY WARM LOW OF 77F ON AUGUST 23RD.
$$
ERWIN