000
CXUS54 KMAF 011823
CF6INK
PRELIMINARY LOCAL CLIMATOLOGICAL DATA (WS FORM: F-6)
STATION: WINK
MONTH: MAY
YEAR: 2021
LATITUDE: 31 46 N
LONGITUDE: 103 12 W
TEMPERATURE IN F: :PCPN: SNOW: WIND :SUNSHINE: SKY :PK WND
================================================================================
1 2 3 4 5 6A 6B 7 8 9 10 11 12 13 14 15 16 17 18
12Z AVG MX 2MIN
DY MAX MIN AVG DEP HDD CDD WTR SNW DPTH SPD SPD DIR MIN PSBL S-S WX SPD DR
================================================================================
1 M M M M M M 0.00 M M 5.9 13 190 M M 0 17 200
2 97 68 83 13 0 18 0.00 M M 17.7 33 250 M M 2 42 270
3 89 57 73 3 0 8 0.00 M M 16.1 41 40 M M 1 8 50 40
4 75 54 65 -6 0 0 0.00 M M 10.7 21 10 M M 3 26 10
5 89 53 71 0 0 6 0.00 M M 13.5 23 120 M M 0 28 160
6 90 61 76 5 0 11 0.00 M M 12.1 23 50 M M 0 29 40
7 96 65 81 9 0 16 T M M 16.2 32 160 M M 0 3 39 150
8 98 62 80 8 0 15 0.00 M M 12.7 32 270 M M 0 41 270
9 92 52 72 0 0 7 0.00 M M 8.9 21 110 M M 0 24 110
10 81 59 70 -3 0 5 0.00 M M 13.4 22 100 M M 2 27 110
11 79 58 69 -4 0 4 0.00 M M 13.9 26 70 M M 3 31 70
12 74 52 63 -11 2 0 0.00 M M 10.9 24 50 M M 7 18 29 60
13 81 54 68 -6 0 3 0.00 M M 12.4 22 160 M M 4 27 160
14 92 61 77 3 0 12 0.00 M M 18.3 31 150 M M 0 3 38 140
15 92 63 78 3 0 13 0.06 M M 11.5 38 230 M M 1 3 45 230
16 95 62 79 4 0 14 0.00 M M 10.7 26 150 M M 1 32 150
17 94 67 81 6 0 16 0.00 M M 10.3 25 150 M M 1 30 150
18 90 57 74 -2 0 9 0.00 M M 10.8 23 270 M M 0 28 250
19 88 61 75 -1 0 10 0.00 M M 10.4 24 130 M M 2 31 130
20 95 62 79 3 0 14 M M M 11.9 23 140 M M 0 31 140
21 95 66 81 4 0 16 0.00 M M 22.4 33 140 M M 0 38 150
22 89 71 80 3 0 15 0.00 M M 21.6 30 110 M M 3 38 120
23 91 68 80 2 0 15 0.00 M M 18.0 33 130 M M 1 41 140
24 91 66 79 1 0 14 0.04 M M 14.6 31 150 M M 1 3 38 340
25 98 68 83 5 0 18 0.00 M M 13.0 28 160 M M 0 32 150
26 99 71 85 6 0 20 0.03 M M 19.6 32 150 M M 0 3 40 170
27 97 71 84 5 0 19 0.00 M M 12.2 24 130 M M 0 30 120
28 97 65 81 2 0 16 0.02 M M 13.9 41 40 M M 1 38 53 20
29 89 59 74 -6 0 9 T M M 11.4 25 120 M M 0 36 150
30 86 67 77 -3 0 12 0.01 M M 18.2 35 140 M M 1 1 41 150
31 76 62 69 -11 0 4 1.58 M M 13.0 25 60 M M 6 123 33 220
================================================================================
SM 2695 1862 2 339 1.74 M 426.2 M 40
================================================================================
AV 89.8 62.1 13.7 FASTST M M 1 MAX(MPH)
MISC ----> # 41 40 53 20
================================================================================
NOTES:
# LAST OF SEVERAL OCCURRENCES
COLUMN 17 PEAK WIND IN M.P.H.
PRELIMINARY LOCAL CLIMATOLOGICAL DATA (WS FORM: F-6) , PAGE 2
STATION: WINK
MONTH: MAY
YEAR: 2021
LATITUDE: 31 46 N
LONGITUDE: 103 12 W
[TEMPERATURE DATA] [PRECIPITATION DATA] SYMBOLS USED IN COLUMN 16
AVERAGE MONTHLY: 76.0 TOTAL FOR MONTH: 1.74 1 = FOG OR MIST
DPTR FM NORMAL: 0.9 DPTR FM NORMAL: 0.34 2 = FOG REDUCING VISIBILITY
HIGHEST: 99 ON 26 GRTST 24HR 1.58 ON 31-31 TO 1/4 MILE OR LESS
LOWEST: 52 ON 12, 9 3 = THUNDER
SNOW, ICE PELLETS, HAIL 4 = ICE PELLETS
TOTAL MONTH: M 5 = HAIL
GRTST 24HR M ON M 6 = FREEZING RAIN OR DRIZZLE
GRTST DEPTH: M ON M 7 = DUSTSTORM OR SANDSTORM:
VSBY 1/2 MILE OR LESS
8 = SMOKE OR HAZE
[NO. OF DAYS WITH] [WEATHER - DAYS WITH] 9 = BLOWING SNOW
X = TORNADO
MAX 32 OR BELOW: 0 0.01 INCH OR MORE: 6
MAX 90 OR ABOVE: 18 0.10 INCH OR MORE: 1
MIN 32 OR BELOW: 0 0.50 INCH OR MORE: 1
MIN 0 OR BELOW: 0 1.00 INCH OR MORE: 1
[HDD (BASE 65) ]
TOTAL THIS MO. 2 CLEAR (SCALE 0-3) 27
DPTR FM NORMAL -11 PTCLDY (SCALE 4-7) 4
TOTAL FM JUL 1 2618 CLOUDY (SCALE 8-10) 0
DPTR FM NORMAL 167
[CDD (BASE 65) ]
TOTAL THIS MO. 339
DPTR FM NORMAL 14 [PRESSURE DATA]
TOTAL FM JAN 1 415 HIGHEST SLP 30.27 ON 12
DPTR FM NORMAL -48 LOWEST SLP 29.40 ON 2
[REMARKS]
#FINAL-05-21#