000
CXUS53 KDLH 010820
CF6INL
PRELIMINARY LOCAL CLIMATOLOGICAL DATA (WS FORM: F-6)
STATION: INTERNATIONAL FALLS
MONTH: JULY
YEAR: 2021
LATITUDE: 48 34 N
LONGITUDE: 93 23 W
TEMPERATURE IN F: :PCPN: SNOW: WIND :SUNSHINE: SKY :PK WND
================================================================================
1 2 3 4 5 6A 6B 7 8 9 10 11 12 13 14 15 16 17 18
12Z AVG MX 2MIN
DY MAX MIN AVG DEP HDD CDD WTR SNW DPTH SPD SPD DIR MIN PSBL S-S WX SPD DR
================================================================================
1 83 55 69 5 0 4 0.00 0.0 0 3.7 12 350 M M 0 18 40
2 89 52 71 7 0 6 0.00 0.0 0 2.5 10 230 M M 0 16 220
3 92 57 75 11 0 10 0.00 0.0 0 4.7 14 220 M M 0 22 210
4 93 67 80 16 0 15 0.09 0.0 0 5.8 17 330 M M 2 13 21 260
5 87 64 76 12 0 11 0.00 0.0 0 9.2 20 290 M M 3 8 27 320
6 68 50 59 -5 6 0 0.00 0.0 0 5.5 14 20 M M 9 8 21 20
7 73 45 59 -5 6 0 0.00 0.0 0 3.7 15 350 M M 4 22 360
8 74 44 59 -6 6 0 0.00 0.0 0 1.9 7 50 M M 3 12 150
9 80 43 62 -3 3 0 0.00 0.0 0 1.8 10 30 M M 1 15 20
10 85 46 66 1 0 1 0.00 0.0 0 1.5 8 320 M M 2 13 320
11 86 54 70 5 0 5 0.00 0.0 0 3.7 12 220 M M 2 20 220
12 85 55 70 5 0 5 0.00 0.0 0 5.3 14 210 M M 1 25 210
13 84 61 73 8 0 8 0.00 0.0 0 7.0 16 330 M M 5 8 24 320
14 80 52 66 1 0 1 0.00 0.0 0 3.3 12 30 M M 2 18 16 30
15 84 45 65 0 0 0 0.00 0.0 0 0.8 10 310 M M 2 18 16 250
16 89 51 70 5 0 5 0.00 0.0 0 3.5 14 210 M M 3 1 27 200
17 90 54 72 7 0 7 0.00 0.0 0 1.3 8 330 M M 1 12 310
18 92 56 74 9 0 9 0.00 0.0 0 2.9 13 230 M M 0 18 21 230
19 82 59 71 6 0 6 0.44 0.0 0 7.9 20 320 M M 4 138 28 290
20 70 60 65 0 0 0 0.00 0.0 0 4.4 13 40 M M 10 8 17 30
21 67 58 63 -2 2 0 0.01 0.0 0 6.5 14 140 M M 5 19 140
22 87 61 74 9 0 9 0.02 0.0 0 8.5 16 110 M M 6 1 25 110
23 92 67 80 15 0 15 0.54 0.0 0 4.8 30 290 M M 4 13 50 280
24 83 62 73 8 0 8 0.00 0.0 0 9.8 25 280 M M 2 3 36 310
25 84 54 69 4 0 4 0.00 0.0 0 8.2 24 300 M M 0 35 300
26 81 49 65 0 0 0 T 0.0 0 3.5 16 30 M M 2 13 24 20
27 83 50 67 2 0 2 0.00 0.0 0 2.6 9 20 M M 1 12 14 30
28 82 58 70 5 0 5 0.10 0.0 0 5.7 17 10 M M 3 138 25 30
29 78 50 64 -1 1 0 0.00 0.0 0 6.8 17 10 M M 6 18 25 330
30 83 45 64 -1 1 0 0.15 0.0 0 5.2 22 340 M M 9 138 33 360
31 79 50 65 0 0 0 0.00 0.0 0 7.1 20 350 M M 2 18 26 350
================================================================================
SM 2565 1674 25 136 1.35 0.0 149.1 M 94
================================================================================
AV 82.7 54.0 4.8 FASTST M M 3 MAX(MPH)
MISC ----> 30 290 50 280
================================================================================
NOTES:
# LAST OF SEVERAL OCCURRENCES
COLUMN 17 PEAK WIND IN M.P.H.
PRELIMINARY LOCAL CLIMATOLOGICAL DATA (WS FORM: F-6) , PAGE 2
STATION: INTERNATIONAL FALLS
MONTH: JULY
YEAR: 2021
LATITUDE: 48 34 N
LONGITUDE: 93 23 W
[TEMPERATURE DATA] [PRECIPITATION DATA] SYMBOLS USED IN COLUMN 16
AVERAGE MONTHLY: 68.4 TOTAL FOR MONTH: 1.35 1 = FOG OR MIST
DPTR FM NORMAL: 3.5 DPTR FM NORMAL: -2.62 2 = FOG REDUCING VISIBILITY
HIGHEST: 93 ON 4 GRTST 24HR 0.54 ON 23-23 TO 1/4 MILE OR LESS
LOWEST: 43 ON 9 3 = THUNDER
SNOW, ICE PELLETS, HAIL 4 = ICE PELLETS
TOTAL MONTH: 0.0 INCH 5 = HAIL
GRTST 24HR 0.0 6 = FREEZING RAIN OR DRIZZLE
GRTST DEPTH: 0 7 = DUSTSTORM OR SANDSTORM:
VSBY 1/2 MILE OR LESS
8 = SMOKE OR HAZE
[NO. OF DAYS WITH] [WEATHER - DAYS WITH] 9 = BLOWING SNOW
X = TORNADO
MAX 32 OR BELOW: 0 0.01 INCH OR MORE: 7
MAX 90 OR ABOVE: 5 0.10 INCH OR MORE: 4
MIN 32 OR BELOW: 0 0.50 INCH OR MORE: 1
MIN 0 OR BELOW: 0 1.00 INCH OR MORE: 0
[HDD (BASE 65) ]
TOTAL THIS MO. 25 CLEAR (SCALE 0-3) 20
DPTR FM NORMAL -50 PTCLDY (SCALE 4-7) 8
TOTAL FM JUL 1 25 CLOUDY (SCALE 8-10) 3
DPTR FM NORMAL -45
[CDD (BASE 65) ]
TOTAL THIS MO. 136
DPTR FM NORMAL 66 [PRESSURE DATA]
TOTAL FM JAN 1 245 HIGHEST SLP 30.22 ON 18
DPTR FM NORMAL 132 LOWEST SLP 29.62 ON 4
[REMARKS]
#FINAL-07-21#