000
CXUS55 KDVN 011000
CF6IOW
PRELIMINARY LOCAL CLIMATOLOGICAL DATA (WS FORM: F-6)
STATION: IOWA CITY IA
MONTH: MARCH
YEAR: 2022
LATITUDE: 41 37 N
LONGITUDE: 91 33 W
TEMPERATURE IN F: :PCPN: SNOW: WIND :SUNSHINE: SKY :PK WND
================================================================================
1 2 3 4 5 6A 6B 7 8 9 10 11 12 13 14 15 16 17 18
12Z AVG MX 2MIN
DY MAX MIN AVG DEP HDD CDD WTR SNW DPTH SPD SPD DIR MIN PSBL S-S WX SPD DR
================================================================================
1 61 32 47 14 18 0 0.00 M M 2.7 12 10 M M 3 15 20
2 65 29 47 14 18 0 0.00 M M 6.8 22 10 M M 1 29 10
3 37 28 33 -1 32 0 T M M 9.9 17 20 M M 4 23 360
4 47 27 37 3 28 0 T M M 10.9 21 120 M M 1 30 120
5 64 39 52 18 13 0 0.17 M M 9.6 35 240 M M 7 3 47 240
6 40 30 35 0 30 0 0.13 M M 15.2 33 260 M M 8 1 46 260
7 32 17 25 -10 40 0 0.10 M M 11.1 23 300 M M 7 1 32 280
8 36 8 22 -14 43 0 0.00 M M 4.4 14 190 M M 0 18 18 180
9 31 22 27 -9 38 0 0.00 M M 10.0 20 320 M M 2 28 340
10 22 17 20 -17 45 0 T M M 7.7 17 350 M M 7 8 27 340
11 29 11 20 -17 45 0 0.00 M M 13.0 30 330 M M 1 40 330
12 24 7 16 -22 49 0 0.00 M M 12.0 20 320 M M 1 26 320
13 54 24 39 1 26 0 0.00 M M 5.9 20 190 M M 2 27 190
14 63 29 46 7 19 0 0.00 M M 5.2 18 200 M M 2 27 210
15 60 34 47 8 18 0 0.00 M M 4.1 10 340 M M 2 16 360
16 70 30 50 10 15 0 0.00 M M 5.3 21 210 M M 0 18 30 200
17 65 41 53 13 12 0 0.00 M M 9.2 22 20 M M 4 30 20
18 47 36 42 1 23 0 0.91 M M 18.0 28 40 M M 10 1 41 40
19 55 33 44 3 21 0 0.01 M M 10.7 23 290 M M 3 30 320
20 70 28 49 7 16 0 0.00 M M 3.1 10 220 M M 0 18 15 230
21 77 48 63 21 2 0 T M M 10.4 24 200 M M 0 35 210
22 55 49 52 10 13 0 0.54 M M 8.6 23 200 M M 10 18 32 200
23 53 37 45 2 20 0 0.06 M M 10.8 21 350 M M 10 18 28 320
24 43 35 39 -4 26 0 0.07 M M 8.3 15 300 M M 10 1 19 310
25 52 35 44 0 21 0 T M M 18.2 36 300 M M 7 55 290
26 39 27 33 -11 32 0 0.00 M M 18.1 29 330 M M 0 44 320
27 39 21 30 -14 35 0 0.00 M M 8.2 17 310 M M 0 25 290
28 44 23 34 -11 31 0 0.00 M M 9.3 15 110 M M 3 24 100
29 47 32 40 -5 25 0 T M M 16.2 25 120 M M 9 38 110
30 54 34 44 -2 21 0 0.42 M M 12.2 26 120 M M 9 138 39 130
31 38 33 36 -10 29 0 0.04 M M 12.7 21 310 M M 10 18 30 300
================================================================================
SM 1513 896 804 0 2.45 M 307.8 M 133
================================================================================
AV 48.8 28.9 9.9 FASTST M M 4 MAX(MPH)
MISC ----> 36 300 55 290
================================================================================
NOTES:
# LAST OF SEVERAL OCCURRENCES
COLUMN 17 PEAK WIND IN M.P.H.
PRELIMINARY LOCAL CLIMATOLOGICAL DATA (WS FORM: F-6) , PAGE 2
STATION: IOWA CITY IA
MONTH: MARCH
YEAR: 2022
LATITUDE: 41 37 N
LONGITUDE: 91 33 W
[TEMPERATURE DATA] [PRECIPITATION DATA] SYMBOLS USED IN COLUMN 16
AVERAGE MONTHLY: 38.9 TOTAL FOR MONTH: 2.45 1 = FOG OR MIST
DPTR FM NORMAL: -0.6 DPTR FM NORMAL: 0.24 2 = FOG REDUCING VISIBILITY
HIGHEST: 77 ON 21 GRTST 24HR 0.92 ON 18-19 TO 1/4 MILE OR LESS
LOWEST: 7 ON 12 3 = THUNDER
SNOW, ICE PELLETS, HAIL 4 = ICE PELLETS
TOTAL MONTH: M 5 = HAIL
GRTST 24HR M ON M 6 = FREEZING RAIN OR DRIZZLE
GRTST DEPTH: M ON M 7 = DUSTSTORM OR SANDSTORM:
VSBY 1/2 MILE OR LESS
8 = SMOKE OR HAZE
[NO. OF DAYS WITH] [WEATHER - DAYS WITH] 9 = BLOWING SNOW
X = TORNADO
MAX 32 OR BELOW: 5 0.01 INCH OR MORE: 10
MAX 90 OR ABOVE: 0 0.10 INCH OR MORE: 6
MIN 32 OR BELOW: 19 0.50 INCH OR MORE: 2
MIN 0 OR BELOW: 0 1.00 INCH OR MORE: 0
[HDD (BASE 65) ]
TOTAL THIS MO. 804 CLEAR (SCALE 0-3) 16
DPTR FM NORMAL 12 PTCLDY (SCALE 4-7) 8
TOTAL FM JUL 1 5410 CLOUDY (SCALE 8-10) 7
DPTR FM NORMAL -128
[CDD (BASE 65) ]
TOTAL THIS MO. 0
DPTR FM NORMAL -2 [PRESSURE DATA]
TOTAL FM JAN 1 0 HIGHEST SLP 30.48 ON 3
DPTR FM NORMAL -2 LOWEST SLP 29.27 ON 30
[REMARKS]
#FINAL-03-22#